74.7.227.62 - - [27/Mar/2026:12:06:29 -0400] "GET /wp-includes/js/tinymce/plugins/wpautoresize/?C=S;O=D HTTP/2.0" 200 1100 "https://wpadmin.srindustries.net.in/wp-includes/js/tinymce/plugins/wpautoresize/?C=S;O=A" "Mozilla/5.0 AppleWebKit/537.36 (KHTML, like Gecko; compatible; GPTBot/1.3; +https://openai.com/gptbot)"
74.7.227.62 - - [27/Mar/2026:12:06:30 -0400] "GET /wp-includes/js/tinymce/plugins/wpautoresize/?C=D;O=D HTTP/2.0" 200 1100 "https://wpadmin.srindustries.net.in/wp-includes/js/tinymce/plugins/wpautoresize/?C=D;O=A" "Mozilla/5.0 AppleWebKit/537.36 (KHTML, like Gecko; compatible; GPTBot/1.3; +https://openai.com/gptbot)"
74.7.227.62 - - [27/Mar/2026:12:06:31 -0400] "GET /wp-includes/js/tinymce/plugins/directionality/?C=D;O=A HTTP/2.0" 200 1104 "https://wpadmin.srindustries.net.in/wp-includes/js/tinymce/plugins/directionality/" "Mozilla/5.0 AppleWebKit/537.36 (KHTML, like Gecko; compatible; GPTBot/1.3; +https://openai.com/gptbot)"
74.7.227.62 - - [27/Mar/2026:12:06:32 -0400] "GET /wp-includes/js/tinymce/plugins/directionality/?C=S;O=A HTTP/2.0" 200 1104 "https://wpadmin.srindustries.net.in/wp-includes/js/tinymce/plugins/directionality/" "Mozilla/5.0 AppleWebKit/537.36 (KHTML, like Gecko; compatible; GPTBot/1.3; +https://openai.com/gptbot)"
74.7.227.62 - - [27/Mar/2026:12:06:33 -0400] "GET /wp-includes/js/tinymce/plugins/directionality/?C=M;O=A HTTP/2.0" 200 1104 "https://wpadmin.srindustries.net.in/wp-includes/js/tinymce/plugins/directionality/" "Mozilla/5.0 AppleWebKit/537.36 (KHTML, like Gecko; compatible; GPTBot/1.3; +https://openai.com/gptbot)"
74.7.227.62 - - [27/Mar/2026:12:06:34 -0400] "GET /wp-includes/js/tinymce/plugins/directionality/?C=N;O=D HTTP/2.0" 200 1104 "https://wpadmin.srindustries.net.in/wp-includes/js/tinymce/plugins/directionality/" "Mozilla/5.0 AppleWebKit/537.36 (KHTML, like Gecko; compatible; GPTBot/1.3; +https://openai.com/gptbot)"
74.7.227.62 - - [27/Mar/2026:12:06:36 -0400] "GET /wp-includes/Requests/src/Proxy/?C=M;O=A HTTP/2.0" 200 710 "https://wpadmin.srindustries.net.in/wp-includes/Requests/src/Proxy/" "Mozilla/5.0 AppleWebKit/537.36 (KHTML, like Gecko; compatible; GPTBot/1.3; +https://openai.com/gptbot)"
74.7.227.62 - - [27/Mar/2026:12:06:37 -0400] "GET /wp-includes/js/tinymce/plugins/directionality/?C=N;O=A HTTP/2.0" 200 1104 "https://wpadmin.srindustries.net.in/wp-includes/js/tinymce/plugins/directionality/?C=D;O=A" "Mozilla/5.0 AppleWebKit/537.36 (KHTML, like Gecko; compatible; GPTBot/1.3; +https://openai.com/gptbot)"
74.7.227.62 - - [27/Mar/2026:12:06:37 -0400] "GET /wp-includes/js/tinymce/plugins/directionality/?C=D;O=D HTTP/2.0" 200 1104 "https://wpadmin.srindustries.net.in/wp-includes/js/tinymce/plugins/directionality/?C=D;O=A" "Mozilla/5.0 AppleWebKit/537.36 (KHTML, like Gecko; compatible; GPTBot/1.3; +https://openai.com/gptbot)"
74.7.227.62 - - [27/Mar/2026:12:06:38 -0400] "GET /wp-includes/js/tinymce/plugins/directionality/?C=S;O=D HTTP/2.0" 200 1104 "https://wpadmin.srindustries.net.in/wp-includes/js/tinymce/plugins/directionality/?C=S;O=A" "Mozilla/5.0 AppleWebKit/537.36 (KHTML, like Gecko; compatible; GPTBot/1.3; +https://openai.com/gptbot)"
74.7.227.62 - - [27/Mar/2026:12:06:39 -0400] "GET /wp-includes/js/tinymce/plugins/directionality/?C=M;O=D HTTP/2.0" 200 1104 "https://wpadmin.srindustries.net.in/wp-includes/js/tinymce/plugins/directionality/?C=M;O=A" "Mozilla/5.0 AppleWebKit/537.36 (KHTML, like Gecko; compatible; GPTBot/1.3; +https://openai.com/gptbot)"
74.7.227.62 - - [27/Mar/2026:12:06:40 -0400] "GET /wp-includes/Requests/src/Proxy/?C=S;O=A HTTP/2.0" 200 710 "https://wpadmin.srindustries.net.in/wp-includes/Requests/src/Proxy/" "Mozilla/5.0 AppleWebKit/537.36 (KHTML, like Gecko; compatible; GPTBot/1.3; +https://openai.com/gptbot)"
74.7.227.62 - - [27/Mar/2026:12:06:41 -0400] "GET /wp-includes/Requests/src/Proxy/?C=N;O=D HTTP/2.0" 200 710 "https://wpadmin.srindustries.net.in/wp-includes/Requests/src/Proxy/" "Mozilla/5.0 AppleWebKit/537.36 (KHTML, like Gecko; compatible; GPTBot/1.3; +https://openai.com/gptbot)"
74.7.227.62 - - [27/Mar/2026:12:06:42 -0400] "GET /wp-includes/Requests/src/Proxy/?C=M;O=D HTTP/2.0" 200 710 "https://wpadmin.srindustries.net.in/wp-includes/Requests/src/Proxy/?C=M;O=A" "Mozilla/5.0 AppleWebKit/537.36 (KHTML, like Gecko; compatible; GPTBot/1.3; +https://openai.com/gptbot)"
74.7.227.62 - - [27/Mar/2026:12:06:43 -0400] "GET /wp-includes/Requests/src/Proxy/?C=D;O=A HTTP/2.0" 200 710 "https://wpadmin.srindustries.net.in/wp-includes/Requests/src/Proxy/" "Mozilla/5.0 AppleWebKit/537.36 (KHTML, like Gecko; compatible; GPTBot/1.3; +https://openai.com/gptbot)"
74.7.227.62 - - [27/Mar/2026:12:06:44 -0400] "GET /wp-includes/Requests/src/Proxy/?C=N;O=A HTTP/2.0" 200 710 "https://wpadmin.srindustries.net.in/wp-includes/Requests/src/Proxy/?C=M;O=A" "Mozilla/5.0 AppleWebKit/537.36 (KHTML, like Gecko; compatible; GPTBot/1.3; +https://openai.com/gptbot)"
74.7.227.62 - - [27/Mar/2026:12:06:45 -0400] "GET /wp-includes/js/tinymce/plugins/wpeditimage/?C=M;O=A HTTP/2.0" 200 1098 "https://wpadmin.srindustries.net.in/wp-includes/js/tinymce/plugins/wpeditimage/" "Mozilla/5.0 AppleWebKit/537.36 (KHTML, like Gecko; compatible; GPTBot/1.3; +https://openai.com/gptbot)"
74.7.227.62 - - [27/Mar/2026:12:06:45 -0400] "GET /wp-includes/js/tinymce/plugins/wpeditimage/?C=S;O=A HTTP/2.0" 200 1098 "https://wpadmin.srindustries.net.in/wp-includes/js/tinymce/plugins/wpeditimage/" "Mozilla/5.0 AppleWebKit/537.36 (KHTML, like Gecko; compatible; GPTBot/1.3; +https://openai.com/gptbot)"
74.7.227.62 - - [27/Mar/2026:12:06:46 -0400] "GET /wp-includes/Requests/src/Proxy/?C=S;O=D HTTP/2.0" 200 710 "https://wpadmin.srindustries.net.in/wp-includes/Requests/src/Proxy/?C=S;O=A" "Mozilla/5.0 AppleWebKit/537.36 (KHTML, like Gecko; compatible; GPTBot/1.3; +https://openai.com/gptbot)"
74.7.227.62 - - [27/Mar/2026:12:06:47 -0400] "GET /wp-includes/js/tinymce/plugins/wpeditimage/?C=N;O=D HTTP/2.0" 200 1098 "https://wpadmin.srindustries.net.in/wp-includes/js/tinymce/plugins/wpeditimage/" "Mozilla/5.0 AppleWebKit/537.36 (KHTML, like Gecko; compatible; GPTBot/1.3; +https://openai.com/gptbot)"
74.7.227.62 - - [27/Mar/2026:12:06:48 -0400] "GET /wp-includes/js/tinymce/plugins/wpeditimage/?C=D;O=A HTTP/2.0" 200 1098 "https://wpadmin.srindustries.net.in/wp-includes/js/tinymce/plugins/wpeditimage/" "Mozilla/5.0 AppleWebKit/537.36 (KHTML, like Gecko; compatible; GPTBot/1.3; +https://openai.com/gptbot)"
74.7.227.62 - - [27/Mar/2026:12:06:49 -0400] "GET /wp-includes/Requests/src/Proxy/?C=D;O=D HTTP/2.0" 200 710 "https://wpadmin.srindustries.net.in/wp-includes/Requests/src/Proxy/?C=D;O=A" "Mozilla/5.0 AppleWebKit/537.36 (KHTML, like Gecko; compatible; GPTBot/1.3; +https://openai.com/gptbot)"
74.7.227.62 - - [27/Mar/2026:12:06:50 -0400] "GET /wp-includes/js/tinymce/plugins/wpeditimage/?C=M;O=D HTTP/2.0" 200 1098 "https://wpadmin.srindustries.net.in/wp-includes/js/tinymce/plugins/wpeditimage/?C=M;O=A" "Mozilla/5.0 AppleWebKit/537.36 (KHTML, like Gecko; compatible; GPTBot/1.3; +https://openai.com/gptbot)"
74.7.227.62 - - [27/Mar/2026:12:06:51 -0400] "GET /wp-includes/js/tinymce/plugins/wpeditimage/?C=N;O=A HTTP/2.0" 200 1098 "https://wpadmin.srindustries.net.in/wp-includes/js/tinymce/plugins/wpeditimage/?C=M;O=A" "Mozilla/5.0 AppleWebKit/537.36 (KHTML, like Gecko; compatible; GPTBot/1.3; +https://openai.com/gptbot)"
74.7.227.62 - - [27/Mar/2026:12:06:52 -0400] "GET /wp-includes/js/tinymce/plugins/wpeditimage/?C=S;O=D HTTP/2.0" 200 1098 "https://wpadmin.srindustries.net.in/wp-includes/js/tinymce/plugins/wpeditimage/?C=S;O=A" "Mozilla/5.0 AppleWebKit/537.36 (KHTML, like Gecko; compatible; GPTBot/1.3; +https://openai.com/gptbot)"
74.7.227.62 - - [27/Mar/2026:12:06:54 -0400] "GET /wp-includes/js/thickbox/thickbox.css HTTP/2.0" 200 2668 "https://wpadmin.srindustries.net.in/wp-includes/js/thickbox/" "Mozilla/5.0 AppleWebKit/537.36 (KHTML, like Gecko; compatible; GPTBot/1.3; +https://openai.com/gptbot)"
74.7.227.62 - - [27/Mar/2026:12:06:54 -0400] "GET /wp-includes/js/tinymce/plugins/wpeditimage/?C=D;O=D HTTP/2.0" 200 1098 "https://wpadmin.srindustries.net.in/wp-includes/js/tinymce/plugins/wpeditimage/?C=D;O=A" "Mozilla/5.0 AppleWebKit/537.36 (KHTML, like Gecko; compatible; GPTBot/1.3; +https://openai.com/gptbot)"
74.7.227.62 - - [27/Mar/2026:12:06:56 -0400] "GET /wp-includes/SimplePie/src/Parse/?C=S;O=A HTTP/2.0" 200 889 "https://wpadmin.srindustries.net.in/wp-includes/SimplePie/src/Parse/" "Mozilla/5.0 AppleWebKit/537.36 (KHTML, like Gecko; compatible; GPTBot/1.3; +https://openai.com/gptbot)"
74.7.227.62 - - [27/Mar/2026:12:06:58 -0400] "GET /wp-includes/js/dist/script-modules/block-library/?C=N;O=D HTTP/2.0" 200 1982 "https://wpadmin.srindustries.net.in/wp-includes/js/dist/script-modules/block-library/" "Mozilla/5.0 AppleWebKit/537.36 (KHTML, like Gecko; compatible; GPTBot/1.3; +https://openai.com/gptbot)"
74.7.227.62 - - [27/Mar/2026:12:06:59 -0400] "GET /wp-includes/js/dist/script-modules/block-library/?C=M;O=A HTTP/2.0" 200 1982 "https://wpadmin.srindustries.net.in/wp-includes/js/dist/script-modules/block-library/" "Mozilla/5.0 AppleWebKit/537.36 (KHTML, like Gecko; compatible; GPTBot/1.3; +https://openai.com/gptbot)"
74.7.227.62 - - [27/Mar/2026:12:07:00 -0400] "GET /wp-includes/js/dist/script-modules/block-library/?C=D;O=A HTTP/2.0" 200 1982 "https://wpadmin.srindustries.net.in/wp-includes/js/dist/script-modules/block-library/" "Mozilla/5.0 AppleWebKit/537.36 (KHTML, like Gecko; compatible; GPTBot/1.3; +https://openai.com/gptbot)"
74.7.227.62 - - [27/Mar/2026:12:07:01 -0400] "GET /wp-includes/js/dist/script-modules/block-library/?C=S;O=A HTTP/2.0" 200 1982 "https://wpadmin.srindustries.net.in/wp-includes/js/dist/script-modules/block-library/" "Mozilla/5.0 AppleWebKit/537.36 (KHTML, like Gecko; compatible; GPTBot/1.3; +https://openai.com/gptbot)"
74.7.227.62 - - [27/Mar/2026:12:07:02 -0400] "GET /wp-includes/SimplePie/src/Parse/?C=S;O=D HTTP/2.0" 200 889 "https://wpadmin.srindustries.net.in/wp-includes/SimplePie/src/Parse/?C=S;O=A" "Mozilla/5.0 AppleWebKit/537.36 (KHTML, like Gecko; compatible; GPTBot/1.3; +https://openai.com/gptbot)"
74.7.227.62 - - [27/Mar/2026:12:07:04 -0400] "GET /wp-includes/js/dist/script-modules/block-library/?C=N;O=A HTTP/2.0" 200 1982 "https://wpadmin.srindustries.net.in/wp-includes/js/dist/script-modules/block-library/?C=N;O=D" "Mozilla/5.0 AppleWebKit/537.36 (KHTML, like Gecko; compatible; GPTBot/1.3; +https://openai.com/gptbot)"
74.7.227.62 - - [27/Mar/2026:12:07:05 -0400] "GET /wp-includes/js/dist/script-modules/block-library/?C=M;O=D HTTP/2.0" 200 1982 "https://wpadmin.srindustries.net.in/wp-includes/js/dist/script-modules/block-library/?C=M;O=A" "Mozilla/5.0 AppleWebKit/537.36 (KHTML, like Gecko; compatible; GPTBot/1.3; +https://openai.com/gptbot)"
74.7.227.62 - - [27/Mar/2026:12:07:06 -0400] "GET /wp-includes/js/dist/script-modules/block-library/?C=D;O=D HTTP/2.0" 200 1982 "https://wpadmin.srindustries.net.in/wp-includes/js/dist/script-modules/block-library/?C=D;O=A" "Mozilla/5.0 AppleWebKit/537.36 (KHTML, like Gecko; compatible; GPTBot/1.3; +https://openai.com/gptbot)"
74.7.227.62 - - [27/Mar/2026:12:07:07 -0400] "GET /wp-includes/js/dist/script-modules/block-library/?C=S;O=D HTTP/2.0" 200 1982 "https://wpadmin.srindustries.net.in/wp-includes/js/dist/script-modules/block-library/?C=S;O=A" "Mozilla/5.0 AppleWebKit/537.36 (KHTML, like Gecko; compatible; GPTBot/1.3; +https://openai.com/gptbot)"
74.7.227.62 - - [27/Mar/2026:12:07:08 -0400] "GET /wp-includes/Requests/src/Exception/Transport/?C=S;O=A HTTP/2.0" 200 924 "https://wpadmin.srindustries.net.in/wp-includes/Requests/src/Exception/Transport/" "Mozilla/5.0 AppleWebKit/537.36 (KHTML, like Gecko; compatible; GPTBot/1.3; +https://openai.com/gptbot)"
74.7.227.62 - - [27/Mar/2026:12:07:09 -0400] "GET /wp-includes/Requests/src/Exception/Transport/?C=M;O=A HTTP/2.0" 200 924 "https://wpadmin.srindustries.net.in/wp-includes/Requests/src/Exception/Transport/" "Mozilla/5.0 AppleWebKit/537.36 (KHTML, like Gecko; compatible; GPTBot/1.3; +https://openai.com/gptbot)"
74.7.227.62 - - [27/Mar/2026:12:07:10 -0400] "GET /wp-includes/Requests/src/Exception/Transport/?C=N;O=D HTTP/2.0" 200 924 "https://wpadmin.srindustries.net.in/wp-includes/Requests/src/Exception/Transport/" "Mozilla/5.0 AppleWebKit/537.36 (KHTML, like Gecko; compatible; GPTBot/1.3; +https://openai.com/gptbot)"
74.7.227.62 - - [27/Mar/2026:12:07:10 -0400] "GET /wp-includes/Requests/src/Exception/Transport/?C=D;O=A HTTP/2.0" 200 924 "https://wpadmin.srindustries.net.in/wp-includes/Requests/src/Exception/Transport/" "Mozilla/5.0 AppleWebKit/537.36 (KHTML, like Gecko; compatible; GPTBot/1.3; +https://openai.com/gptbot)"
74.7.227.62 - - [27/Mar/2026:12:07:15 -0400] "GET /wp-includes/js/tinymce/plugins/textcolor/?C=S;O=A HTTP/2.0" 200 1094 "https://wpadmin.srindustries.net.in/wp-includes/js/tinymce/plugins/textcolor/" "Mozilla/5.0 AppleWebKit/537.36 (KHTML, like Gecko; compatible; GPTBot/1.3; +https://openai.com/gptbot)"
74.7.227.62 - - [27/Mar/2026:12:07:16 -0400] "GET /wp-includes/js/tinymce/plugins/textcolor/?C=M;O=A HTTP/2.0" 200 1094 "https://wpadmin.srindustries.net.in/wp-includes/js/tinymce/plugins/textcolor/" "Mozilla/5.0 AppleWebKit/537.36 (KHTML, like Gecko; compatible; GPTBot/1.3; +https://openai.com/gptbot)"
74.7.227.62 - - [27/Mar/2026:12:07:17 -0400] "GET /wp-includes/Requests/src/Exception/Transport/Curl.php HTTP/2.0" 500 0 "https://wpadmin.srindustries.net.in/wp-includes/Requests/src/Exception/Transport/?C=S;O=A" "Mozilla/5.0 AppleWebKit/537.36 (KHTML, like Gecko; compatible; GPTBot/1.3; +https://openai.com/gptbot)"
74.7.227.62 - - [27/Mar/2026:12:07:21 -0400] "GET /wp-includes/Requests/src/Exception/Transport/?C=S;O=D HTTP/2.0" 200 924 "https://wpadmin.srindustries.net.in/wp-includes/Requests/src/Exception/Transport/?C=S;O=A" "Mozilla/5.0 AppleWebKit/537.36 (KHTML, like Gecko; compatible; GPTBot/1.3; +https://openai.com/gptbot)"
74.7.227.62 - - [27/Mar/2026:12:07:24 -0400] "GET /wp-includes/Requests/src/Exception/Transport/?C=M;O=D HTTP/2.0" 200 924 "https://wpadmin.srindustries.net.in/wp-includes/Requests/src/Exception/Transport/?C=M;O=A" "Mozilla/5.0 AppleWebKit/537.36 (KHTML, like Gecko; compatible; GPTBot/1.3; +https://openai.com/gptbot)"
74.7.227.62 - - [27/Mar/2026:12:07:27 -0400] "GET /wp-includes/Requests/src/Exception/Transport/?C=N;O=A HTTP/2.0" 200 924 "https://wpadmin.srindustries.net.in/wp-includes/Requests/src/Exception/Transport/?C=S;O=A" "Mozilla/5.0 AppleWebKit/537.36 (KHTML, like Gecko; compatible; GPTBot/1.3; +https://openai.com/gptbot)"
74.7.227.62 - - [27/Mar/2026:12:07:29 -0400] "GET /wp-includes/js/tinymce/plugins/textcolor/?C=N;O=D HTTP/2.0" 200 1094 "https://wpadmin.srindustries.net.in/wp-includes/js/tinymce/plugins/textcolor/" "Mozilla/5.0 AppleWebKit/537.36 (KHTML, like Gecko; compatible; GPTBot/1.3; +https://openai.com/gptbot)"
74.7.227.62 - - [27/Mar/2026:12:07:34 -0400] "GET /wp-includes/js/tinymce/plugins/textcolor/?C=D;O=A HTTP/2.0" 200 1094 "https://wpadmin.srindustries.net.in/wp-includes/js/tinymce/plugins/textcolor/" "Mozilla/5.0 AppleWebKit/537.36 (KHTML, like Gecko; compatible; GPTBot/1.3; +https://openai.com/gptbot)"
74.7.227.62 - - [27/Mar/2026:12:07:36 -0400] "GET /wp-includes/js/tinymce/plugins/textcolor/?C=S;O=D HTTP/2.0" 200 1094 "https://wpadmin.srindustries.net.in/wp-includes/js/tinymce/plugins/textcolor/?C=S;O=A" "Mozilla/5.0 AppleWebKit/537.36 (KHTML, like Gecko; compatible; GPTBot/1.3; +https://openai.com/gptbot)"
74.7.227.62 - - [27/Mar/2026:12:07:37 -0400] "GET /wp-includes/js/tinymce/plugins/textcolor/?C=N;O=A HTTP/2.0" 200 1094 "https://wpadmin.srindustries.net.in/wp-includes/js/tinymce/plugins/textcolor/?C=S;O=A" "Mozilla/5.0 AppleWebKit/537.36 (KHTML, like Gecko; compatible; GPTBot/1.3; +https://openai.com/gptbot)"
74.7.227.62 - - [27/Mar/2026:12:07:38 -0400] "GET /wp-includes/js/tinymce/plugins/textcolor/?C=M;O=D HTTP/2.0" 200 1094 "https://wpadmin.srindustries.net.in/wp-includes/js/tinymce/plugins/textcolor/?C=M;O=A" "Mozilla/5.0 AppleWebKit/537.36 (KHTML, like Gecko; compatible; GPTBot/1.3; +https://openai.com/gptbot)"
74.7.227.62 - - [27/Mar/2026:12:07:42 -0400] "GET /wp-includes/Requests/src/Exception/Transport/?C=D;O=D HTTP/2.0" 200 924 "https://wpadmin.srindustries.net.in/wp-includes/Requests/src/Exception/Transport/?C=D;O=A" "Mozilla/5.0 AppleWebKit/537.36 (KHTML, like Gecko; compatible; GPTBot/1.3; +https://openai.com/gptbot)"
74.7.227.62 - - [27/Mar/2026:12:07:44 -0400] "GET /wp-includes/js/tinymce/plugins/textcolor/?C=D;O=D HTTP/2.0" 200 1094 "https://wpadmin.srindustries.net.in/wp-includes/js/tinymce/plugins/textcolor/?C=D;O=A" "Mozilla/5.0 AppleWebKit/537.36 (KHTML, like Gecko; compatible; GPTBot/1.3; +https://openai.com/gptbot)"
74.7.227.62 - - [27/Mar/2026:12:07:48 -0400] "GET /wp-includes/SimplePie/src/Content/?C=D;O=A HTTP/2.0" 200 890 "https://wpadmin.srindustries.net.in/wp-includes/SimplePie/src/Content/" "Mozilla/5.0 AppleWebKit/537.36 (KHTML, like Gecko; compatible; GPTBot/1.3; +https://openai.com/gptbot)"
74.7.227.62 - - [27/Mar/2026:12:07:50 -0400] "GET /wp-includes/SimplePie/src/Content/?C=M;O=A HTTP/2.0" 200 890 "https://wpadmin.srindustries.net.in/wp-includes/SimplePie/src/Content/" "Mozilla/5.0 AppleWebKit/537.36 (KHTML, like Gecko; compatible; GPTBot/1.3; +https://openai.com/gptbot)"
74.7.227.62 - - [27/Mar/2026:12:07:50 -0400] "GET /wp-includes/SimplePie/src/Content/?C=N;O=A HTTP/2.0" 200 890 "https://wpadmin.srindustries.net.in/wp-includes/SimplePie/src/Content/?C=S;O=A" "Mozilla/5.0 AppleWebKit/537.36 (KHTML, like Gecko; compatible; GPTBot/1.3; +https://openai.com/gptbot)"
74.7.227.62 - - [27/Mar/2026:12:07:52 -0400] "GET /wp-includes/SimplePie/src/Content/?C=N;O=D HTTP/2.0" 200 890 "https://wpadmin.srindustries.net.in/wp-includes/SimplePie/src/Content/" "Mozilla/5.0 AppleWebKit/537.36 (KHTML, like Gecko; compatible; GPTBot/1.3; +https://openai.com/gptbot)"
74.7.227.62 - - [27/Mar/2026:12:07:53 -0400] "GET /wp-includes/SimplePie/src/Content/?C=D;O=D HTTP/2.0" 200 890 "https://wpadmin.srindustries.net.in/wp-includes/SimplePie/src/Content/?C=D;O=A" "Mozilla/5.0 AppleWebKit/537.36 (KHTML, like Gecko; compatible; GPTBot/1.3; +https://openai.com/gptbot)"
74.7.227.62 - - [27/Mar/2026:12:07:56 -0400] "GET /wp-includes/SimplePie/src/Content/?C=M;O=D HTTP/2.0" 200 890 "https://wpadmin.srindustries.net.in/wp-includes/SimplePie/src/Content/?C=M;O=A" "Mozilla/5.0 AppleWebKit/537.36 (KHTML, like Gecko; compatible; GPTBot/1.3; +https://openai.com/gptbot)"
74.7.227.62 - - [27/Mar/2026:12:07:57 -0400] "GET /wp-includes/sodium_compat/src/Core32/?C=M;O=A HTTP/2.0" 200 4129 "https://wpadmin.srindustries.net.in/wp-includes/sodium_compat/src/Core32/" "Mozilla/5.0 AppleWebKit/537.36 (KHTML, like Gecko; compatible; GPTBot/1.3; +https://openai.com/gptbot)"
74.7.227.62 - - [27/Mar/2026:12:07:58 -0400] "GET /wp-includes/sodium_compat/src/Core32/?C=D;O=A HTTP/2.0" 200 4129 "https://wpadmin.srindustries.net.in/wp-includes/sodium_compat/src/Core32/" "Mozilla/5.0 AppleWebKit/537.36 (KHTML, like Gecko; compatible; GPTBot/1.3; +https://openai.com/gptbot)"
74.7.227.62 - - [27/Mar/2026:12:07:58 -0400] "GET /wp-includes/sodium_compat/src/Core32/?C=S;O=A HTTP/2.0" 200 4129 "https://wpadmin.srindustries.net.in/wp-includes/sodium_compat/src/Core32/" "Mozilla/5.0 AppleWebKit/537.36 (KHTML, like Gecko; compatible; GPTBot/1.3; +https://openai.com/gptbot)"
74.7.227.62 - - [27/Mar/2026:12:07:59 -0400] "GET /wp-includes/sodium_compat/src/Core32/?C=N;O=D HTTP/2.0" 200 4129 "https://wpadmin.srindustries.net.in/wp-includes/sodium_compat/src/Core32/" "Mozilla/5.0 AppleWebKit/537.36 (KHTML, like Gecko; compatible; GPTBot/1.3; +https://openai.com/gptbot)"
74.7.244.10 - - [27/Mar/2026:12:13:00 -0400] "GET /robots.txt HTTP/2.0" 404 355 "-" "Mozilla/5.0 (Macintosh; Intel Mac OS X 10_15_7) AppleWebKit/537.36 (KHTML, like Gecko) Chrome/131.0.0.0 Safari/537.36; compatible; OAI-SearchBot/1.3; robots.txt; +https://openai.com/searchbot"
74.7.244.10 - - [27/Mar/2026:12:22:57 -0400] "GET /robots.txt HTTP/2.0" 404 355 "-" "Mozilla/5.0 (Macintosh; Intel Mac OS X 10_15_7) AppleWebKit/537.36 (KHTML, like Gecko) Chrome/131.0.0.0 Safari/537.36; compatible; OAI-SearchBot/1.3; robots.txt; +https://openai.com/searchbot"
74.7.244.10 - - [27/Mar/2026:12:28:55 -0400] "GET /robots.txt HTTP/2.0" 404 355 "-" "Mozilla/5.0 (Macintosh; Intel Mac OS X 10_15_7) AppleWebKit/537.36 (KHTML, like Gecko) Chrome/131.0.0.0 Safari/537.36; compatible; OAI-SearchBot/1.3; robots.txt; +https://openai.com/searchbot"
40.77.179.218 - - [27/Mar/2026:12:33:19 -0400] "GET /wp-json/wp/v2/work_category HTTP/2.0" 404 355 "-" "Mozilla/5.0 AppleWebKit/537.36 (KHTML, like Gecko; compatible; bingbot/2.0; +http://www.bing.com/bingbot.htm) Chrome/100.0.4896.127 Safari/537.36"
40.77.179.206 - - [27/Mar/2026:12:33:19 -0400] "GET /graphql HTTP/2.0" 404 355 "-" "Mozilla/5.0 AppleWebKit/537.36 (KHTML, like Gecko; compatible; bingbot/2.0; +http://www.bing.com/bingbot.htm) Chrome/100.0.4896.127 Safari/537.36"
65.55.210.54 - - [27/Mar/2026:12:33:20 -0400] "POST /graphql HTTP/2.0" 404 355 "-" "Mozilla/5.0 AppleWebKit/537.36 (KHTML, like Gecko; compatible; bingbot/2.0; +http://www.bing.com/bingbot.htm) Chrome/100.0.4896.127 Safari/537.36"
74.7.244.10 - - [27/Mar/2026:12:36:56 -0400] "GET /robots.txt HTTP/2.0" 404 355 "-" "Mozilla/5.0 (Macintosh; Intel Mac OS X 10_15_7) AppleWebKit/537.36 (KHTML, like Gecko) Chrome/131.0.0.0 Safari/537.36; compatible; OAI-SearchBot/1.3; robots.txt; +https://openai.com/searchbot"
74.7.227.62 - - [27/Mar/2026:12:37:58 -0400] "GET /wp-includes/sodium_compat/src/Core32/?C=M;O=D HTTP/2.0" 200 4129 "https://wpadmin.srindustries.net.in/wp-includes/sodium_compat/src/Core32/?C=M;O=A" "Mozilla/5.0 AppleWebKit/537.36 (KHTML, like Gecko; compatible; GPTBot/1.3; +https://openai.com/gptbot)"
74.7.227.62 - - [27/Mar/2026:12:38:00 -0400] "GET /wp-includes/sodium_compat/src/Core32/?C=S;O=D HTTP/2.0" 200 4129 "https://wpadmin.srindustries.net.in/wp-includes/sodium_compat/src/Core32/?C=S;O=A" "Mozilla/5.0 AppleWebKit/537.36 (KHTML, like Gecko; compatible; GPTBot/1.3; +https://openai.com/gptbot)"
74.7.227.62 - - [27/Mar/2026:12:38:03 -0400] "GET /wp-includes/sodium_compat/src/Core32/?C=N;O=A HTTP/2.0" 200 4129 "https://wpadmin.srindustries.net.in/wp-includes/sodium_compat/src/Core32/?C=M;O=A" "Mozilla/5.0 AppleWebKit/537.36 (KHTML, like Gecko; compatible; GPTBot/1.3; +https://openai.com/gptbot)"
74.7.227.62 - - [27/Mar/2026:12:38:09 -0400] "GET /wp-includes/SimplePie/src/Cache/?C=S;O=A HTTP/2.0" 200 2679 "https://wpadmin.srindustries.net.in/wp-includes/SimplePie/src/Cache/" "Mozilla/5.0 AppleWebKit/537.36 (KHTML, like Gecko; compatible; GPTBot/1.3; +https://openai.com/gptbot)"
74.7.227.62 - - [27/Mar/2026:12:38:14 -0400] "GET /wp-includes/js/dist/development/?C=D;O=A HTTP/2.0" 200 1094 "https://wpadmin.srindustries.net.in/wp-includes/js/dist/development/" "Mozilla/5.0 AppleWebKit/537.36 (KHTML, like Gecko; compatible; GPTBot/1.3; +https://openai.com/gptbot)"
74.7.227.62 - - [27/Mar/2026:12:38:16 -0400] "GET /wp-includes/js/dist/development/?C=S;O=A HTTP/2.0" 200 1094 "https://wpadmin.srindustries.net.in/wp-includes/js/dist/development/" "Mozilla/5.0 AppleWebKit/537.36 (KHTML, like Gecko; compatible; GPTBot/1.3; +https://openai.com/gptbot)"
74.7.227.62 - - [27/Mar/2026:12:38:18 -0400] "GET /wp-includes/SimplePie/src/Parse/?C=N;O=A HTTP/2.0" 200 889 "https://wpadmin.srindustries.net.in/wp-includes/SimplePie/src/Parse/?C=S;O=A" "Mozilla/5.0 AppleWebKit/537.36 (KHTML, like Gecko; compatible; GPTBot/1.3; +https://openai.com/gptbot)"
74.7.227.62 - - [27/Mar/2026:12:38:21 -0400] "GET /wp-includes/Requests/src/Cookie/?C=D;O=A HTTP/2.0" 200 712 "https://wpadmin.srindustries.net.in/wp-includes/Requests/src/Cookie/" "Mozilla/5.0 AppleWebKit/537.36 (KHTML, like Gecko; compatible; GPTBot/1.3; +https://openai.com/gptbot)"
74.7.227.62 - - [27/Mar/2026:12:38:23 -0400] "GET /wp-includes/SimplePie/src/Cache/Psr16.php HTTP/2.0" 500 0 "https://wpadmin.srindustries.net.in/wp-includes/SimplePie/src/Cache/?C=S;O=A" "Mozilla/5.0 AppleWebKit/537.36 (KHTML, like Gecko; compatible; GPTBot/1.3; +https://openai.com/gptbot)"
74.7.227.62 - - [27/Mar/2026:12:38:24 -0400] "GET /wp-includes/SimplePie/src/Cache/MySQL.php HTTP/2.0" 500 0 "https://wpadmin.srindustries.net.in/wp-includes/SimplePie/src/Cache/?C=S;O=A" "Mozilla/5.0 AppleWebKit/537.36 (KHTML, like Gecko; compatible; GPTBot/1.3; +https://openai.com/gptbot)"
74.7.227.62 - - [27/Mar/2026:12:38:26 -0400] "GET /wp-includes/SimplePie/src/Cache/Redis.php HTTP/2.0" 500 0 "https://wpadmin.srindustries.net.in/wp-includes/SimplePie/src/Cache/?C=S;O=A" "Mozilla/5.0 AppleWebKit/537.36 (KHTML, like Gecko; compatible; GPTBot/1.3; +https://openai.com/gptbot)"
74.7.227.62 - - [27/Mar/2026:12:38:32 -0400] "GET /wp-includes/SimplePie/src/Cache/File.php HTTP/2.0" 500 0 "https://wpadmin.srindustries.net.in/wp-includes/SimplePie/src/Cache/?C=S;O=A" "Mozilla/5.0 AppleWebKit/537.36 (KHTML, like Gecko; compatible; GPTBot/1.3; +https://openai.com/gptbot)"
74.7.227.62 - - [27/Mar/2026:12:38:50 -0400] "GET /wp-includes/SimplePie/src/Cache/DB.php HTTP/2.0" 500 0 "https://wpadmin.srindustries.net.in/wp-includes/SimplePie/src/Cache/?C=S;O=A" "Mozilla/5.0 AppleWebKit/537.36 (KHTML, like Gecko; compatible; GPTBot/1.3; +https://openai.com/gptbot)"
74.7.227.62 - - [27/Mar/2026:12:39:43 -0400] "GET /wp-includes/SimplePie/src/Cache/Memcached.php HTTP/2.0" 500 0 "https://wpadmin.srindustries.net.in/wp-includes/SimplePie/src/Cache/?C=S;O=A" "Mozilla/5.0 AppleWebKit/537.36 (KHTML, like Gecko; compatible; GPTBot/1.3; +https://openai.com/gptbot)"
74.7.227.62 - - [27/Mar/2026:12:40:45 -0400] "GET /wp-includes/SimplePie/src/Cache/BaseDataCache.php HTTP/2.0" 500 0 "https://wpadmin.srindustries.net.in/wp-includes/SimplePie/src/Cache/?C=S;O=A" "Mozilla/5.0 AppleWebKit/537.36 (KHTML, like Gecko; compatible; GPTBot/1.3; +https://openai.com/gptbot)"
74.7.227.62 - - [27/Mar/2026:12:41:51 -0400] "GET /wp-includes/SimplePie/src/Cache/Memcache.php HTTP/2.0" 500 0 "https://wpadmin.srindustries.net.in/wp-includes/SimplePie/src/Cache/?C=S;O=A" "Mozilla/5.0 AppleWebKit/537.36 (KHTML, like Gecko; compatible; GPTBot/1.3; +https://openai.com/gptbot)"
74.7.227.62 - - [27/Mar/2026:12:42:54 -0400] "GET /wp-includes/js/dist/development/?C=D;O=D HTTP/2.0" 200 1094 "https://wpadmin.srindustries.net.in/wp-includes/js/dist/development/?C=D;O=A" "Mozilla/5.0 AppleWebKit/537.36 (KHTML, like Gecko; compatible; GPTBot/1.3; +https://openai.com/gptbot)"
74.7.227.62 - - [27/Mar/2026:12:43:56 -0400] "GET /wp-includes/Requests/src/Cookie/?C=D;O=D HTTP/2.0" 200 712 "https://wpadmin.srindustries.net.in/wp-includes/Requests/src/Cookie/?C=D;O=A" "Mozilla/5.0 AppleWebKit/537.36 (KHTML, like Gecko; compatible; GPTBot/1.3; +https://openai.com/gptbot)"
74.7.227.62 - - [27/Mar/2026:12:45:47 -0400] "GET /wp-includes/js/dist/development/?C=N;O=A HTTP/2.0" 200 1094 "https://wpadmin.srindustries.net.in/wp-includes/js/dist/development/?C=D;O=A" "Mozilla/5.0 AppleWebKit/537.36 (KHTML, like Gecko; compatible; GPTBot/1.3; +https://openai.com/gptbot)"
74.7.244.10 - - [27/Mar/2026:12:45:47 -0400] "GET /robots.txt HTTP/2.0" 404 355 "-" "Mozilla/5.0 (Macintosh; Intel Mac OS X 10_15_7) AppleWebKit/537.36 (KHTML, like Gecko) Chrome/131.0.0.0 Safari/537.36; compatible; OAI-SearchBot/1.3; robots.txt; +https://openai.com/searchbot"
74.7.227.62 - - [27/Mar/2026:12:47:51 -0400] "GET /wp-includes/js/dist/development/?C=S;O=D HTTP/2.0" 200 1094 "https://wpadmin.srindustries.net.in/wp-includes/js/dist/development/?C=S;O=A" "Mozilla/5.0 AppleWebKit/537.36 (KHTML, like Gecko; compatible; GPTBot/1.3; +https://openai.com/gptbot)"
74.7.227.62 - - [27/Mar/2026:12:48:23 -0400] "GET /wp-includes/Requests/src/Cookie/?C=N;O=A HTTP/2.0" 200 712 "https://wpadmin.srindustries.net.in/wp-includes/Requests/src/Cookie/?C=D;O=A" "Mozilla/5.0 AppleWebKit/537.36 (KHTML, like Gecko; compatible; GPTBot/1.3; +https://openai.com/gptbot)"
74.7.227.62 - - [27/Mar/2026:12:48:53 -0400] "GET /wp-includes/Requests/src/Cookie/?C=M;O=A HTTP/2.0" 200 712 "https://wpadmin.srindustries.net.in/wp-includes/Requests/src/Cookie/" "Mozilla/5.0 AppleWebKit/537.36 (KHTML, like Gecko; compatible; GPTBot/1.3; +https://openai.com/gptbot)"
74.7.227.62 - - [27/Mar/2026:12:49:20 -0400] "GET /wp-includes/SimplePie/src/Parse/?C=M;O=A HTTP/2.0" 200 889 "https://wpadmin.srindustries.net.in/wp-includes/SimplePie/src/Parse/" "Mozilla/5.0 AppleWebKit/537.36 (KHTML, like Gecko; compatible; GPTBot/1.3; +https://openai.com/gptbot)"
74.7.227.62 - - [27/Mar/2026:12:50:45 -0400] "GET /wp-includes/js/dist/development/?C=N;O=D HTTP/2.0" 200 1094 "https://wpadmin.srindustries.net.in/wp-includes/js/dist/development/" "Mozilla/5.0 AppleWebKit/537.36 (KHTML, like Gecko; compatible; GPTBot/1.3; +https://openai.com/gptbot)"
74.7.244.10 - - [27/Mar/2026:12:51:03 -0400] "GET /robots.txt HTTP/2.0" 404 355 "-" "Mozilla/5.0 (Macintosh; Intel Mac OS X 10_15_7) AppleWebKit/537.36 (KHTML, like Gecko) Chrome/131.0.0.0 Safari/537.36; compatible; OAI-SearchBot/1.3; robots.txt; +https://openai.com/searchbot"
74.7.227.62 - - [27/Mar/2026:12:51:28 -0400] "GET /wp-includes/SimplePie/src/Parse/?C=N;O=D HTTP/2.0" 200 889 "https://wpadmin.srindustries.net.in/wp-includes/SimplePie/src/Parse/" "Mozilla/5.0 AppleWebKit/537.36 (KHTML, like Gecko; compatible; GPTBot/1.3; +https://openai.com/gptbot)"
74.7.227.62 - - [27/Mar/2026:12:51:50 -0400] "GET /wp-includes/Requests/src/Cookie/?C=N;O=D HTTP/2.0" 200 712 "https://wpadmin.srindustries.net.in/wp-includes/Requests/src/Cookie/" "Mozilla/5.0 AppleWebKit/537.36 (KHTML, like Gecko; compatible; GPTBot/1.3; +https://openai.com/gptbot)"
74.7.227.62 - - [27/Mar/2026:12:51:59 -0400] "GET /wp-includes/SimplePie/src/Parse/?C=D;O=A HTTP/2.0" 200 889 "https://wpadmin.srindustries.net.in/wp-includes/SimplePie/src/Parse/" "Mozilla/5.0 AppleWebKit/537.36 (KHTML, like Gecko; compatible; GPTBot/1.3; +https://openai.com/gptbot)"
74.7.227.62 - - [27/Mar/2026:12:52:08 -0400] "GET /wp-includes/SimplePie/src/Parse/?C=M;O=D HTTP/2.0" 200 889 "https://wpadmin.srindustries.net.in/wp-includes/SimplePie/src/Parse/?C=M;O=A" "Mozilla/5.0 AppleWebKit/537.36 (KHTML, like Gecko; compatible; GPTBot/1.3; +https://openai.com/gptbot)"
74.7.244.10 - - [27/Mar/2026:12:52:30 -0400] "GET /robots.txt HTTP/2.0" 404 355 "-" "Mozilla/5.0 (Macintosh; Intel Mac OS X 10_15_7) AppleWebKit/537.36 (KHTML, like Gecko) Chrome/131.0.0.0 Safari/537.36; compatible; OAI-SearchBot/1.3; robots.txt; +https://openai.com/searchbot"
74.7.227.62 - - [27/Mar/2026:12:52:34 -0400] "GET /wp-includes/SimplePie/src/Cache/?C=S;O=D HTTP/2.0" 200 2679 "https://wpadmin.srindustries.net.in/wp-includes/SimplePie/src/Cache/?C=S;O=A" "Mozilla/5.0 AppleWebKit/537.36 (KHTML, like Gecko; compatible; GPTBot/1.3; +https://openai.com/gptbot)"
74.7.227.62 - - [27/Mar/2026:12:52:39 -0400] "GET /wp-includes/Requests/src/Cookie/?C=M;O=D HTTP/2.0" 200 712 "https://wpadmin.srindustries.net.in/wp-includes/Requests/src/Cookie/?C=M;O=A" "Mozilla/5.0 AppleWebKit/537.36 (KHTML, like Gecko; compatible; GPTBot/1.3; +https://openai.com/gptbot)"
74.7.244.10 - - [27/Mar/2026:12:57:50 -0400] "GET /robots.txt HTTP/2.0" 404 355 "-" "Mozilla/5.0 (Macintosh; Intel Mac OS X 10_15_7) AppleWebKit/537.36 (KHTML, like Gecko) Chrome/131.0.0.0 Safari/537.36; compatible; OAI-SearchBot/1.3; robots.txt; +https://openai.com/searchbot"
74.7.227.62 - - [27/Mar/2026:13:00:51 -0400] "GET /wp-includes/SimplePie/src/Parse/?C=D;O=D HTTP/2.0" 200 889 "https://wpadmin.srindustries.net.in/wp-includes/SimplePie/src/Parse/?C=D;O=A" "Mozilla/5.0 AppleWebKit/537.36 (KHTML, like Gecko; compatible; GPTBot/1.3; +https://openai.com/gptbot)"
74.7.227.62 - - [27/Mar/2026:13:02:32 -0400] "GET /wp-includes/js/dist/development/?C=M;O=A HTTP/2.0" 200 1094 "https://wpadmin.srindustries.net.in/wp-includes/js/dist/development/" "Mozilla/5.0 AppleWebKit/537.36 (KHTML, like Gecko; compatible; GPTBot/1.3; +https://openai.com/gptbot)"
74.7.227.62 - - [27/Mar/2026:13:03:13 -0400] "GET /wp-includes/Requests/src/Cookie/?C=S;O=A HTTP/2.0" 200 712 "https://wpadmin.srindustries.net.in/wp-includes/Requests/src/Cookie/" "Mozilla/5.0 AppleWebKit/537.36 (KHTML, like Gecko; compatible; GPTBot/1.3; +https://openai.com/gptbot)"
74.7.244.10 - - [27/Mar/2026:13:03:17 -0400] "GET /robots.txt HTTP/2.0" 404 355 "-" "Mozilla/5.0 (Macintosh; Intel Mac OS X 10_15_7) AppleWebKit/537.36 (KHTML, like Gecko) Chrome/131.0.0.0 Safari/537.36; compatible; OAI-SearchBot/1.3; robots.txt; +https://openai.com/searchbot"
74.7.227.62 - - [27/Mar/2026:13:05:20 -0400] "GET /wp-includes/sodium_compat/src/Core32/?C=D;O=D HTTP/2.0" 200 4129 "https://wpadmin.srindustries.net.in/wp-includes/sodium_compat/src/Core32/?C=D;O=A" "Mozilla/5.0 AppleWebKit/537.36 (KHTML, like Gecko; compatible; GPTBot/1.3; +https://openai.com/gptbot)"
74.7.227.62 - - [27/Mar/2026:13:05:43 -0400] "GET /wp-includes/sodium_compat/src/Core32/Curve25519/Ge/?C=N;O=D HTTP/2.0" 200 1654 "https://wpadmin.srindustries.net.in/wp-includes/sodium_compat/src/Core32/Curve25519/Ge/" "Mozilla/5.0 AppleWebKit/537.36 (KHTML, like Gecko; compatible; GPTBot/1.3; +https://openai.com/gptbot)"
74.7.227.62 - - [27/Mar/2026:13:06:06 -0400] "GET /wp-includes/sodium_compat/src/Core32/Curve25519/Ge/?C=D;O=A HTTP/2.0" 200 1654 "https://wpadmin.srindustries.net.in/wp-includes/sodium_compat/src/Core32/Curve25519/Ge/" "Mozilla/5.0 AppleWebKit/537.36 (KHTML, like Gecko; compatible; GPTBot/1.3; +https://openai.com/gptbot)"
74.7.227.62 - - [27/Mar/2026:13:06:44 -0400] "GET /wp-includes/sodium_compat/src/Core32/Curve25519/Ge/?C=S;O=A HTTP/2.0" 200 1654 "https://wpadmin.srindustries.net.in/wp-includes/sodium_compat/src/Core32/Curve25519/Ge/" "Mozilla/5.0 AppleWebKit/537.36 (KHTML, like Gecko; compatible; GPTBot/1.3; +https://openai.com/gptbot)"
74.7.227.62 - - [27/Mar/2026:13:07:00 -0400] "GET /wp-includes/js/dist/development/?C=M;O=D HTTP/2.0" 200 1094 "https://wpadmin.srindustries.net.in/wp-includes/js/dist/development/?C=M;O=A" "Mozilla/5.0 AppleWebKit/537.36 (KHTML, like Gecko; compatible; GPTBot/1.3; +https://openai.com/gptbot)"
74.7.227.62 - - [27/Mar/2026:13:07:27 -0400] "GET /wp-includes/Requests/src/Cookie/?C=S;O=D HTTP/2.0" 200 712 "https://wpadmin.srindustries.net.in/wp-includes/Requests/src/Cookie/?C=S;O=A" "Mozilla/5.0 AppleWebKit/537.36 (KHTML, like Gecko; compatible; GPTBot/1.3; +https://openai.com/gptbot)"
74.7.227.62 - - [27/Mar/2026:13:07:50 -0400] "GET /wp-includes/sodium_compat/src/Core32/Curve25519/Ge/?C=M;O=A HTTP/2.0" 200 1654 "https://wpadmin.srindustries.net.in/wp-includes/sodium_compat/src/Core32/Curve25519/Ge/" "Mozilla/5.0 AppleWebKit/537.36 (KHTML, like Gecko; compatible; GPTBot/1.3; +https://openai.com/gptbot)"
74.7.227.62 - - [27/Mar/2026:13:08:15 -0400] "GET /wp-includes/sodium_compat/src/Core32/Curve25519/Ge/?C=N;O=A HTTP/2.0" 200 1654 "https://wpadmin.srindustries.net.in/wp-includes/sodium_compat/src/Core32/Curve25519/Ge/?C=N;O=D" "Mozilla/5.0 AppleWebKit/537.36 (KHTML, like Gecko; compatible; GPTBot/1.3; +https://openai.com/gptbot)"
74.7.227.62 - - [27/Mar/2026:13:08:22 -0400] "GET /wp-includes/sodium_compat/src/Core32/Curve25519/Ge/?C=D;O=D HTTP/2.0" 200 1654 "https://wpadmin.srindustries.net.in/wp-includes/sodium_compat/src/Core32/Curve25519/Ge/?C=D;O=A" "Mozilla/5.0 AppleWebKit/537.36 (KHTML, like Gecko; compatible; GPTBot/1.3; +https://openai.com/gptbot)"
74.7.244.10 - - [27/Mar/2026:13:08:24 -0400] "GET /robots.txt HTTP/2.0" 404 355 "-" "Mozilla/5.0 (Macintosh; Intel Mac OS X 10_15_7) AppleWebKit/537.36 (KHTML, like Gecko) Chrome/131.0.0.0 Safari/537.36; compatible; OAI-SearchBot/1.3; robots.txt; +https://openai.com/searchbot"
74.7.227.62 - - [27/Mar/2026:13:08:34 -0400] "GET /wp-includes/sodium_compat/src/Core32/Curve25519/Ge/?C=S;O=D HTTP/2.0" 200 1654 "https://wpadmin.srindustries.net.in/wp-includes/sodium_compat/src/Core32/Curve25519/Ge/?C=S;O=A" "Mozilla/5.0 AppleWebKit/537.36 (KHTML, like Gecko; compatible; GPTBot/1.3; +https://openai.com/gptbot)"
74.7.227.62 - - [27/Mar/2026:13:08:54 -0400] "GET /wp-includes/sodium_compat/src/Core32/Curve25519/Ge/?C=M;O=D HTTP/2.0" 200 1654 "https://wpadmin.srindustries.net.in/wp-includes/sodium_compat/src/Core32/Curve25519/Ge/?C=M;O=A" "Mozilla/5.0 AppleWebKit/537.36 (KHTML, like Gecko; compatible; GPTBot/1.3; +https://openai.com/gptbot)"
74.7.227.62 - - [27/Mar/2026:13:09:02 -0400] "GET /wp-includes/js/tinymce/plugins/fullscreen/?C=N;O=D HTTP/2.0" 200 1096 "https://wpadmin.srindustries.net.in/wp-includes/js/tinymce/plugins/fullscreen/" "Mozilla/5.0 AppleWebKit/537.36 (KHTML, like Gecko; compatible; GPTBot/1.3; +https://openai.com/gptbot)"
74.7.227.62 - - [27/Mar/2026:13:09:05 -0400] "GET /wp-includes/js/tinymce/plugins/fullscreen/?C=M;O=D HTTP/2.0" 200 1096 "https://wpadmin.srindustries.net.in/wp-includes/js/tinymce/plugins/fullscreen/?C=M;O=A" "Mozilla/5.0 AppleWebKit/537.36 (KHTML, like Gecko; compatible; GPTBot/1.3; +https://openai.com/gptbot)"
74.7.227.62 - - [27/Mar/2026:13:09:06 -0400] "GET /wp-includes/js/tinymce/plugins/fullscreen/?C=S;O=A HTTP/2.0" 200 1096 "https://wpadmin.srindustries.net.in/wp-includes/js/tinymce/plugins/fullscreen/" "Mozilla/5.0 AppleWebKit/537.36 (KHTML, like Gecko; compatible; GPTBot/1.3; +https://openai.com/gptbot)"
74.7.227.62 - - [27/Mar/2026:13:09:08 -0400] "GET /wp-includes/js/tinymce/plugins/fullscreen/?C=N;O=A HTTP/2.0" 200 1096 "https://wpadmin.srindustries.net.in/wp-includes/js/tinymce/plugins/fullscreen/?C=D;O=A" "Mozilla/5.0 AppleWebKit/537.36 (KHTML, like Gecko; compatible; GPTBot/1.3; +https://openai.com/gptbot)"
74.7.227.62 - - [27/Mar/2026:13:09:11 -0400] "GET /wp-includes/js/tinymce/plugins/fullscreen/?C=D;O=D HTTP/2.0" 200 1096 "https://wpadmin.srindustries.net.in/wp-includes/js/tinymce/plugins/fullscreen/?C=D;O=A" "Mozilla/5.0 AppleWebKit/537.36 (KHTML, like Gecko; compatible; GPTBot/1.3; +https://openai.com/gptbot)"
74.7.227.62 - - [27/Mar/2026:13:09:18 -0400] "GET /wp-includes/js/tinymce/plugins/fullscreen/?C=S;O=D HTTP/2.0" 200 1096 "https://wpadmin.srindustries.net.in/wp-includes/js/tinymce/plugins/fullscreen/?C=S;O=A" "Mozilla/5.0 AppleWebKit/537.36 (KHTML, like Gecko; compatible; GPTBot/1.3; +https://openai.com/gptbot)"
74.7.227.62 - - [27/Mar/2026:13:09:19 -0400] "GET /wp-includes/sodium_compat/src/Core/?C=S;O=A HTTP/2.0" 200 5012 "https://wpadmin.srindustries.net.in/wp-includes/sodium_compat/src/Core/" "Mozilla/5.0 AppleWebKit/537.36 (KHTML, like Gecko; compatible; GPTBot/1.3; +https://openai.com/gptbot)"
74.7.227.62 - - [27/Mar/2026:13:09:19 -0400] "GET /wp-includes/sodium_compat/src/Core/?C=D;O=A HTTP/2.0" 200 5012 "https://wpadmin.srindustries.net.in/wp-includes/sodium_compat/src/Core/" "Mozilla/5.0 AppleWebKit/537.36 (KHTML, like Gecko; compatible; GPTBot/1.3; +https://openai.com/gptbot)"
74.7.227.62 - - [27/Mar/2026:13:09:20 -0400] "GET /wp-includes/sodium_compat/src/Core/?C=M;O=A HTTP/2.0" 200 5012 "https://wpadmin.srindustries.net.in/wp-includes/sodium_compat/src/Core/" "Mozilla/5.0 AppleWebKit/537.36 (KHTML, like Gecko; compatible; GPTBot/1.3; +https://openai.com/gptbot)"
74.7.227.62 - - [27/Mar/2026:13:09:21 -0400] "GET /wp-includes/sodium_compat/src/Core/?C=N;O=D HTTP/2.0" 200 5012 "https://wpadmin.srindustries.net.in/wp-includes/sodium_compat/src/Core/" "Mozilla/5.0 AppleWebKit/537.36 (KHTML, like Gecko; compatible; GPTBot/1.3; +https://openai.com/gptbot)"
74.7.227.62 - - [27/Mar/2026:13:09:21 -0400] "GET /wp-includes/SimplePie/src/Cache/?C=D;O=A HTTP/2.0" 200 2679 "https://wpadmin.srindustries.net.in/wp-includes/SimplePie/src/Cache/" "Mozilla/5.0 AppleWebKit/537.36 (KHTML, like Gecko; compatible; GPTBot/1.3; +https://openai.com/gptbot)"
74.7.227.62 - - [27/Mar/2026:13:09:22 -0400] "GET /wp-includes/SimplePie/src/Cache/?C=N;O=A HTTP/2.0" 200 2679 "https://wpadmin.srindustries.net.in/wp-includes/SimplePie/src/Cache/?C=S;O=A" "Mozilla/5.0 AppleWebKit/537.36 (KHTML, like Gecko; compatible; GPTBot/1.3; +https://openai.com/gptbot)"
74.7.227.62 - - [27/Mar/2026:13:09:44 -0400] "GET /wp-includes/sodium_compat/src/Core/AEGIS256.php HTTP/2.0" 500 0 "https://wpadmin.srindustries.net.in/wp-includes/sodium_compat/src/Core/?C=S;O=A" "Mozilla/5.0 AppleWebKit/537.36 (KHTML, like Gecko; compatible; GPTBot/1.3; +https://openai.com/gptbot)"
74.7.227.62 - - [27/Mar/2026:13:10:26 -0400] "GET /wp-includes/sodium_compat/src/Core/BLAKE2b.php HTTP/2.0" 500 0 "https://wpadmin.srindustries.net.in/wp-includes/sodium_compat/src/Core/?C=S;O=A" "Mozilla/5.0 AppleWebKit/537.36 (KHTML, like Gecko; compatible; GPTBot/1.3; +https://openai.com/gptbot)"
74.7.227.62 - - [27/Mar/2026:13:11:27 -0400] "GET /wp-includes/sodium_compat/src/Core/Poly1305.php HTTP/2.0" 500 0 "https://wpadmin.srindustries.net.in/wp-includes/sodium_compat/src/Core/?C=S;O=A" "Mozilla/5.0 AppleWebKit/537.36 (KHTML, like Gecko; compatible; GPTBot/1.3; +https://openai.com/gptbot)"
74.7.227.62 - - [27/Mar/2026:13:12:29 -0400] "GET /wp-includes/sodium_compat/src/Core/X25519.php HTTP/2.0" 500 0 "https://wpadmin.srindustries.net.in/wp-includes/sodium_compat/src/Core/?C=S;O=A" "Mozilla/5.0 AppleWebKit/537.36 (KHTML, like Gecko; compatible; GPTBot/1.3; +https://openai.com/gptbot)"
74.7.227.62 - - [27/Mar/2026:13:13:33 -0400] "GET /wp-includes/sodium_compat/src/Core/Curve25519/ HTTP/2.0" 200 1268 "https://wpadmin.srindustries.net.in/wp-includes/sodium_compat/src/Core/?C=S;O=A" "Mozilla/5.0 AppleWebKit/537.36 (KHTML, like Gecko; compatible; GPTBot/1.3; +https://openai.com/gptbot)"
74.7.244.10 - - [27/Mar/2026:13:13:34 -0400] "GET /robots.txt HTTP/2.0" 404 355 "-" "Mozilla/5.0 (Macintosh; Intel Mac OS X 10_15_7) AppleWebKit/537.36 (KHTML, like Gecko) Chrome/131.0.0.0 Safari/537.36; compatible; OAI-SearchBot/1.3; robots.txt; +https://openai.com/searchbot"
74.7.227.62 - - [27/Mar/2026:13:14:39 -0400] "GET /wp-includes/sodium_compat/src/Core/Curve25519.php HTTP/2.0" 500 0 "https://wpadmin.srindustries.net.in/wp-includes/sodium_compat/src/Core/?C=S;O=A" "Mozilla/5.0 AppleWebKit/537.36 (KHTML, like Gecko; compatible; GPTBot/1.3; +https://openai.com/gptbot)"
74.7.227.62 - - [27/Mar/2026:13:16:42 -0400] "GET /wp-includes/sodium_compat/src/Core/Ed25519.php HTTP/2.0" 500 0 "https://wpadmin.srindustries.net.in/wp-includes/sodium_compat/src/Core/?C=S;O=A" "Mozilla/5.0 AppleWebKit/537.36 (KHTML, like Gecko; compatible; GPTBot/1.3; +https://openai.com/gptbot)"
74.7.227.62 - - [27/Mar/2026:13:17:43 -0400] "GET /wp-includes/sodium_compat/src/Core/AEGIS128L.php HTTP/2.0" 500 0 "https://wpadmin.srindustries.net.in/wp-includes/sodium_compat/src/Core/?C=S;O=A" "Mozilla/5.0 AppleWebKit/537.36 (KHTML, like Gecko; compatible; GPTBot/1.3; +https://openai.com/gptbot)"
35.170.74.75 - - [27/Mar/2026:13:19:23 -0400] "GET /wp-json/wp/v2/pages/578 HTTP/1.1" 404 355 "-" "node-fetch/1.0 (+https://github.com/bitinn/node-fetch)"
74.7.227.62 - - [27/Mar/2026:13:21:54 -0400] "GET /wp-includes/sodium_compat/src/Core/XChaCha20.php HTTP/2.0" 500 0 "https://wpadmin.srindustries.net.in/wp-includes/sodium_compat/src/Core/?C=S;O=A" "Mozilla/5.0 AppleWebKit/537.36 (KHTML, like Gecko; compatible; GPTBot/1.3; +https://openai.com/gptbot)"
44.202.30.73 - - [27/Mar/2026:13:24:35 -0400] "GET /wp-json/wp/v2/pages/578 HTTP/1.1" 404 355 "-" "node-fetch/1.0 (+https://github.com/bitinn/node-fetch)"
74.7.227.62 - - [27/Mar/2026:13:25:05 -0400] "GET /wp-includes/sodium_compat/src/Core/Curve25519/H.php HTTP/2.0" 500 0 "https://wpadmin.srindustries.net.in/wp-includes/sodium_compat/src/Core/Curve25519/" "Mozilla/5.0 AppleWebKit/537.36 (KHTML, like Gecko; compatible; GPTBot/1.3; +https://openai.com/gptbot)"
74.7.244.10 - - [27/Mar/2026:13:25:06 -0400] "GET /robots.txt HTTP/2.0" 404 355 "-" "Mozilla/5.0 (Macintosh; Intel Mac OS X 10_15_7) AppleWebKit/537.36 (KHTML, like Gecko) Chrome/131.0.0.0 Safari/537.36; compatible; OAI-SearchBot/1.3; robots.txt; +https://openai.com/searchbot"
74.7.227.62 - - [27/Mar/2026:13:26:08 -0400] "GET /wp-includes/sodium_compat/src/Core/Curve25519/Fe.php HTTP/2.0" 200 0 "https://wpadmin.srindustries.net.in/wp-includes/sodium_compat/src/Core/Curve25519/" "Mozilla/5.0 AppleWebKit/537.36 (KHTML, like Gecko; compatible; GPTBot/1.3; +https://openai.com/gptbot)"
74.7.227.62 - - [27/Mar/2026:13:27:14 -0400] "GET /wp-includes/sodium_compat/src/Core/Curve25519/Ge/ HTTP/2.0" 200 1648 "https://wpadmin.srindustries.net.in/wp-includes/sodium_compat/src/Core/Curve25519/" "Mozilla/5.0 AppleWebKit/537.36 (KHTML, like Gecko; compatible; GPTBot/1.3; +https://openai.com/gptbot)"
74.7.227.62 - - [27/Mar/2026:13:28:10 -0400] "GET /wp-includes/sodium_compat/src/Core/HChaCha20.php HTTP/2.0" 500 0 "https://wpadmin.srindustries.net.in/wp-includes/sodium_compat/src/Core/?C=S;O=A" "Mozilla/5.0 AppleWebKit/537.36 (KHTML, like Gecko; compatible; GPTBot/1.3; +https://openai.com/gptbot)"
74.7.227.62 - - [27/Mar/2026:13:30:03 -0400] "GET /wp-includes/sodium_compat/src/Core/Salsa20.php HTTP/2.0" 500 0 "https://wpadmin.srindustries.net.in/wp-includes/sodium_compat/src/Core/?C=S;O=A" "Mozilla/5.0 AppleWebKit/537.36 (KHTML, like Gecko; compatible; GPTBot/1.3; +https://openai.com/gptbot)"
74.7.244.10 - - [27/Mar/2026:13:30:25 -0400] "GET /robots.txt HTTP/2.0" 404 355 "-" "Mozilla/5.0 (Macintosh; Intel Mac OS X 10_15_7) AppleWebKit/537.36 (KHTML, like Gecko) Chrome/131.0.0.0 Safari/537.36; compatible; OAI-SearchBot/1.3; robots.txt; +https://openai.com/searchbot"
74.7.227.62 - - [27/Mar/2026:13:31:08 -0400] "GET /wp-includes/sodium_compat/src/Core/ChaCha20.php HTTP/2.0" 500 0 "https://wpadmin.srindustries.net.in/wp-includes/sodium_compat/src/Core/?C=S;O=A" "Mozilla/5.0 AppleWebKit/537.36 (KHTML, like Gecko; compatible; GPTBot/1.3; +https://openai.com/gptbot)"
74.7.227.62 - - [27/Mar/2026:13:33:19 -0400] "GET /wp-includes/sodium_compat/src/Core/HSalsa20.php HTTP/2.0" 500 0 "https://wpadmin.srindustries.net.in/wp-includes/sodium_compat/src/Core/?C=S;O=A" "Mozilla/5.0 AppleWebKit/537.36 (KHTML, like Gecko; compatible; GPTBot/1.3; +https://openai.com/gptbot)"
74.7.227.62 - - [27/Mar/2026:13:35:24 -0400] "GET /wp-includes/sodium_compat/src/Core/XSalsa20.php HTTP/2.0" 500 0 "https://wpadmin.srindustries.net.in/wp-includes/sodium_compat/src/Core/?C=S;O=A" "Mozilla/5.0 AppleWebKit/537.36 (KHTML, like Gecko; compatible; GPTBot/1.3; +https://openai.com/gptbot)"
74.7.244.10 - - [27/Mar/2026:13:38:26 -0400] "GET /robots.txt HTTP/2.0" 404 355 "-" "Mozilla/5.0 (Macintosh; Intel Mac OS X 10_15_7) AppleWebKit/537.36 (KHTML, like Gecko) Chrome/131.0.0.0 Safari/537.36; compatible; OAI-SearchBot/1.3; robots.txt; +https://openai.com/searchbot"
74.7.244.10 - - [27/Mar/2026:13:46:50 -0400] "GET /robots.txt HTTP/2.0" 404 355 "-" "Mozilla/5.0 (Macintosh; Intel Mac OS X 10_15_7) AppleWebKit/537.36 (KHTML, like Gecko) Chrome/131.0.0.0 Safari/537.36; compatible; OAI-SearchBot/1.3; robots.txt; +https://openai.com/searchbot"
74.7.244.10 - - [27/Mar/2026:14:02:45 -0400] "GET /robots.txt HTTP/2.0" 404 355 "-" "Mozilla/5.0 (Macintosh; Intel Mac OS X 10_15_7) AppleWebKit/537.36 (KHTML, like Gecko) Chrome/131.0.0.0 Safari/537.36; compatible; OAI-SearchBot/1.3; robots.txt; +https://openai.com/searchbot"
74.7.244.10 - - [27/Mar/2026:14:02:45 -0400] "GET /robots.txt HTTP/2.0" 404 355 "-" "Mozilla/5.0 (Macintosh; Intel Mac OS X 10_15_7) AppleWebKit/537.36 (KHTML, like Gecko) Chrome/131.0.0.0 Safari/537.36; compatible; OAI-SearchBot/1.3; robots.txt; +https://openai.com/searchbot"
74.7.244.10 - - [27/Mar/2026:14:19:11 -0400] "GET /robots.txt HTTP/2.0" 404 355 "-" "Mozilla/5.0 (Macintosh; Intel Mac OS X 10_15_7) AppleWebKit/537.36 (KHTML, like Gecko) Chrome/131.0.0.0 Safari/537.36; compatible; OAI-SearchBot/1.3; robots.txt; +https://openai.com/searchbot"
74.7.244.10 - - [27/Mar/2026:14:22:50 -0400] "GET /robots.txt HTTP/2.0" 404 355 "-" "Mozilla/5.0 (Macintosh; Intel Mac OS X 10_15_7) AppleWebKit/537.36 (KHTML, like Gecko) Chrome/131.0.0.0 Safari/537.36; compatible; OAI-SearchBot/1.3; robots.txt; +https://openai.com/searchbot"
74.7.242.21 - - [27/Mar/2026:15:38:15 -0400] "GET /wp-includes/sodium_compat/src/Core/AES.php HTTP/2.0" 500 0 "https://wpadmin.srindustries.net.in/wp-includes/sodium_compat/src/Core/?C=S;O=A" "Mozilla/5.0 AppleWebKit/537.36 (KHTML, like Gecko; compatible; GPTBot/1.3; +https://openai.com/gptbot)"
74.7.242.21 - - [27/Mar/2026:15:38:20 -0400] "GET /wp-includes/sodium_compat/src/Core/Curve25519/Ge/P3.php HTTP/2.0" 200 0 "https://wpadmin.srindustries.net.in/wp-includes/sodium_compat/src/Core/Curve25519/Ge/" "Mozilla/5.0 AppleWebKit/537.36 (KHTML, like Gecko; compatible; GPTBot/1.3; +https://openai.com/gptbot)"
74.7.242.21 - - [27/Mar/2026:15:38:49 -0400] "GET /wp-includes/sodium_compat/src/Core/SecretStream/ HTTP/2.0" 200 931 "https://wpadmin.srindustries.net.in/wp-includes/sodium_compat/src/Core/?C=S;O=A" "Mozilla/5.0 AppleWebKit/537.36 (KHTML, like Gecko; compatible; GPTBot/1.3; +https://openai.com/gptbot)"
74.7.242.21 - - [27/Mar/2026:15:39:14 -0400] "GET /wp-includes/sodium_compat/src/Core/Curve25519/Ge/P2.php HTTP/2.0" 200 0 "https://wpadmin.srindustries.net.in/wp-includes/sodium_compat/src/Core/Curve25519/Ge/" "Mozilla/5.0 AppleWebKit/537.36 (KHTML, like Gecko; compatible; GPTBot/1.3; +https://openai.com/gptbot)"
74.7.242.21 - - [27/Mar/2026:15:39:57 -0400] "GET /wp-includes/sodium_compat/src/Core/Curve25519/Ge/Cached.php HTTP/2.0" 200 0 "https://wpadmin.srindustries.net.in/wp-includes/sodium_compat/src/Core/Curve25519/Ge/" "Mozilla/5.0 AppleWebKit/537.36 (KHTML, like Gecko; compatible; GPTBot/1.3; +https://openai.com/gptbot)"
74.7.242.21 - - [27/Mar/2026:15:41:57 -0400] "GET /wp-includes/sodium_compat/src/Core/Curve25519/Ge/P1p1.php HTTP/2.0" 200 0 "https://wpadmin.srindustries.net.in/wp-includes/sodium_compat/src/Core/Curve25519/Ge/" "Mozilla/5.0 AppleWebKit/537.36 (KHTML, like Gecko; compatible; GPTBot/1.3; +https://openai.com/gptbot)"
