74.7.227.62 - - [27/Mar/2026:11:14:02 -0400] "GET /wp-includes/sodium_compat/src/PHP52/?C=S;O=D HTTP/2.0" 200 910 "https://wpadmin.srindustries.net.in/wp-includes/sodium_compat/src/PHP52/?C=S;O=A" "Mozilla/5.0 AppleWebKit/537.36 (KHTML, like Gecko; compatible; GPTBot/1.3; +https://openai.com/gptbot)"
74.7.227.62 - - [27/Mar/2026:11:14:03 -0400] "GET /wp-includes/sodium_compat/src/Core32/Curve25519/?C=S;O=D HTTP/2.0" 200 1274 "https://wpadmin.srindustries.net.in/wp-includes/sodium_compat/src/Core32/Curve25519/?C=S;O=A" "Mozilla/5.0 AppleWebKit/537.36 (KHTML, like Gecko; compatible; GPTBot/1.3; +https://openai.com/gptbot)"
74.7.227.62 - - [27/Mar/2026:11:14:04 -0400] "GET /wp-includes/sodium_compat/src/Core32/Curve25519/?C=N;O=A HTTP/2.0" 200 1274 "https://wpadmin.srindustries.net.in/wp-includes/sodium_compat/src/Core32/Curve25519/?C=S;O=A" "Mozilla/5.0 AppleWebKit/537.36 (KHTML, like Gecko; compatible; GPTBot/1.3; +https://openai.com/gptbot)"
74.7.227.62 - - [27/Mar/2026:11:14:04 -0400] "GET /wp-includes/js/tinymce/skins/?C=N;O=D HTTP/2.0" 200 1060 "https://wpadmin.srindustries.net.in/wp-includes/js/tinymce/skins/" "Mozilla/5.0 AppleWebKit/537.36 (KHTML, like Gecko; compatible; GPTBot/1.3; +https://openai.com/gptbot)"
74.7.227.62 - - [27/Mar/2026:11:14:05 -0400] "GET /wp-includes/sodium_compat/src/Core32/Curve25519/?C=D;O=D HTTP/2.0" 200 1274 "https://wpadmin.srindustries.net.in/wp-includes/sodium_compat/src/Core32/Curve25519/?C=D;O=A" "Mozilla/5.0 AppleWebKit/537.36 (KHTML, like Gecko; compatible; GPTBot/1.3; +https://openai.com/gptbot)"
74.7.227.62 - - [27/Mar/2026:11:14:05 -0400] "GET /wp-includes/sodium_compat/src/Core32/Curve25519/?C=M;O=D HTTP/2.0" 200 1274 "https://wpadmin.srindustries.net.in/wp-includes/sodium_compat/src/Core32/Curve25519/?C=M;O=A" "Mozilla/5.0 AppleWebKit/537.36 (KHTML, like Gecko; compatible; GPTBot/1.3; +https://openai.com/gptbot)"
74.7.227.62 - - [27/Mar/2026:11:14:06 -0400] "GET /wp-includes/js/tinymce/skins/?C=S;O=D HTTP/2.0" 200 1060 "https://wpadmin.srindustries.net.in/wp-includes/js/tinymce/skins/?C=S;O=A" "Mozilla/5.0 AppleWebKit/537.36 (KHTML, like Gecko; compatible; GPTBot/1.3; +https://openai.com/gptbot)"
74.7.227.62 - - [27/Mar/2026:11:14:07 -0400] "GET /wp-includes/js/tinymce/skins/?C=M;O=A HTTP/2.0" 200 1060 "https://wpadmin.srindustries.net.in/wp-includes/js/tinymce/skins/" "Mozilla/5.0 AppleWebKit/537.36 (KHTML, like Gecko; compatible; GPTBot/1.3; +https://openai.com/gptbot)"
74.7.227.62 - - [27/Mar/2026:11:14:08 -0400] "GET /wp-includes/Requests/src/Auth/?C=S;O=A HTTP/2.0" 200 708 "https://wpadmin.srindustries.net.in/wp-includes/Requests/src/Auth/" "Mozilla/5.0 AppleWebKit/537.36 (KHTML, like Gecko; compatible; GPTBot/1.3; +https://openai.com/gptbot)"
74.7.227.62 - - [27/Mar/2026:11:14:11 -0400] "GET /wp-includes/js/tinymce/skins/?C=N;O=A HTTP/2.0" 200 1060 "https://wpadmin.srindustries.net.in/wp-includes/js/tinymce/skins/?C=S;O=A" "Mozilla/5.0 AppleWebKit/537.36 (KHTML, like Gecko; compatible; GPTBot/1.3; +https://openai.com/gptbot)"
74.7.227.62 - - [27/Mar/2026:11:14:11 -0400] "GET /wp-includes/Requests/src/Auth/?C=M;O=A HTTP/2.0" 200 708 "https://wpadmin.srindustries.net.in/wp-includes/Requests/src/Auth/" "Mozilla/5.0 AppleWebKit/537.36 (KHTML, like Gecko; compatible; GPTBot/1.3; +https://openai.com/gptbot)"
74.7.227.62 - - [27/Mar/2026:11:14:13 -0400] "GET /wp-includes/js/tinymce/skins/?C=M;O=D HTTP/2.0" 200 1060 "https://wpadmin.srindustries.net.in/wp-includes/js/tinymce/skins/?C=M;O=A" "Mozilla/5.0 AppleWebKit/537.36 (KHTML, like Gecko; compatible; GPTBot/1.3; +https://openai.com/gptbot)"
74.7.227.62 - - [27/Mar/2026:11:14:14 -0400] "GET /wp-includes/Requests/src/Auth/?C=N;O=A HTTP/2.0" 200 708 "https://wpadmin.srindustries.net.in/wp-includes/Requests/src/Auth/?C=S;O=A" "Mozilla/5.0 AppleWebKit/537.36 (KHTML, like Gecko; compatible; GPTBot/1.3; +https://openai.com/gptbot)"
74.7.227.62 - - [27/Mar/2026:11:14:14 -0400] "GET /wp-includes/js/tinymce/skins/?C=D;O=A HTTP/2.0" 200 1060 "https://wpadmin.srindustries.net.in/wp-includes/js/tinymce/skins/" "Mozilla/5.0 AppleWebKit/537.36 (KHTML, like Gecko; compatible; GPTBot/1.3; +https://openai.com/gptbot)"
74.7.227.62 - - [27/Mar/2026:11:14:15 -0400] "GET /wp-includes/Requests/src/Auth/?C=D;O=A HTTP/2.0" 200 708 "https://wpadmin.srindustries.net.in/wp-includes/Requests/src/Auth/" "Mozilla/5.0 AppleWebKit/537.36 (KHTML, like Gecko; compatible; GPTBot/1.3; +https://openai.com/gptbot)"
74.7.227.62 - - [27/Mar/2026:11:14:16 -0400] "GET /wp-includes/sodium_compat/namespaced/Core/ChaCha20/?C=N;O=D HTTP/2.0" 200 1121 "https://wpadmin.srindustries.net.in/wp-includes/sodium_compat/namespaced/Core/ChaCha20/" "Mozilla/5.0 AppleWebKit/537.36 (KHTML, like Gecko; compatible; GPTBot/1.3; +https://openai.com/gptbot)"
74.7.227.62 - - [27/Mar/2026:11:14:17 -0400] "GET /wp-includes/sodium_compat/namespaced/Core/ChaCha20/?C=D;O=A HTTP/2.0" 200 1121 "https://wpadmin.srindustries.net.in/wp-includes/sodium_compat/namespaced/Core/ChaCha20/" "Mozilla/5.0 AppleWebKit/537.36 (KHTML, like Gecko; compatible; GPTBot/1.3; +https://openai.com/gptbot)"
74.7.227.62 - - [27/Mar/2026:11:14:18 -0400] "GET /wp-includes/sodium_compat/namespaced/Core/ChaCha20/?C=S;O=A HTTP/2.0" 200 1121 "https://wpadmin.srindustries.net.in/wp-includes/sodium_compat/namespaced/Core/ChaCha20/" "Mozilla/5.0 AppleWebKit/537.36 (KHTML, like Gecko; compatible; GPTBot/1.3; +https://openai.com/gptbot)"
74.7.227.62 - - [27/Mar/2026:11:14:19 -0400] "GET /wp-includes/sodium_compat/namespaced/Core/ChaCha20/?C=M;O=A HTTP/2.0" 200 1121 "https://wpadmin.srindustries.net.in/wp-includes/sodium_compat/namespaced/Core/ChaCha20/" "Mozilla/5.0 AppleWebKit/537.36 (KHTML, like Gecko; compatible; GPTBot/1.3; +https://openai.com/gptbot)"
74.7.227.62 - - [27/Mar/2026:11:14:21 -0400] "GET /wp-includes/js/tinymce/skins/?C=D;O=D HTTP/2.0" 200 1060 "https://wpadmin.srindustries.net.in/wp-includes/js/tinymce/skins/?C=D;O=A" "Mozilla/5.0 AppleWebKit/537.36 (KHTML, like Gecko; compatible; GPTBot/1.3; +https://openai.com/gptbot)"
74.7.227.62 - - [27/Mar/2026:11:14:21 -0400] "GET /wp-includes/Requests/src/Auth/?C=D;O=D HTTP/2.0" 200 708 "https://wpadmin.srindustries.net.in/wp-includes/Requests/src/Auth/?C=D;O=A" "Mozilla/5.0 AppleWebKit/537.36 (KHTML, like Gecko; compatible; GPTBot/1.3; +https://openai.com/gptbot)"
74.7.227.62 - - [27/Mar/2026:11:14:22 -0400] "GET /wp-includes/sodium_compat/namespaced/Core/ChaCha20/IetfCtx.php HTTP/2.0" 500 0 "https://wpadmin.srindustries.net.in/wp-includes/sodium_compat/namespaced/Core/ChaCha20/?C=N;O=D" "Mozilla/5.0 AppleWebKit/537.36 (KHTML, like Gecko; compatible; GPTBot/1.3; +https://openai.com/gptbot)"
74.7.227.62 - - [27/Mar/2026:11:14:23 -0400] "GET /wp-includes/sodium_compat/namespaced/Core/ChaCha20/Ctx.php HTTP/2.0" 500 0 "https://wpadmin.srindustries.net.in/wp-includes/sodium_compat/namespaced/Core/ChaCha20/?C=N;O=D" "Mozilla/5.0 AppleWebKit/537.36 (KHTML, like Gecko; compatible; GPTBot/1.3; +https://openai.com/gptbot)"
74.7.227.62 - - [27/Mar/2026:11:16:04 -0400] "GET /wp-includes/sodium_compat/namespaced/Core/ChaCha20/?C=M;O=D HTTP/2.0" 200 1121 "https://wpadmin.srindustries.net.in/wp-includes/sodium_compat/namespaced/Core/ChaCha20/?C=M;O=A" "Mozilla/5.0 AppleWebKit/537.36 (KHTML, like Gecko; compatible; GPTBot/1.3; +https://openai.com/gptbot)"
74.7.227.62 - - [27/Mar/2026:11:16:39 -0400] "GET /wp-includes/sodium_compat/namespaced/Core/ChaCha20/?C=S;O=D HTTP/2.0" 200 1121 "https://wpadmin.srindustries.net.in/wp-includes/sodium_compat/namespaced/Core/ChaCha20/?C=S;O=A" "Mozilla/5.0 AppleWebKit/537.36 (KHTML, like Gecko; compatible; GPTBot/1.3; +https://openai.com/gptbot)"
74.7.227.62 - - [27/Mar/2026:11:17:09 -0400] "GET /wp-includes/sodium_compat/namespaced/Core/ChaCha20/?C=D;O=D HTTP/2.0" 200 1121 "https://wpadmin.srindustries.net.in/wp-includes/sodium_compat/namespaced/Core/ChaCha20/?C=D;O=A" "Mozilla/5.0 AppleWebKit/537.36 (KHTML, like Gecko; compatible; GPTBot/1.3; +https://openai.com/gptbot)"
74.7.227.62 - - [27/Mar/2026:11:17:37 -0400] "GET /wp-includes/sodium_compat/namespaced/Core/ChaCha20/?C=N;O=A HTTP/2.0" 200 1121 "https://wpadmin.srindustries.net.in/wp-includes/sodium_compat/namespaced/Core/ChaCha20/?C=N;O=D" "Mozilla/5.0 AppleWebKit/537.36 (KHTML, like Gecko; compatible; GPTBot/1.3; +https://openai.com/gptbot)"
74.7.244.10 - - [27/Mar/2026:11:19:35 -0400] "GET /robots.txt HTTP/2.0" 404 355 "-" "Mozilla/5.0 (Macintosh; Intel Mac OS X 10_15_7) AppleWebKit/537.36 (KHTML, like Gecko) Chrome/131.0.0.0 Safari/537.36; compatible; OAI-SearchBot/1.3; robots.txt; +https://openai.com/searchbot"
74.7.227.62 - - [27/Mar/2026:11:23:25 -0400] "GET /wp-includes/Requests/src/Transport/?C=M;O=A HTTP/2.0" 200 1075 "https://wpadmin.srindustries.net.in/wp-includes/Requests/src/Transport/" "Mozilla/5.0 AppleWebKit/537.36 (KHTML, like Gecko; compatible; GPTBot/1.3; +https://openai.com/gptbot)"
74.7.227.62 - - [27/Mar/2026:11:24:08 -0400] "GET /wp-includes/Requests/src/Exception/?C=N;O=D HTTP/2.0" 200 1798 "https://wpadmin.srindustries.net.in/wp-includes/Requests/src/Exception/" "Mozilla/5.0 AppleWebKit/537.36 (KHTML, like Gecko; compatible; GPTBot/1.3; +https://openai.com/gptbot)"
74.7.244.10 - - [27/Mar/2026:11:24:51 -0400] "GET /robots.txt HTTP/2.0" 404 355 "-" "Mozilla/5.0 (Macintosh; Intel Mac OS X 10_15_7) AppleWebKit/537.36 (KHTML, like Gecko) Chrome/131.0.0.0 Safari/537.36; compatible; OAI-SearchBot/1.3; robots.txt; +https://openai.com/searchbot"
74.7.227.62 - - [27/Mar/2026:11:26:59 -0400] "GET /wp-includes/Requests/src/Exception/?C=D;O=A HTTP/2.0" 200 1798 "https://wpadmin.srindustries.net.in/wp-includes/Requests/src/Exception/" "Mozilla/5.0 AppleWebKit/537.36 (KHTML, like Gecko; compatible; GPTBot/1.3; +https://openai.com/gptbot)"
74.7.227.62 - - [27/Mar/2026:11:27:44 -0400] "GET /wp-includes/Requests/src/Transport/?C=D;O=A HTTP/2.0" 200 1075 "https://wpadmin.srindustries.net.in/wp-includes/Requests/src/Transport/" "Mozilla/5.0 AppleWebKit/537.36 (KHTML, like Gecko; compatible; GPTBot/1.3; +https://openai.com/gptbot)"
74.7.227.62 - - [27/Mar/2026:11:28:37 -0400] "GET /wp-includes/Requests/src/Transport/Fsockopen.php HTTP/2.0" 500 0 "https://wpadmin.srindustries.net.in/wp-includes/Requests/src/Transport/?C=M;O=A" "Mozilla/5.0 AppleWebKit/537.36 (KHTML, like Gecko; compatible; GPTBot/1.3; +https://openai.com/gptbot)"
74.7.227.62 - - [27/Mar/2026:11:29:25 -0400] "GET /wp-includes/Requests/src/Exception/ArgumentCount.php HTTP/2.0" 500 0 "https://wpadmin.srindustries.net.in/wp-includes/Requests/src/Exception/?C=N;O=D" "Mozilla/5.0 AppleWebKit/537.36 (KHTML, like Gecko; compatible; GPTBot/1.3; +https://openai.com/gptbot)"
74.7.227.62 - - [27/Mar/2026:11:30:30 -0400] "GET /wp-includes/Requests/src/Exception/Transport.php HTTP/2.0" 500 0 "https://wpadmin.srindustries.net.in/wp-includes/Requests/src/Exception/?C=N;O=D" "Mozilla/5.0 AppleWebKit/537.36 (KHTML, like Gecko; compatible; GPTBot/1.3; +https://openai.com/gptbot)"
74.7.244.10 - - [27/Mar/2026:11:30:58 -0400] "GET /robots.txt HTTP/2.0" 404 355 "-" "Mozilla/5.0 (Macintosh; Intel Mac OS X 10_15_7) AppleWebKit/537.36 (KHTML, like Gecko) Chrome/131.0.0.0 Safari/537.36; compatible; OAI-SearchBot/1.3; robots.txt; +https://openai.com/searchbot"
74.7.227.62 - - [27/Mar/2026:11:31:33 -0400] "GET /wp-includes/Requests/src/Exception/Http.php HTTP/2.0" 500 0 "https://wpadmin.srindustries.net.in/wp-includes/Requests/src/Exception/?C=N;O=D" "Mozilla/5.0 AppleWebKit/537.36 (KHTML, like Gecko; compatible; GPTBot/1.3; +https://openai.com/gptbot)"
74.7.227.62 - - [27/Mar/2026:11:32:33 -0400] "GET /wp-includes/Requests/src/Transport/Curl.php HTTP/2.0" 500 0 "https://wpadmin.srindustries.net.in/wp-includes/Requests/src/Transport/?C=M;O=A" "Mozilla/5.0 AppleWebKit/537.36 (KHTML, like Gecko; compatible; GPTBot/1.3; +https://openai.com/gptbot)"
74.7.227.62 - - [27/Mar/2026:11:36:46 -0400] "GET /wp-includes/Requests/src/Transport/?C=D;O=D HTTP/2.0" 200 1075 "https://wpadmin.srindustries.net.in/wp-includes/Requests/src/Transport/?C=D;O=A" "Mozilla/5.0 AppleWebKit/537.36 (KHTML, like Gecko; compatible; GPTBot/1.3; +https://openai.com/gptbot)"
74.7.244.10 - - [27/Mar/2026:11:36:47 -0400] "GET /robots.txt HTTP/2.0" 404 355 "-" "Mozilla/5.0 (Macintosh; Intel Mac OS X 10_15_7) AppleWebKit/537.36 (KHTML, like Gecko) Chrome/131.0.0.0 Safari/537.36; compatible; OAI-SearchBot/1.3; robots.txt; +https://openai.com/searchbot"
74.7.227.62 - - [27/Mar/2026:11:38:23 -0400] "GET /wp-includes/Requests/src/Transport/?C=M;O=D HTTP/2.0" 200 1075 "https://wpadmin.srindustries.net.in/wp-includes/Requests/src/Transport/?C=M;O=A" "Mozilla/5.0 AppleWebKit/537.36 (KHTML, like Gecko; compatible; GPTBot/1.3; +https://openai.com/gptbot)"
74.7.227.62 - - [27/Mar/2026:11:39:03 -0400] "GET /wp-includes/Requests/src/Exception/?C=D;O=D HTTP/2.0" 200 1798 "https://wpadmin.srindustries.net.in/wp-includes/Requests/src/Exception/?C=D;O=A" "Mozilla/5.0 AppleWebKit/537.36 (KHTML, like Gecko; compatible; GPTBot/1.3; +https://openai.com/gptbot)"
74.7.227.62 - - [27/Mar/2026:11:39:40 -0400] "GET /wp-includes/Requests/src/Exception/?C=N;O=A HTTP/2.0" 200 1798 "https://wpadmin.srindustries.net.in/wp-includes/Requests/src/Exception/?C=N;O=D" "Mozilla/5.0 AppleWebKit/537.36 (KHTML, like Gecko; compatible; GPTBot/1.3; +https://openai.com/gptbot)"
74.7.227.62 - - [27/Mar/2026:11:40:15 -0400] "GET /wp-includes/Requests/src/Transport/?C=N;O=D HTTP/2.0" 200 1075 "https://wpadmin.srindustries.net.in/wp-includes/Requests/src/Transport/" "Mozilla/5.0 AppleWebKit/537.36 (KHTML, like Gecko; compatible; GPTBot/1.3; +https://openai.com/gptbot)"
74.7.227.62 - - [27/Mar/2026:11:40:44 -0400] "GET /wp-includes/Requests/src/Exception/?C=S;O=A HTTP/2.0" 200 1798 "https://wpadmin.srindustries.net.in/wp-includes/Requests/src/Exception/" "Mozilla/5.0 AppleWebKit/537.36 (KHTML, like Gecko; compatible; GPTBot/1.3; +https://openai.com/gptbot)"
74.7.227.62 - - [27/Mar/2026:11:41:10 -0400] "GET /wp-includes/Requests/src/Exception/?C=M;O=A HTTP/2.0" 200 1798 "https://wpadmin.srindustries.net.in/wp-includes/Requests/src/Exception/" "Mozilla/5.0 AppleWebKit/537.36 (KHTML, like Gecko; compatible; GPTBot/1.3; +https://openai.com/gptbot)"
74.7.227.62 - - [27/Mar/2026:11:41:57 -0400] "GET /wp-includes/Requests/src/Transport/?C=N;O=A HTTP/2.0" 200 1075 "https://wpadmin.srindustries.net.in/wp-includes/Requests/src/Transport/?C=M;O=A" "Mozilla/5.0 AppleWebKit/537.36 (KHTML, like Gecko; compatible; GPTBot/1.3; +https://openai.com/gptbot)"
74.7.227.62 - - [27/Mar/2026:11:42:49 -0400] "GET /wp-includes/Requests/src/Transport/?C=S;O=A HTTP/2.0" 200 1075 "https://wpadmin.srindustries.net.in/wp-includes/Requests/src/Transport/" "Mozilla/5.0 AppleWebKit/537.36 (KHTML, like Gecko; compatible; GPTBot/1.3; +https://openai.com/gptbot)"
74.7.244.10 - - [27/Mar/2026:11:42:55 -0400] "GET /robots.txt HTTP/2.0" 404 355 "-" "Mozilla/5.0 (Macintosh; Intel Mac OS X 10_15_7) AppleWebKit/537.36 (KHTML, like Gecko) Chrome/131.0.0.0 Safari/537.36; compatible; OAI-SearchBot/1.3; robots.txt; +https://openai.com/searchbot"
74.7.227.62 - - [27/Mar/2026:11:43:17 -0400] "GET /wp-includes/rest-api/endpoints/?C=D;O=D HTTP/2.0" 200 706 "https://wpadmin.srindustries.net.in/wp-includes/rest-api/endpoints/?C=D;O=A" "Mozilla/5.0 AppleWebKit/537.36 (KHTML, like Gecko; compatible; GPTBot/1.3; +https://openai.com/gptbot)"
74.7.227.62 - - [27/Mar/2026:11:43:39 -0400] "GET /wp-includes/js/tinymce/plugins/?C=N;O=D HTTP/2.0" 200 4601 "https://wpadmin.srindustries.net.in/wp-includes/js/tinymce/plugins/" "Mozilla/5.0 AppleWebKit/537.36 (KHTML, like Gecko; compatible; GPTBot/1.3; +https://openai.com/gptbot)"
74.7.227.62 - - [27/Mar/2026:11:43:48 -0400] "GET /wp-includes/Requests/src/Exception/?C=S;O=D HTTP/2.0" 200 1798 "https://wpadmin.srindustries.net.in/wp-includes/Requests/src/Exception/?C=S;O=A" "Mozilla/5.0 AppleWebKit/537.36 (KHTML, like Gecko; compatible; GPTBot/1.3; +https://openai.com/gptbot)"
74.7.227.62 - - [27/Mar/2026:11:43:57 -0400] "GET /wp-includes/Requests/src/Exception/?C=M;O=D HTTP/2.0" 200 1798 "https://wpadmin.srindustries.net.in/wp-includes/Requests/src/Exception/?C=M;O=A" "Mozilla/5.0 AppleWebKit/537.36 (KHTML, like Gecko; compatible; GPTBot/1.3; +https://openai.com/gptbot)"
74.7.227.62 - - [27/Mar/2026:11:44:23 -0400] "GET /wp-includes/js/tinymce/plugins/?C=M;O=A HTTP/2.0" 200 4601 "https://wpadmin.srindustries.net.in/wp-includes/js/tinymce/plugins/" "Mozilla/5.0 AppleWebKit/537.36 (KHTML, like Gecko; compatible; GPTBot/1.3; +https://openai.com/gptbot)"
74.7.227.62 - - [27/Mar/2026:11:44:29 -0400] "GET /wp-includes/Requests/src/Transport/?C=S;O=D HTTP/2.0" 200 1075 "https://wpadmin.srindustries.net.in/wp-includes/Requests/src/Transport/?C=S;O=A" "Mozilla/5.0 AppleWebKit/537.36 (KHTML, like Gecko; compatible; GPTBot/1.3; +https://openai.com/gptbot)"
74.7.227.62 - - [27/Mar/2026:11:44:37 -0400] "GET /wp-includes/js/tinymce/plugins/?C=S;O=A HTTP/2.0" 200 4601 "https://wpadmin.srindustries.net.in/wp-includes/js/tinymce/plugins/" "Mozilla/5.0 AppleWebKit/537.36 (KHTML, like Gecko; compatible; GPTBot/1.3; +https://openai.com/gptbot)"
74.7.227.62 - - [27/Mar/2026:11:44:44 -0400] "GET /wp-includes/js/tinymce/plugins/textcolor/ HTTP/2.0" 200 1094 "https://wpadmin.srindustries.net.in/wp-includes/js/tinymce/plugins/?C=N;O=D" "Mozilla/5.0 AppleWebKit/537.36 (KHTML, like Gecko; compatible; GPTBot/1.3; +https://openai.com/gptbot)"
74.7.227.62 - - [27/Mar/2026:11:44:47 -0400] "GET /wp-includes/js/tinymce/plugins/wpview/ HTTP/2.0" 200 1088 "https://wpadmin.srindustries.net.in/wp-includes/js/tinymce/plugins/?C=N;O=D" "Mozilla/5.0 AppleWebKit/537.36 (KHTML, like Gecko; compatible; GPTBot/1.3; +https://openai.com/gptbot)"
74.7.227.62 - - [27/Mar/2026:11:44:50 -0400] "GET /wp-includes/Requests/src/Auth/?C=S;O=D HTTP/2.0" 200 708 "https://wpadmin.srindustries.net.in/wp-includes/Requests/src/Auth/?C=S;O=A" "Mozilla/5.0 AppleWebKit/537.36 (KHTML, like Gecko; compatible; GPTBot/1.3; +https://openai.com/gptbot)"
74.7.227.62 - - [27/Mar/2026:11:44:52 -0400] "GET /wp-includes/SimplePie/src/Net/?C=S;O=A HTTP/2.0" 200 709 "https://wpadmin.srindustries.net.in/wp-includes/SimplePie/src/Net/" "Mozilla/5.0 AppleWebKit/537.36 (KHTML, like Gecko; compatible; GPTBot/1.3; +https://openai.com/gptbot)"
74.7.227.62 - - [27/Mar/2026:11:45:04 -0400] "GET /wp-includes/js/tinymce/plugins/textcolor/plugin.js HTTP/2.0" 200 11310 "https://wpadmin.srindustries.net.in/wp-includes/js/tinymce/plugins/textcolor/" "Mozilla/5.0 AppleWebKit/537.36 (KHTML, like Gecko; compatible; GPTBot/1.3; +https://openai.com/gptbot)"
74.7.227.62 - - [27/Mar/2026:11:45:05 -0400] "GET /wp-includes/js/tinymce/plugins/wpview/plugin.min.js HTTP/2.0" 200 2902 "https://wpadmin.srindustries.net.in/wp-includes/js/tinymce/plugins/wpview/" "Mozilla/5.0 AppleWebKit/537.36 (KHTML, like Gecko; compatible; GPTBot/1.3; +https://openai.com/gptbot)"
74.7.227.62 - - [27/Mar/2026:11:45:06 -0400] "GET /wp-includes/js/tinymce/plugins/textcolor/plugin.min.js HTTP/2.0" 200 4927 "https://wpadmin.srindustries.net.in/wp-includes/js/tinymce/plugins/textcolor/" "Mozilla/5.0 AppleWebKit/537.36 (KHTML, like Gecko; compatible; GPTBot/1.3; +https://openai.com/gptbot)"
74.7.227.62 - - [27/Mar/2026:11:45:07 -0400] "GET /wp-includes/js/tinymce/plugins/wpview/plugin.js HTTP/2.0" 200 6083 "https://wpadmin.srindustries.net.in/wp-includes/js/tinymce/plugins/wpview/" "Mozilla/5.0 AppleWebKit/537.36 (KHTML, like Gecko; compatible; GPTBot/1.3; +https://openai.com/gptbot)"
74.7.227.62 - - [27/Mar/2026:11:45:16 -0400] "GET /wp-includes/SimplePie/src/Net/?C=S;O=D HTTP/2.0" 200 709 "https://wpadmin.srindustries.net.in/wp-includes/SimplePie/src/Net/?C=S;O=A" "Mozilla/5.0 AppleWebKit/537.36 (KHTML, like Gecko; compatible; GPTBot/1.3; +https://openai.com/gptbot)"
74.7.227.62 - - [27/Mar/2026:11:45:18 -0400] "GET /wp-includes/js/tinymce/plugins/?C=S;O=D HTTP/2.0" 200 4601 "https://wpadmin.srindustries.net.in/wp-includes/js/tinymce/plugins/?C=S;O=A" "Mozilla/5.0 AppleWebKit/537.36 (KHTML, like Gecko; compatible; GPTBot/1.3; +https://openai.com/gptbot)"
74.7.227.62 - - [27/Mar/2026:11:45:19 -0400] "GET /wp-includes/SimplePie/src/Net/?C=N;O=A HTTP/2.0" 200 709 "https://wpadmin.srindustries.net.in/wp-includes/SimplePie/src/Net/?C=S;O=A" "Mozilla/5.0 AppleWebKit/537.36 (KHTML, like Gecko; compatible; GPTBot/1.3; +https://openai.com/gptbot)"
74.7.227.62 - - [27/Mar/2026:11:45:20 -0400] "GET /wp-includes/js/tinymce/plugins/?C=N;O=A HTTP/2.0" 200 4601 "https://wpadmin.srindustries.net.in/wp-includes/js/tinymce/plugins/?C=N;O=D" "Mozilla/5.0 AppleWebKit/537.36 (KHTML, like Gecko; compatible; GPTBot/1.3; +https://openai.com/gptbot)"
74.7.227.62 - - [27/Mar/2026:11:45:21 -0400] "GET /wp-includes/SimplePie/src/Net/?C=N;O=D HTTP/2.0" 200 709 "https://wpadmin.srindustries.net.in/wp-includes/SimplePie/src/Net/" "Mozilla/5.0 AppleWebKit/537.36 (KHTML, like Gecko; compatible; GPTBot/1.3; +https://openai.com/gptbot)"
74.7.227.62 - - [27/Mar/2026:11:45:22 -0400] "GET /wp-includes/js/tinymce/plugins/?C=M;O=D HTTP/2.0" 200 4601 "https://wpadmin.srindustries.net.in/wp-includes/js/tinymce/plugins/?C=M;O=A" "Mozilla/5.0 AppleWebKit/537.36 (KHTML, like Gecko; compatible; GPTBot/1.3; +https://openai.com/gptbot)"
74.7.227.62 - - [27/Mar/2026:11:45:23 -0400] "GET /wp-includes/Requests/src/Auth/?C=N;O=D HTTP/2.0" 200 708 "https://wpadmin.srindustries.net.in/wp-includes/Requests/src/Auth/" "Mozilla/5.0 AppleWebKit/537.36 (KHTML, like Gecko; compatible; GPTBot/1.3; +https://openai.com/gptbot)"
74.7.227.62 - - [27/Mar/2026:11:45:24 -0400] "GET /wp-includes/js/tinymce/plugins/?C=D;O=A HTTP/2.0" 200 4601 "https://wpadmin.srindustries.net.in/wp-includes/js/tinymce/plugins/" "Mozilla/5.0 AppleWebKit/537.36 (KHTML, like Gecko; compatible; GPTBot/1.3; +https://openai.com/gptbot)"
74.7.227.62 - - [27/Mar/2026:11:45:27 -0400] "GET /wp-includes/Requests/src/Auth/?C=M;O=D HTTP/2.0" 200 708 "https://wpadmin.srindustries.net.in/wp-includes/Requests/src/Auth/?C=M;O=A" "Mozilla/5.0 AppleWebKit/537.36 (KHTML, like Gecko; compatible; GPTBot/1.3; +https://openai.com/gptbot)"
74.7.227.62 - - [27/Mar/2026:11:45:28 -0400] "GET /wp-includes/SimplePie/src/HTTP/?C=S;O=A HTTP/2.0" 200 1078 "https://wpadmin.srindustries.net.in/wp-includes/SimplePie/src/HTTP/" "Mozilla/5.0 AppleWebKit/537.36 (KHTML, like Gecko; compatible; GPTBot/1.3; +https://openai.com/gptbot)"
74.7.227.62 - - [27/Mar/2026:11:45:30 -0400] "GET /wp-includes/js/tinymce/plugins/?C=D;O=D HTTP/2.0" 200 4601 "https://wpadmin.srindustries.net.in/wp-includes/js/tinymce/plugins/?C=D;O=A" "Mozilla/5.0 AppleWebKit/537.36 (KHTML, like Gecko; compatible; GPTBot/1.3; +https://openai.com/gptbot)"
74.7.227.62 - - [27/Mar/2026:11:45:35 -0400] "GET /wp-includes/js/tinymce/plugins/compat3x/?C=D;O=A HTTP/2.0" 200 1264 "https://wpadmin.srindustries.net.in/wp-includes/js/tinymce/plugins/compat3x/" "Mozilla/5.0 AppleWebKit/537.36 (KHTML, like Gecko; compatible; GPTBot/1.3; +https://openai.com/gptbot)"
74.7.227.62 - - [27/Mar/2026:11:45:37 -0400] "GET /wp-includes/SimplePie/src/HTTP/RawTextResponse.php HTTP/2.0" 500 0 "https://wpadmin.srindustries.net.in/wp-includes/SimplePie/src/HTTP/?C=S;O=A" "Mozilla/5.0 AppleWebKit/537.36 (KHTML, like Gecko; compatible; GPTBot/1.3; +https://openai.com/gptbot)"
74.7.227.62 - - [27/Mar/2026:11:45:44 -0400] "GET /wp-includes/SimplePie/src/HTTP/?C=S;O=D HTTP/2.0" 200 1078 "https://wpadmin.srindustries.net.in/wp-includes/SimplePie/src/HTTP/?C=S;O=A" "Mozilla/5.0 AppleWebKit/537.36 (KHTML, like Gecko; compatible; GPTBot/1.3; +https://openai.com/gptbot)"
74.7.227.62 - - [27/Mar/2026:11:45:46 -0400] "GET /wp-includes/js/tinymce/plugins/compat3x/?C=S;O=A HTTP/2.0" 200 1264 "https://wpadmin.srindustries.net.in/wp-includes/js/tinymce/plugins/compat3x/" "Mozilla/5.0 AppleWebKit/537.36 (KHTML, like Gecko; compatible; GPTBot/1.3; +https://openai.com/gptbot)"
74.7.227.62 - - [27/Mar/2026:11:45:53 -0400] "GET /wp-includes/js/tinymce/plugins/compat3x/?C=M;O=A HTTP/2.0" 200 1264 "https://wpadmin.srindustries.net.in/wp-includes/js/tinymce/plugins/compat3x/" "Mozilla/5.0 AppleWebKit/537.36 (KHTML, like Gecko; compatible; GPTBot/1.3; +https://openai.com/gptbot)"
74.7.227.62 - - [27/Mar/2026:11:45:54 -0400] "GET /wp-includes/js/tinymce/plugins/compat3x/?C=N;O=D HTTP/2.0" 200 1264 "https://wpadmin.srindustries.net.in/wp-includes/js/tinymce/plugins/compat3x/" "Mozilla/5.0 AppleWebKit/537.36 (KHTML, like Gecko; compatible; GPTBot/1.3; +https://openai.com/gptbot)"
74.7.227.62 - - [27/Mar/2026:11:45:56 -0400] "GET /wp-includes/js/tinymce/plugins/compat3x/plugin.js HTTP/2.0" 200 9450 "https://wpadmin.srindustries.net.in/wp-includes/js/tinymce/plugins/compat3x/?C=D;O=A" "Mozilla/5.0 AppleWebKit/537.36 (KHTML, like Gecko; compatible; GPTBot/1.3; +https://openai.com/gptbot)"
74.7.227.62 - - [27/Mar/2026:11:45:57 -0400] "GET /wp-includes/js/tinymce/plugins/compat3x/plugin.min.js HTTP/2.0" 200 4129 "https://wpadmin.srindustries.net.in/wp-includes/js/tinymce/plugins/compat3x/?C=D;O=A" "Mozilla/5.0 AppleWebKit/537.36 (KHTML, like Gecko; compatible; GPTBot/1.3; +https://openai.com/gptbot)"
74.7.227.62 - - [27/Mar/2026:11:45:59 -0400] "GET /wp-includes/js/tinymce/plugins/compat3x/?C=N;O=A HTTP/2.0" 200 1264 "https://wpadmin.srindustries.net.in/wp-includes/js/tinymce/plugins/compat3x/?C=D;O=A" "Mozilla/5.0 AppleWebKit/537.36 (KHTML, like Gecko; compatible; GPTBot/1.3; +https://openai.com/gptbot)"
74.7.227.62 - - [27/Mar/2026:11:46:01 -0400] "GET /wp-includes/sodium_compat/src/Core32/SecretStream/?C=D;O=A HTTP/2.0" 200 937 "https://wpadmin.srindustries.net.in/wp-includes/sodium_compat/src/Core32/SecretStream/" "Mozilla/5.0 AppleWebKit/537.36 (KHTML, like Gecko; compatible; GPTBot/1.3; +https://openai.com/gptbot)"
74.7.227.62 - - [27/Mar/2026:11:46:02 -0400] "GET /wp-includes/js/tinymce/plugins/compat3x/?C=S;O=D HTTP/2.0" 200 1264 "https://wpadmin.srindustries.net.in/wp-includes/js/tinymce/plugins/compat3x/?C=S;O=A" "Mozilla/5.0 AppleWebKit/537.36 (KHTML, like Gecko; compatible; GPTBot/1.3; +https://openai.com/gptbot)"
74.7.227.62 - - [27/Mar/2026:11:46:04 -0400] "GET /wp-includes/js/tinymce/plugins/compat3x/?C=M;O=D HTTP/2.0" 200 1264 "https://wpadmin.srindustries.net.in/wp-includes/js/tinymce/plugins/compat3x/?C=M;O=A" "Mozilla/5.0 AppleWebKit/537.36 (KHTML, like Gecko; compatible; GPTBot/1.3; +https://openai.com/gptbot)"
74.7.227.62 - - [27/Mar/2026:11:46:05 -0400] "GET /wp-includes/sodium_compat/src/Core32/SecretStream/?C=M;O=A HTTP/2.0" 200 937 "https://wpadmin.srindustries.net.in/wp-includes/sodium_compat/src/Core32/SecretStream/" "Mozilla/5.0 AppleWebKit/537.36 (KHTML, like Gecko; compatible; GPTBot/1.3; +https://openai.com/gptbot)"
74.7.227.62 - - [27/Mar/2026:11:46:06 -0400] "GET /wp-includes/sodium_compat/src/Core32/SecretStream/?C=S;O=A HTTP/2.0" 200 937 "https://wpadmin.srindustries.net.in/wp-includes/sodium_compat/src/Core32/SecretStream/" "Mozilla/5.0 AppleWebKit/537.36 (KHTML, like Gecko; compatible; GPTBot/1.3; +https://openai.com/gptbot)"
74.7.227.62 - - [27/Mar/2026:11:46:06 -0400] "GET /wp-includes/sodium_compat/src/Core32/SecretStream/?C=N;O=D HTTP/2.0" 200 937 "https://wpadmin.srindustries.net.in/wp-includes/sodium_compat/src/Core32/SecretStream/" "Mozilla/5.0 AppleWebKit/537.36 (KHTML, like Gecko; compatible; GPTBot/1.3; +https://openai.com/gptbot)"
74.7.227.62 - - [27/Mar/2026:11:46:07 -0400] "GET /wp-includes/sodium_compat/src/Core32/SecretStream/?C=D;O=D HTTP/2.0" 200 937 "https://wpadmin.srindustries.net.in/wp-includes/sodium_compat/src/Core32/SecretStream/?C=D;O=A" "Mozilla/5.0 AppleWebKit/537.36 (KHTML, like Gecko; compatible; GPTBot/1.3; +https://openai.com/gptbot)"
74.7.227.62 - - [27/Mar/2026:11:46:08 -0400] "GET /wp-includes/sodium_compat/src/Core32/SecretStream/?C=N;O=A HTTP/2.0" 200 937 "https://wpadmin.srindustries.net.in/wp-includes/sodium_compat/src/Core32/SecretStream/?C=D;O=A" "Mozilla/5.0 AppleWebKit/537.36 (KHTML, like Gecko; compatible; GPTBot/1.3; +https://openai.com/gptbot)"
74.7.227.62 - - [27/Mar/2026:11:46:09 -0400] "GET /wp-includes/js/tinymce/plugins/compat3x/?C=D;O=D HTTP/2.0" 200 1264 "https://wpadmin.srindustries.net.in/wp-includes/js/tinymce/plugins/compat3x/?C=D;O=A" "Mozilla/5.0 AppleWebKit/537.36 (KHTML, like Gecko; compatible; GPTBot/1.3; +https://openai.com/gptbot)"
74.7.227.62 - - [27/Mar/2026:11:46:11 -0400] "GET /wp-includes/sodium_compat/src/Core32/SecretStream/?C=M;O=D HTTP/2.0" 200 937 "https://wpadmin.srindustries.net.in/wp-includes/sodium_compat/src/Core32/SecretStream/?C=M;O=A" "Mozilla/5.0 AppleWebKit/537.36 (KHTML, like Gecko; compatible; GPTBot/1.3; +https://openai.com/gptbot)"
74.7.227.62 - - [27/Mar/2026:11:46:12 -0400] "GET /wp-includes/sodium_compat/src/Core32/SecretStream/?C=S;O=D HTTP/2.0" 200 937 "https://wpadmin.srindustries.net.in/wp-includes/sodium_compat/src/Core32/SecretStream/?C=S;O=A" "Mozilla/5.0 AppleWebKit/537.36 (KHTML, like Gecko; compatible; GPTBot/1.3; +https://openai.com/gptbot)"
74.7.227.62 - - [27/Mar/2026:11:46:12 -0400] "GET /wp-includes/sodium_compat/namespaced/Core/Curve25519/?C=M;O=A HTTP/2.0" 200 1289 "https://wpadmin.srindustries.net.in/wp-includes/sodium_compat/namespaced/Core/Curve25519/" "Mozilla/5.0 AppleWebKit/537.36 (KHTML, like Gecko; compatible; GPTBot/1.3; +https://openai.com/gptbot)"
74.7.227.62 - - [27/Mar/2026:11:46:13 -0400] "GET /wp-includes/sodium_compat/namespaced/Core/Curve25519/?C=S;O=A HTTP/2.0" 200 1289 "https://wpadmin.srindustries.net.in/wp-includes/sodium_compat/namespaced/Core/Curve25519/" "Mozilla/5.0 AppleWebKit/537.36 (KHTML, like Gecko; compatible; GPTBot/1.3; +https://openai.com/gptbot)"
74.7.227.62 - - [27/Mar/2026:11:46:14 -0400] "GET /wp-includes/sodium_compat/namespaced/Core/Curve25519/?C=D;O=A HTTP/2.0" 200 1289 "https://wpadmin.srindustries.net.in/wp-includes/sodium_compat/namespaced/Core/Curve25519/" "Mozilla/5.0 AppleWebKit/537.36 (KHTML, like Gecko; compatible; GPTBot/1.3; +https://openai.com/gptbot)"
74.7.227.62 - - [27/Mar/2026:11:46:16 -0400] "GET /wp-includes/sodium_compat/namespaced/Core/Curve25519/?C=N;O=D HTTP/2.0" 200 1289 "https://wpadmin.srindustries.net.in/wp-includes/sodium_compat/namespaced/Core/Curve25519/" "Mozilla/5.0 AppleWebKit/537.36 (KHTML, like Gecko; compatible; GPTBot/1.3; +https://openai.com/gptbot)"
74.7.227.62 - - [27/Mar/2026:11:46:16 -0400] "GET /wp-includes/js/tinymce/plugins/wptextpattern/?C=M;O=A HTTP/2.0" 200 1102 "https://wpadmin.srindustries.net.in/wp-includes/js/tinymce/plugins/wptextpattern/" "Mozilla/5.0 AppleWebKit/537.36 (KHTML, like Gecko; compatible; GPTBot/1.3; +https://openai.com/gptbot)"
74.7.227.62 - - [27/Mar/2026:11:46:17 -0400] "GET /wp-includes/js/tinymce/plugins/wptextpattern/?C=D;O=A HTTP/2.0" 200 1102 "https://wpadmin.srindustries.net.in/wp-includes/js/tinymce/plugins/wptextpattern/" "Mozilla/5.0 AppleWebKit/537.36 (KHTML, like Gecko; compatible; GPTBot/1.3; +https://openai.com/gptbot)"
74.7.227.62 - - [27/Mar/2026:11:46:18 -0400] "GET /wp-includes/sodium_compat/namespaced/Core/Curve25519/Fe.php HTTP/2.0" 500 0 "https://wpadmin.srindustries.net.in/wp-includes/sodium_compat/namespaced/Core/Curve25519/?C=M;O=A" "Mozilla/5.0 AppleWebKit/537.36 (KHTML, like Gecko; compatible; GPTBot/1.3; +https://openai.com/gptbot)"
74.7.227.62 - - [27/Mar/2026:11:46:18 -0400] "GET /wp-includes/sodium_compat/namespaced/Core/Curve25519/H.php HTTP/2.0" 500 0 "https://wpadmin.srindustries.net.in/wp-includes/sodium_compat/namespaced/Core/Curve25519/?C=M;O=A" "Mozilla/5.0 AppleWebKit/537.36 (KHTML, like Gecko; compatible; GPTBot/1.3; +https://openai.com/gptbot)"
74.7.227.62 - - [27/Mar/2026:11:49:32 -0400] "GET /wp-includes/sodium_compat/namespaced/Core/Curve25519/?C=D;O=D HTTP/2.0" 200 1289 "https://wpadmin.srindustries.net.in/wp-includes/sodium_compat/namespaced/Core/Curve25519/?C=D;O=A" "Mozilla/5.0 AppleWebKit/537.36 (KHTML, like Gecko; compatible; GPTBot/1.3; +https://openai.com/gptbot)"
74.7.244.10 - - [27/Mar/2026:11:49:33 -0400] "GET /robots.txt HTTP/2.0" 404 355 "-" "Mozilla/5.0 (Macintosh; Intel Mac OS X 10_15_7) AppleWebKit/537.36 (KHTML, like Gecko) Chrome/131.0.0.0 Safari/537.36; compatible; OAI-SearchBot/1.3; robots.txt; +https://openai.com/searchbot"
74.7.227.62 - - [27/Mar/2026:11:49:57 -0400] "GET /wp-includes/sodium_compat/namespaced/Core/Curve25519/?C=M;O=D HTTP/2.0" 200 1289 "https://wpadmin.srindustries.net.in/wp-includes/sodium_compat/namespaced/Core/Curve25519/?C=M;O=A" "Mozilla/5.0 AppleWebKit/537.36 (KHTML, like Gecko; compatible; GPTBot/1.3; +https://openai.com/gptbot)"
74.7.227.62 - - [27/Mar/2026:11:50:20 -0400] "GET /wp-includes/sodium_compat/namespaced/Core/Curve25519/?C=S;O=D HTTP/2.0" 200 1289 "https://wpadmin.srindustries.net.in/wp-includes/sodium_compat/namespaced/Core/Curve25519/?C=S;O=A" "Mozilla/5.0 AppleWebKit/537.36 (KHTML, like Gecko; compatible; GPTBot/1.3; +https://openai.com/gptbot)"
74.7.227.62 - - [27/Mar/2026:11:50:41 -0400] "GET /wp-includes/sodium_compat/namespaced/Core/Curve25519/?C=N;O=A HTTP/2.0" 200 1289 "https://wpadmin.srindustries.net.in/wp-includes/sodium_compat/namespaced/Core/Curve25519/?C=M;O=A" "Mozilla/5.0 AppleWebKit/537.36 (KHTML, like Gecko; compatible; GPTBot/1.3; +https://openai.com/gptbot)"
74.7.227.62 - - [27/Mar/2026:11:51:00 -0400] "GET /wp-includes/js/tinymce/plugins/wptextpattern/?C=D;O=D HTTP/2.0" 200 1102 "https://wpadmin.srindustries.net.in/wp-includes/js/tinymce/plugins/wptextpattern/?C=D;O=A" "Mozilla/5.0 AppleWebKit/537.36 (KHTML, like Gecko; compatible; GPTBot/1.3; +https://openai.com/gptbot)"
74.7.227.62 - - [27/Mar/2026:11:51:16 -0400] "GET /wp-includes/js/tinymce/plugins/wptextpattern/?C=N;O=D HTTP/2.0" 200 1102 "https://wpadmin.srindustries.net.in/wp-includes/js/tinymce/plugins/wptextpattern/" "Mozilla/5.0 AppleWebKit/537.36 (KHTML, like Gecko; compatible; GPTBot/1.3; +https://openai.com/gptbot)"
74.7.227.62 - - [27/Mar/2026:11:55:30 -0400] "GET /wp-includes/js/tinymce/plugins/wptextpattern/?C=S;O=A HTTP/2.0" 200 1102 "https://wpadmin.srindustries.net.in/wp-includes/js/tinymce/plugins/wptextpattern/" "Mozilla/5.0 AppleWebKit/537.36 (KHTML, like Gecko; compatible; GPTBot/1.3; +https://openai.com/gptbot)"
74.7.244.10 - - [27/Mar/2026:11:55:30 -0400] "GET /robots.txt HTTP/2.0" 404 355 "-" "Mozilla/5.0 (Macintosh; Intel Mac OS X 10_15_7) AppleWebKit/537.36 (KHTML, like Gecko) Chrome/131.0.0.0 Safari/537.36; compatible; OAI-SearchBot/1.3; robots.txt; +https://openai.com/searchbot"
74.7.227.62 - - [27/Mar/2026:11:58:18 -0400] "GET /wp-includes/js/tinymce/plugins/wptextpattern/?C=M;O=D HTTP/2.0" 200 1102 "https://wpadmin.srindustries.net.in/wp-includes/js/tinymce/plugins/wptextpattern/?C=M;O=A" "Mozilla/5.0 AppleWebKit/537.36 (KHTML, like Gecko; compatible; GPTBot/1.3; +https://openai.com/gptbot)"
44.222.228.186 - - [27/Mar/2026:11:59:57 -0400] "GET /wp-json/wp/v2/pages/578 HTTP/1.1" 404 355 "-" "node-fetch/1.0 (+https://github.com/bitinn/node-fetch)"
74.7.227.62 - - [27/Mar/2026:12:00:23 -0400] "GET /wp-includes/js/tinymce/plugins/wptextpattern/?C=N;O=A HTTP/2.0" 200 1102 "https://wpadmin.srindustries.net.in/wp-includes/js/tinymce/plugins/wptextpattern/?C=M;O=A" "Mozilla/5.0 AppleWebKit/537.36 (KHTML, like Gecko; compatible; GPTBot/1.3; +https://openai.com/gptbot)"
74.7.244.10 - - [27/Mar/2026:12:01:00 -0400] "GET /robots.txt HTTP/2.0" 404 355 "-" "Mozilla/5.0 (Macintosh; Intel Mac OS X 10_15_7) AppleWebKit/537.36 (KHTML, like Gecko) Chrome/131.0.0.0 Safari/537.36; compatible; OAI-SearchBot/1.3; robots.txt; +https://openai.com/searchbot"
74.7.227.62 - - [27/Mar/2026:12:01:25 -0400] "GET /wp-includes/js/dist/script-modules/block-library/navigation/view.min.js?ver=b0f909c3ec791c383210 HTTP/2.0" 200 3401 "https://wpadmin.srindustries.net.in/?p=1117" "Mozilla/5.0 AppleWebKit/537.36 (KHTML, like Gecko; compatible; GPTBot/1.3; +https://openai.com/gptbot)"
74.7.227.62 - - [27/Mar/2026:12:02:39 -0400] "GET /wp-includes/js/tinymce/plugins/wptextpattern/?C=S;O=D HTTP/2.0" 200 1102 "https://wpadmin.srindustries.net.in/wp-includes/js/tinymce/plugins/wptextpattern/?C=S;O=A" "Mozilla/5.0 AppleWebKit/537.36 (KHTML, like Gecko; compatible; GPTBot/1.3; +https://openai.com/gptbot)"
74.7.227.62 - - [27/Mar/2026:12:02:59 -0400] "GET /wp-includes/SimplePie/src/Net/?C=M;O=A HTTP/2.0" 200 709 "https://wpadmin.srindustries.net.in/wp-includes/SimplePie/src/Net/" "Mozilla/5.0 AppleWebKit/537.36 (KHTML, like Gecko; compatible; GPTBot/1.3; +https://openai.com/gptbot)"
74.7.227.62 - - [27/Mar/2026:12:04:00 -0400] "GET /wp-includes/js/tinymce/langs/?C=M;O=A HTTP/2.0" 200 886 "https://wpadmin.srindustries.net.in/wp-includes/js/tinymce/langs/" "Mozilla/5.0 AppleWebKit/537.36 (KHTML, like Gecko; compatible; GPTBot/1.3; +https://openai.com/gptbot)"
74.7.227.62 - - [27/Mar/2026:12:04:11 -0400] "GET /wp-includes/js/tinymce/langs/?C=D;O=A HTTP/2.0" 200 886 "https://wpadmin.srindustries.net.in/wp-includes/js/tinymce/langs/" "Mozilla/5.0 AppleWebKit/537.36 (KHTML, like Gecko; compatible; GPTBot/1.3; +https://openai.com/gptbot)"
74.7.227.62 - - [27/Mar/2026:12:04:54 -0400] "GET /wp-includes/SimplePie/src/XML/?C=S;O=A HTTP/2.0" 200 889 "https://wpadmin.srindustries.net.in/wp-includes/SimplePie/src/XML/" "Mozilla/5.0 AppleWebKit/537.36 (KHTML, like Gecko; compatible; GPTBot/1.3; +https://openai.com/gptbot)"
74.7.227.62 - - [27/Mar/2026:12:05:00 -0400] "GET /wp-includes/SimplePie/src/Net/?C=M;O=D HTTP/2.0" 200 709 "https://wpadmin.srindustries.net.in/wp-includes/SimplePie/src/Net/?C=M;O=A" "Mozilla/5.0 AppleWebKit/537.36 (KHTML, like Gecko; compatible; GPTBot/1.3; +https://openai.com/gptbot)"
74.7.227.62 - - [27/Mar/2026:12:05:06 -0400] "GET /wp-includes/SimplePie/src/Net/?C=D;O=A HTTP/2.0" 200 709 "https://wpadmin.srindustries.net.in/wp-includes/SimplePie/src/Net/" "Mozilla/5.0 AppleWebKit/537.36 (KHTML, like Gecko; compatible; GPTBot/1.3; +https://openai.com/gptbot)"
74.7.227.62 - - [27/Mar/2026:12:05:23 -0400] "GET /wp-includes/js/tinymce/langs/?C=D;O=D HTTP/2.0" 200 886 "https://wpadmin.srindustries.net.in/wp-includes/js/tinymce/langs/?C=D;O=A" "Mozilla/5.0 AppleWebKit/537.36 (KHTML, like Gecko; compatible; GPTBot/1.3; +https://openai.com/gptbot)"
74.7.227.62 - - [27/Mar/2026:12:05:40 -0400] "GET /wp-includes/SimplePie/src/Net/?C=D;O=D HTTP/2.0" 200 709 "https://wpadmin.srindustries.net.in/wp-includes/SimplePie/src/Net/?C=D;O=A" "Mozilla/5.0 AppleWebKit/537.36 (KHTML, like Gecko; compatible; GPTBot/1.3; +https://openai.com/gptbot)"
74.7.227.62 - - [27/Mar/2026:12:05:41 -0400] "GET /wp-includes/js/tinymce/langs/?C=N;O=A HTTP/2.0" 200 886 "https://wpadmin.srindustries.net.in/wp-includes/js/tinymce/langs/?C=M;O=A" "Mozilla/5.0 AppleWebKit/537.36 (KHTML, like Gecko; compatible; GPTBot/1.3; +https://openai.com/gptbot)"
74.7.227.62 - - [27/Mar/2026:12:05:43 -0400] "GET /wp-includes/SimplePie/src/XML/?C=N;O=A HTTP/2.0" 200 889 "https://wpadmin.srindustries.net.in/wp-includes/SimplePie/src/XML/?C=S;O=A" "Mozilla/5.0 AppleWebKit/537.36 (KHTML, like Gecko; compatible; GPTBot/1.3; +https://openai.com/gptbot)"
74.7.227.62 - - [27/Mar/2026:12:05:45 -0400] "GET /wp-includes/SimplePie/src/HTTP/?C=N;O=D HTTP/2.0" 200 1078 "https://wpadmin.srindustries.net.in/wp-includes/SimplePie/src/HTTP/" "Mozilla/5.0 AppleWebKit/537.36 (KHTML, like Gecko; compatible; GPTBot/1.3; +https://openai.com/gptbot)"
74.7.227.62 - - [27/Mar/2026:12:05:49 -0400] "GET /wp-includes/SimplePie/src/HTTP/?C=M;O=A HTTP/2.0" 200 1078 "https://wpadmin.srindustries.net.in/wp-includes/SimplePie/src/HTTP/" "Mozilla/5.0 AppleWebKit/537.36 (KHTML, like Gecko; compatible; GPTBot/1.3; +https://openai.com/gptbot)"
74.7.227.62 - - [27/Mar/2026:12:05:50 -0400] "GET /wp-includes/SimplePie/src/HTTP/?C=N;O=A HTTP/2.0" 200 1078 "https://wpadmin.srindustries.net.in/wp-includes/SimplePie/src/HTTP/?C=S;O=A" "Mozilla/5.0 AppleWebKit/537.36 (KHTML, like Gecko; compatible; GPTBot/1.3; +https://openai.com/gptbot)"
74.7.227.62 - - [27/Mar/2026:12:05:51 -0400] "GET /wp-includes/js/tinymce/langs/?C=N;O=D HTTP/2.0" 200 886 "https://wpadmin.srindustries.net.in/wp-includes/js/tinymce/langs/" "Mozilla/5.0 AppleWebKit/537.36 (KHTML, like Gecko; compatible; GPTBot/1.3; +https://openai.com/gptbot)"
74.7.227.62 - - [27/Mar/2026:12:05:52 -0400] "GET /wp-includes/js/tinymce/langs/?C=M;O=D HTTP/2.0" 200 886 "https://wpadmin.srindustries.net.in/wp-includes/js/tinymce/langs/?C=M;O=A" "Mozilla/5.0 AppleWebKit/537.36 (KHTML, like Gecko; compatible; GPTBot/1.3; +https://openai.com/gptbot)"
74.7.227.62 - - [27/Mar/2026:12:05:53 -0400] "GET /wp-includes/js/tinymce/langs/?C=S;O=A HTTP/2.0" 200 886 "https://wpadmin.srindustries.net.in/wp-includes/js/tinymce/langs/" "Mozilla/5.0 AppleWebKit/537.36 (KHTML, like Gecko; compatible; GPTBot/1.3; +https://openai.com/gptbot)"
74.7.227.62 - - [27/Mar/2026:12:05:54 -0400] "GET /wp-includes/SimplePie/src/XML/?C=D;O=A HTTP/2.0" 200 889 "https://wpadmin.srindustries.net.in/wp-includes/SimplePie/src/XML/" "Mozilla/5.0 AppleWebKit/537.36 (KHTML, like Gecko; compatible; GPTBot/1.3; +https://openai.com/gptbot)"
74.7.227.62 - - [27/Mar/2026:12:05:55 -0400] "GET /wp-includes/SimplePie/src/HTTP/?C=M;O=D HTTP/2.0" 200 1078 "https://wpadmin.srindustries.net.in/wp-includes/SimplePie/src/HTTP/?C=M;O=A" "Mozilla/5.0 AppleWebKit/537.36 (KHTML, like Gecko; compatible; GPTBot/1.3; +https://openai.com/gptbot)"
74.7.227.62 - - [27/Mar/2026:12:05:58 -0400] "GET /wp-includes/SimplePie/src/XML/?C=M;O=A HTTP/2.0" 200 889 "https://wpadmin.srindustries.net.in/wp-includes/SimplePie/src/XML/" "Mozilla/5.0 AppleWebKit/537.36 (KHTML, like Gecko; compatible; GPTBot/1.3; +https://openai.com/gptbot)"
74.7.244.10 - - [27/Mar/2026:12:05:58 -0400] "GET /robots.txt HTTP/2.0" 404 355 "-" "Mozilla/5.0 (Macintosh; Intel Mac OS X 10_15_7) AppleWebKit/537.36 (KHTML, like Gecko) Chrome/131.0.0.0 Safari/537.36; compatible; OAI-SearchBot/1.3; robots.txt; +https://openai.com/searchbot"
74.7.227.62 - - [27/Mar/2026:12:05:59 -0400] "GET /wp-includes/SimplePie/src/XML/?C=S;O=D HTTP/2.0" 200 889 "https://wpadmin.srindustries.net.in/wp-includes/SimplePie/src/XML/?C=S;O=A" "Mozilla/5.0 AppleWebKit/537.36 (KHTML, like Gecko; compatible; GPTBot/1.3; +https://openai.com/gptbot)"
74.7.227.62 - - [27/Mar/2026:12:06:00 -0400] "GET /wp-includes/SimplePie/src/XML/?C=D;O=D HTTP/2.0" 200 889 "https://wpadmin.srindustries.net.in/wp-includes/SimplePie/src/XML/?C=D;O=A" "Mozilla/5.0 AppleWebKit/537.36 (KHTML, like Gecko; compatible; GPTBot/1.3; +https://openai.com/gptbot)"
74.7.227.62 - - [27/Mar/2026:12:06:00 -0400] "GET /wp-includes/js/tinymce/langs/?C=S;O=D HTTP/2.0" 200 886 "https://wpadmin.srindustries.net.in/wp-includes/js/tinymce/langs/?C=S;O=A" "Mozilla/5.0 AppleWebKit/537.36 (KHTML, like Gecko; compatible; GPTBot/1.3; +https://openai.com/gptbot)"
74.7.227.62 - - [27/Mar/2026:12:06:02 -0400] "GET /wp-includes/SimplePie/src/XML/?C=N;O=D HTTP/2.0" 200 889 "https://wpadmin.srindustries.net.in/wp-includes/SimplePie/src/XML/" "Mozilla/5.0 AppleWebKit/537.36 (KHTML, like Gecko; compatible; GPTBot/1.3; +https://openai.com/gptbot)"
74.7.227.62 - - [27/Mar/2026:12:06:03 -0400] "GET /wp-includes/SimplePie/src/XML/?C=M;O=D HTTP/2.0" 200 889 "https://wpadmin.srindustries.net.in/wp-includes/SimplePie/src/XML/?C=M;O=A" "Mozilla/5.0 AppleWebKit/537.36 (KHTML, like Gecko; compatible; GPTBot/1.3; +https://openai.com/gptbot)"
74.7.227.62 - - [27/Mar/2026:12:06:05 -0400] "GET /wp-includes/SimplePie/src/HTTP/?C=D;O=A HTTP/2.0" 200 1078 "https://wpadmin.srindustries.net.in/wp-includes/SimplePie/src/HTTP/" "Mozilla/5.0 AppleWebKit/537.36 (KHTML, like Gecko; compatible; GPTBot/1.3; +https://openai.com/gptbot)"
74.7.227.62 - - [27/Mar/2026:12:06:06 -0400] "GET /wp-includes/js/dist/script-modules/interactivity/index.min.js?ver=66c613f68580994bb00a HTTP/2.0" 200 41194 "https://wpadmin.srindustries.net.in/?p=1117" "Mozilla/5.0 AppleWebKit/537.36 (KHTML, like Gecko; compatible; GPTBot/1.3; +https://openai.com/gptbot)"
74.7.227.62 - - [27/Mar/2026:12:06:07 -0400] "GET /wp-includes/Requests/src/Utility/?C=S;O=A HTTP/2.0" 200 714 "https://wpadmin.srindustries.net.in/wp-includes/Requests/src/Utility/" "Mozilla/5.0 AppleWebKit/537.36 (KHTML, like Gecko; compatible; GPTBot/1.3; +https://openai.com/gptbot)"
74.7.227.62 - - [27/Mar/2026:12:06:09 -0400] "GET /wp-includes/Requests/src/Utility/?C=N;O=D HTTP/2.0" 200 714 "https://wpadmin.srindustries.net.in/wp-includes/Requests/src/Utility/" "Mozilla/5.0 AppleWebKit/537.36 (KHTML, like Gecko; compatible; GPTBot/1.3; +https://openai.com/gptbot)"
74.7.227.62 - - [27/Mar/2026:12:06:10 -0400] "GET /wp-includes/SimplePie/src/Content/?C=S;O=A HTTP/2.0" 200 890 "https://wpadmin.srindustries.net.in/wp-includes/SimplePie/src/Content/" "Mozilla/5.0 AppleWebKit/537.36 (KHTML, like Gecko; compatible; GPTBot/1.3; +https://openai.com/gptbot)"
18.212.120.208 - - [27/Mar/2026:12:06:11 -0400] "GET /wp-json/wp/v2/pages/578 HTTP/1.1" 404 355 "-" "node-fetch/1.0 (+https://github.com/bitinn/node-fetch)"
74.7.227.62 - - [27/Mar/2026:12:06:12 -0400] "GET /wp-includes/SimplePie/src/HTTP/?C=D;O=D HTTP/2.0" 200 1078 "https://wpadmin.srindustries.net.in/wp-includes/SimplePie/src/HTTP/?C=D;O=A" "Mozilla/5.0 AppleWebKit/537.36 (KHTML, like Gecko; compatible; GPTBot/1.3; +https://openai.com/gptbot)"
74.7.227.62 - - [27/Mar/2026:12:06:13 -0400] "GET /wp-includes/Requests/src/Utility/?C=N;O=A HTTP/2.0" 200 714 "https://wpadmin.srindustries.net.in/wp-includes/Requests/src/Utility/?C=S;O=A" "Mozilla/5.0 AppleWebKit/537.36 (KHTML, like Gecko; compatible; GPTBot/1.3; +https://openai.com/gptbot)"
74.7.227.62 - - [27/Mar/2026:12:06:14 -0400] "GET /wp-includes/Requests/src/Utility/?C=S;O=D HTTP/2.0" 200 714 "https://wpadmin.srindustries.net.in/wp-includes/Requests/src/Utility/?C=S;O=A" "Mozilla/5.0 AppleWebKit/537.36 (KHTML, like Gecko; compatible; GPTBot/1.3; +https://openai.com/gptbot)"
74.7.227.62 - - [27/Mar/2026:12:06:15 -0400] "GET /wp-includes/Requests/src/Utility/?C=M;O=A HTTP/2.0" 200 714 "https://wpadmin.srindustries.net.in/wp-includes/Requests/src/Utility/" "Mozilla/5.0 AppleWebKit/537.36 (KHTML, like Gecko; compatible; GPTBot/1.3; +https://openai.com/gptbot)"
74.7.227.62 - - [27/Mar/2026:12:06:16 -0400] "GET /wp-includes/SimplePie/src/Content/Type/ HTTP/2.0" 200 914 "https://wpadmin.srindustries.net.in/wp-includes/SimplePie/src/Content/?C=S;O=A" "Mozilla/5.0 AppleWebKit/537.36 (KHTML, like Gecko; compatible; GPTBot/1.3; +https://openai.com/gptbot)"
74.7.227.62 - - [27/Mar/2026:12:06:16 -0400] "GET /wp-includes/SimplePie/src/Content/?C=S;O=D HTTP/2.0" 200 890 "https://wpadmin.srindustries.net.in/wp-includes/SimplePie/src/Content/?C=S;O=A" "Mozilla/5.0 AppleWebKit/537.36 (KHTML, like Gecko; compatible; GPTBot/1.3; +https://openai.com/gptbot)"
74.7.227.62 - - [27/Mar/2026:12:06:17 -0400] "GET /wp-includes/Requests/src/Utility/?C=D;O=A HTTP/2.0" 200 714 "https://wpadmin.srindustries.net.in/wp-includes/Requests/src/Utility/" "Mozilla/5.0 AppleWebKit/537.36 (KHTML, like Gecko; compatible; GPTBot/1.3; +https://openai.com/gptbot)"
74.7.227.62 - - [27/Mar/2026:12:06:21 -0400] "GET /wp-includes/Requests/src/Utility/?C=M;O=D HTTP/2.0" 200 714 "https://wpadmin.srindustries.net.in/wp-includes/Requests/src/Utility/?C=M;O=A" "Mozilla/5.0 AppleWebKit/537.36 (KHTML, like Gecko; compatible; GPTBot/1.3; +https://openai.com/gptbot)"
74.7.227.62 - - [27/Mar/2026:12:06:22 -0400] "GET /wp-includes/SimplePie/src/Content/Type/Sniffer.php HTTP/2.0" 200 0 "https://wpadmin.srindustries.net.in/wp-includes/SimplePie/src/Content/Type/" "Mozilla/5.0 AppleWebKit/537.36 (KHTML, like Gecko; compatible; GPTBot/1.3; +https://openai.com/gptbot)"
74.7.227.62 - - [27/Mar/2026:12:06:22 -0400] "GET /wp-includes/js/tinymce/plugins/wpautoresize/?C=N;O=D HTTP/2.0" 200 1100 "https://wpadmin.srindustries.net.in/wp-includes/js/tinymce/plugins/wpautoresize/" "Mozilla/5.0 AppleWebKit/537.36 (KHTML, like Gecko; compatible; GPTBot/1.3; +https://openai.com/gptbot)"
74.7.227.62 - - [27/Mar/2026:12:06:23 -0400] "GET /wp-includes/js/tinymce/plugins/wpautoresize/?C=M;O=A HTTP/2.0" 200 1100 "https://wpadmin.srindustries.net.in/wp-includes/js/tinymce/plugins/wpautoresize/" "Mozilla/5.0 AppleWebKit/537.36 (KHTML, like Gecko; compatible; GPTBot/1.3; +https://openai.com/gptbot)"
74.7.227.62 - - [27/Mar/2026:12:06:24 -0400] "GET /wp-includes/js/tinymce/plugins/wpautoresize/?C=S;O=A HTTP/2.0" 200 1100 "https://wpadmin.srindustries.net.in/wp-includes/js/tinymce/plugins/wpautoresize/" "Mozilla/5.0 AppleWebKit/537.36 (KHTML, like Gecko; compatible; GPTBot/1.3; +https://openai.com/gptbot)"
74.7.227.62 - - [27/Mar/2026:12:06:25 -0400] "GET /wp-includes/js/tinymce/plugins/wpautoresize/?C=D;O=A HTTP/2.0" 200 1100 "https://wpadmin.srindustries.net.in/wp-includes/js/tinymce/plugins/wpautoresize/" "Mozilla/5.0 AppleWebKit/537.36 (KHTML, like Gecko; compatible; GPTBot/1.3; +https://openai.com/gptbot)"
74.7.227.62 - - [27/Mar/2026:12:06:27 -0400] "GET /wp-includes/Requests/src/Utility/?C=D;O=D HTTP/2.0" 200 714 "https://wpadmin.srindustries.net.in/wp-includes/Requests/src/Utility/?C=D;O=A" "Mozilla/5.0 AppleWebKit/537.36 (KHTML, like Gecko; compatible; GPTBot/1.3; +https://openai.com/gptbot)"
74.7.227.62 - - [27/Mar/2026:12:06:28 -0400] "GET /wp-includes/js/tinymce/plugins/wpautoresize/?C=N;O=A HTTP/2.0" 200 1100 "https://wpadmin.srindustries.net.in/wp-includes/js/tinymce/plugins/wpautoresize/?C=N;O=D" "Mozilla/5.0 AppleWebKit/537.36 (KHTML, like Gecko; compatible; GPTBot/1.3; +https://openai.com/gptbot)"
74.7.227.62 - - [27/Mar/2026:12:06:28 -0400] "GET /wp-includes/js/tinymce/plugins/wpautoresize/?C=M;O=D HTTP/2.0" 200 1100 "https://wpadmin.srindustries.net.in/wp-includes/js/tinymce/plugins/wpautoresize/?C=M;O=A" "Mozilla/5.0 AppleWebKit/537.36 (KHTML, like Gecko; compatible; GPTBot/1.3; +https://openai.com/gptbot)"
