74.7.227.62 - - [27/Mar/2026:09:42:56 -0400] "GET /wp-includes/js/dist/vendor/?C=D;O=A HTTP/2.0" 200 697 "https://wpadmin.srindustries.net.in/wp-includes/js/dist/vendor/" "Mozilla/5.0 AppleWebKit/537.36 (KHTML, like Gecko; compatible; GPTBot/1.3; +https://openai.com/gptbot)"
74.7.227.62 - - [27/Mar/2026:09:42:57 -0400] "GET /wp-includes/js/mediaelement/renderers/?C=D;O=D HTTP/2.0" 200 1083 "https://wpadmin.srindustries.net.in/wp-includes/js/mediaelement/renderers/?C=D;O=A" "Mozilla/5.0 AppleWebKit/537.36 (KHTML, like Gecko; compatible; GPTBot/1.3; +https://openai.com/gptbot)"
74.7.227.62 - - [27/Mar/2026:09:42:58 -0400] "GET /wp-includes/js/mediaelement/renderers/?C=M;O=D HTTP/2.0" 200 1083 "https://wpadmin.srindustries.net.in/wp-includes/js/mediaelement/renderers/?C=M;O=A" "Mozilla/5.0 AppleWebKit/537.36 (KHTML, like Gecko; compatible; GPTBot/1.3; +https://openai.com/gptbot)"
74.7.227.62 - - [27/Mar/2026:09:42:59 -0400] "GET /wp-includes/js/mediaelement/renderers/?C=N;O=A HTTP/2.0" 200 1083 "https://wpadmin.srindustries.net.in/wp-includes/js/mediaelement/renderers/?C=D;O=A" "Mozilla/5.0 AppleWebKit/537.36 (KHTML, like Gecko; compatible; GPTBot/1.3; +https://openai.com/gptbot)"
74.7.227.62 - - [27/Mar/2026:09:43:03 -0400] "GET /wp-includes/js/mediaelement/renderers/?C=S;O=D HTTP/2.0" 200 1083 "https://wpadmin.srindustries.net.in/wp-includes/js/mediaelement/renderers/?C=S;O=A" "Mozilla/5.0 AppleWebKit/537.36 (KHTML, like Gecko; compatible; GPTBot/1.3; +https://openai.com/gptbot)"
74.7.227.62 - - [27/Mar/2026:09:43:04 -0400] "GET /wp-includes/js/dist/vendor/?C=D;O=D HTTP/2.0" 200 697 "https://wpadmin.srindustries.net.in/wp-includes/js/dist/vendor/?C=D;O=A" "Mozilla/5.0 AppleWebKit/537.36 (KHTML, like Gecko; compatible; GPTBot/1.3; +https://openai.com/gptbot)"
74.7.227.62 - - [27/Mar/2026:09:43:05 -0400] "GET /wp-includes/js/dist/vendor/?C=N;O=A HTTP/2.0" 200 697 "https://wpadmin.srindustries.net.in/wp-includes/js/dist/vendor/?C=D;O=A" "Mozilla/5.0 AppleWebKit/537.36 (KHTML, like Gecko; compatible; GPTBot/1.3; +https://openai.com/gptbot)"
74.7.227.62 - - [27/Mar/2026:09:43:05 -0400] "GET /wp-includes/js/dist/vendor/?C=M;O=A HTTP/2.0" 200 697 "https://wpadmin.srindustries.net.in/wp-includes/js/dist/vendor/" "Mozilla/5.0 AppleWebKit/537.36 (KHTML, like Gecko; compatible; GPTBot/1.3; +https://openai.com/gptbot)"
74.7.227.62 - - [27/Mar/2026:09:43:06 -0400] "GET /wp-includes/js/dist/vendor/?C=S;O=A HTTP/2.0" 200 697 "https://wpadmin.srindustries.net.in/wp-includes/js/dist/vendor/" "Mozilla/5.0 AppleWebKit/537.36 (KHTML, like Gecko; compatible; GPTBot/1.3; +https://openai.com/gptbot)"
74.7.227.62 - - [27/Mar/2026:09:43:07 -0400] "GET /wp-includes/js/dist/vendor/?C=N;O=D HTTP/2.0" 200 697 "https://wpadmin.srindustries.net.in/wp-includes/js/dist/vendor/" "Mozilla/5.0 AppleWebKit/537.36 (KHTML, like Gecko; compatible; GPTBot/1.3; +https://openai.com/gptbot)"
74.7.227.62 - - [27/Mar/2026:09:43:10 -0400] "GET /wp-includes/sodium_compat/namespaced/Core/Poly1305/?C=D;O=A HTTP/2.0" 200 944 "https://wpadmin.srindustries.net.in/wp-includes/sodium_compat/namespaced/Core/Poly1305/" "Mozilla/5.0 AppleWebKit/537.36 (KHTML, like Gecko; compatible; GPTBot/1.3; +https://openai.com/gptbot)"
74.7.227.62 - - [27/Mar/2026:09:43:11 -0400] "GET /wp-includes/js/dist/vendor/?C=M;O=D HTTP/2.0" 200 697 "https://wpadmin.srindustries.net.in/wp-includes/js/dist/vendor/?C=M;O=A" "Mozilla/5.0 AppleWebKit/537.36 (KHTML, like Gecko; compatible; GPTBot/1.3; +https://openai.com/gptbot)"
74.7.227.62 - - [27/Mar/2026:09:43:11 -0400] "GET /wp-includes/js/dist/vendor/?C=S;O=D HTTP/2.0" 200 697 "https://wpadmin.srindustries.net.in/wp-includes/js/dist/vendor/?C=S;O=A" "Mozilla/5.0 AppleWebKit/537.36 (KHTML, like Gecko; compatible; GPTBot/1.3; +https://openai.com/gptbot)"
74.7.227.62 - - [27/Mar/2026:09:43:12 -0400] "GET /wp-includes/sodium_compat/namespaced/Core/Poly1305/?C=N;O=D HTTP/2.0" 200 944 "https://wpadmin.srindustries.net.in/wp-includes/sodium_compat/namespaced/Core/Poly1305/" "Mozilla/5.0 AppleWebKit/537.36 (KHTML, like Gecko; compatible; GPTBot/1.3; +https://openai.com/gptbot)"
74.7.227.62 - - [27/Mar/2026:09:43:13 -0400] "GET /wp-includes/sodium_compat/namespaced/Core/Poly1305/?C=S;O=A HTTP/2.0" 200 944 "https://wpadmin.srindustries.net.in/wp-includes/sodium_compat/namespaced/Core/Poly1305/" "Mozilla/5.0 AppleWebKit/537.36 (KHTML, like Gecko; compatible; GPTBot/1.3; +https://openai.com/gptbot)"
74.7.227.62 - - [27/Mar/2026:09:43:16 -0400] "GET /wp-includes/sodium_compat/namespaced/Core/Poly1305/?C=M;O=A HTTP/2.0" 200 944 "https://wpadmin.srindustries.net.in/wp-includes/sodium_compat/namespaced/Core/Poly1305/" "Mozilla/5.0 AppleWebKit/537.36 (KHTML, like Gecko; compatible; GPTBot/1.3; +https://openai.com/gptbot)"
74.7.227.62 - - [27/Mar/2026:09:43:18 -0400] "GET /wp-includes/sodium_compat/namespaced/Core/Poly1305/State.php HTTP/2.0" 500 0 "https://wpadmin.srindustries.net.in/wp-includes/sodium_compat/namespaced/Core/Poly1305/?C=D;O=A" "Mozilla/5.0 AppleWebKit/537.36 (KHTML, like Gecko; compatible; GPTBot/1.3; +https://openai.com/gptbot)"
74.7.227.62 - - [27/Mar/2026:09:43:19 -0400] "GET /wp-includes/sodium_compat/namespaced/Core/Poly1305/?C=N;O=A HTTP/2.0" 200 944 "https://wpadmin.srindustries.net.in/wp-includes/sodium_compat/namespaced/Core/Poly1305/?C=D;O=A" "Mozilla/5.0 AppleWebKit/537.36 (KHTML, like Gecko; compatible; GPTBot/1.3; +https://openai.com/gptbot)"
74.7.227.62 - - [27/Mar/2026:09:43:23 -0400] "GET /wp-includes/sodium_compat/namespaced/Core/Poly1305/?C=D;O=D HTTP/2.0" 200 944 "https://wpadmin.srindustries.net.in/wp-includes/sodium_compat/namespaced/Core/Poly1305/?C=D;O=A" "Mozilla/5.0 AppleWebKit/537.36 (KHTML, like Gecko; compatible; GPTBot/1.3; +https://openai.com/gptbot)"
74.7.227.62 - - [27/Mar/2026:09:43:34 -0400] "GET /wp-includes/sodium_compat/namespaced/Core/Poly1305/?C=S;O=D HTTP/2.0" 200 944 "https://wpadmin.srindustries.net.in/wp-includes/sodium_compat/namespaced/Core/Poly1305/?C=S;O=A" "Mozilla/5.0 AppleWebKit/537.36 (KHTML, like Gecko; compatible; GPTBot/1.3; +https://openai.com/gptbot)"
74.7.227.62 - - [27/Mar/2026:09:43:39 -0400] "GET /wp-includes/rest-api/endpoints/?C=N;O=D HTTP/2.0" 200 706 "https://wpadmin.srindustries.net.in/wp-includes/rest-api/endpoints/" "Mozilla/5.0 AppleWebKit/537.36 (KHTML, like Gecko; compatible; GPTBot/1.3; +https://openai.com/gptbot)"
74.7.227.62 - - [27/Mar/2026:09:43:42 -0400] "GET /wp-includes/sodium_compat/namespaced/Core/Poly1305/?C=M;O=D HTTP/2.0" 200 944 "https://wpadmin.srindustries.net.in/wp-includes/sodium_compat/namespaced/Core/Poly1305/?C=M;O=A" "Mozilla/5.0 AppleWebKit/537.36 (KHTML, like Gecko; compatible; GPTBot/1.3; +https://openai.com/gptbot)"
74.7.227.62 - - [27/Mar/2026:09:43:44 -0400] "GET /wp-includes/rest-api/endpoints/?C=S;O=A HTTP/2.0" 200 706 "https://wpadmin.srindustries.net.in/wp-includes/rest-api/endpoints/" "Mozilla/5.0 AppleWebKit/537.36 (KHTML, like Gecko; compatible; GPTBot/1.3; +https://openai.com/gptbot)"
74.7.227.62 - - [27/Mar/2026:09:43:46 -0400] "GET /wp-includes/rest-api/endpoints/?C=D;O=A HTTP/2.0" 200 706 "https://wpadmin.srindustries.net.in/wp-includes/rest-api/endpoints/" "Mozilla/5.0 AppleWebKit/537.36 (KHTML, like Gecko; compatible; GPTBot/1.3; +https://openai.com/gptbot)"
74.7.227.62 - - [27/Mar/2026:09:43:47 -0400] "GET /wp-includes/rest-api/endpoints/?C=M;O=A HTTP/2.0" 200 706 "https://wpadmin.srindustries.net.in/wp-includes/rest-api/endpoints/" "Mozilla/5.0 AppleWebKit/537.36 (KHTML, like Gecko; compatible; GPTBot/1.3; +https://openai.com/gptbot)"
74.7.227.62 - - [27/Mar/2026:09:43:51 -0400] "GET /wp-includes/rest-api/endpoints/?C=N;O=A HTTP/2.0" 200 706 "https://wpadmin.srindustries.net.in/wp-includes/rest-api/endpoints/?C=N;O=D" "Mozilla/5.0 AppleWebKit/537.36 (KHTML, like Gecko; compatible; GPTBot/1.3; +https://openai.com/gptbot)"
74.7.227.62 - - [27/Mar/2026:09:43:53 -0400] "GET /wp-includes/rest-api/endpoints/?C=S;O=D HTTP/2.0" 200 706 "https://wpadmin.srindustries.net.in/wp-includes/rest-api/endpoints/?C=S;O=A" "Mozilla/5.0 AppleWebKit/537.36 (KHTML, like Gecko; compatible; GPTBot/1.3; +https://openai.com/gptbot)"
74.7.227.62 - - [27/Mar/2026:09:43:54 -0400] "GET /wp-includes/rest-api/endpoints/?C=M;O=D HTTP/2.0" 200 706 "https://wpadmin.srindustries.net.in/wp-includes/rest-api/endpoints/?C=M;O=A" "Mozilla/5.0 AppleWebKit/537.36 (KHTML, like Gecko; compatible; GPTBot/1.3; +https://openai.com/gptbot)"
74.7.227.62 - - [27/Mar/2026:09:44:02 -0400] "GET /wp-includes/sodium_compat/namespaced/Core/?C=M;O=A HTTP/2.0" 200 3611 "https://wpadmin.srindustries.net.in/wp-includes/sodium_compat/namespaced/Core/" "Mozilla/5.0 AppleWebKit/537.36 (KHTML, like Gecko; compatible; GPTBot/1.3; +https://openai.com/gptbot)"
74.7.227.62 - - [27/Mar/2026:09:47:34 -0400] "GET /wp-includes/sodium_compat/namespaced/Core/Poly1305.php HTTP/2.0" 500 0 "https://wpadmin.srindustries.net.in/wp-includes/sodium_compat/namespaced/Core/?C=M;O=A" "Mozilla/5.0 AppleWebKit/537.36 (KHTML, like Gecko; compatible; GPTBot/1.3; +https://openai.com/gptbot)"
74.7.244.10 - - [27/Mar/2026:09:47:43 -0400] "GET /robots.txt HTTP/2.0" 404 355 "-" "Mozilla/5.0 (Macintosh; Intel Mac OS X 10_15_7) AppleWebKit/537.36 (KHTML, like Gecko) Chrome/131.0.0.0 Safari/537.36; compatible; OAI-SearchBot/1.3; robots.txt; +https://openai.com/searchbot"
74.7.227.62 - - [27/Mar/2026:09:48:35 -0400] "GET /wp-includes/sodium_compat/namespaced/Core/Curve25519.php HTTP/2.0" 500 0 "https://wpadmin.srindustries.net.in/wp-includes/sodium_compat/namespaced/Core/?C=M;O=A" "Mozilla/5.0 AppleWebKit/537.36 (KHTML, like Gecko; compatible; GPTBot/1.3; +https://openai.com/gptbot)"
74.7.227.62 - - [27/Mar/2026:09:49:39 -0400] "GET /wp-includes/sodium_compat/namespaced/Core/X25519.php HTTP/2.0" 500 0 "https://wpadmin.srindustries.net.in/wp-includes/sodium_compat/namespaced/Core/?C=M;O=A" "Mozilla/5.0 AppleWebKit/537.36 (KHTML, like Gecko; compatible; GPTBot/1.3; +https://openai.com/gptbot)"
74.7.227.62 - - [27/Mar/2026:09:50:44 -0400] "GET /wp-includes/sodium_compat/namespaced/Core/Ed25519.php HTTP/2.0" 500 0 "https://wpadmin.srindustries.net.in/wp-includes/sodium_compat/namespaced/Core/?C=M;O=A" "Mozilla/5.0 AppleWebKit/537.36 (KHTML, like Gecko; compatible; GPTBot/1.3; +https://openai.com/gptbot)"
74.7.227.62 - - [27/Mar/2026:09:51:48 -0400] "GET /wp-includes/sodium_compat/namespaced/Core/HSalsa20.php HTTP/2.0" 500 0 "https://wpadmin.srindustries.net.in/wp-includes/sodium_compat/namespaced/Core/?C=M;O=A" "Mozilla/5.0 AppleWebKit/537.36 (KHTML, like Gecko; compatible; GPTBot/1.3; +https://openai.com/gptbot)"
74.7.227.62 - - [27/Mar/2026:09:52:50 -0400] "GET /wp-includes/sodium_compat/namespaced/Core/ChaCha20.php HTTP/2.0" 500 0 "https://wpadmin.srindustries.net.in/wp-includes/sodium_compat/namespaced/Core/?C=M;O=A" "Mozilla/5.0 AppleWebKit/537.36 (KHTML, like Gecko; compatible; GPTBot/1.3; +https://openai.com/gptbot)"
74.7.244.10 - - [27/Mar/2026:09:53:06 -0400] "GET /robots.txt HTTP/2.0" 404 355 "-" "Mozilla/5.0 (Macintosh; Intel Mac OS X 10_15_7) AppleWebKit/537.36 (KHTML, like Gecko) Chrome/131.0.0.0 Safari/537.36; compatible; OAI-SearchBot/1.3; robots.txt; +https://openai.com/searchbot"
74.7.227.62 - - [27/Mar/2026:09:57:03 -0400] "GET /wp-includes/sodium_compat/namespaced/Core/HChaCha20.php HTTP/2.0" 500 0 "https://wpadmin.srindustries.net.in/wp-includes/sodium_compat/namespaced/Core/?C=M;O=A" "Mozilla/5.0 AppleWebKit/537.36 (KHTML, like Gecko; compatible; GPTBot/1.3; +https://openai.com/gptbot)"
74.7.227.62 - - [27/Mar/2026:09:58:06 -0400] "GET /wp-includes/sodium_compat/namespaced/Core/XChaCha20.php HTTP/2.0" 500 0 "https://wpadmin.srindustries.net.in/wp-includes/sodium_compat/namespaced/Core/?C=M;O=A" "Mozilla/5.0 AppleWebKit/537.36 (KHTML, like Gecko; compatible; GPTBot/1.3; +https://openai.com/gptbot)"
74.7.244.10 - - [27/Mar/2026:09:58:06 -0400] "GET /robots.txt HTTP/2.0" 404 355 "-" "Mozilla/5.0 (Macintosh; Intel Mac OS X 10_15_7) AppleWebKit/537.36 (KHTML, like Gecko) Chrome/131.0.0.0 Safari/537.36; compatible; OAI-SearchBot/1.3; robots.txt; +https://openai.com/searchbot"
74.7.227.62 - - [27/Mar/2026:10:00:14 -0400] "GET /wp-includes/sodium_compat/namespaced/Core/BLAKE2b.php HTTP/2.0" 500 0 "https://wpadmin.srindustries.net.in/wp-includes/sodium_compat/namespaced/Core/?C=M;O=A" "Mozilla/5.0 AppleWebKit/537.36 (KHTML, like Gecko; compatible; GPTBot/1.3; +https://openai.com/gptbot)"
74.7.227.62 - - [27/Mar/2026:10:02:15 -0400] "GET /wp-includes/sodium_compat/namespaced/Core/SipHash.php HTTP/2.0" 500 0 "https://wpadmin.srindustries.net.in/wp-includes/sodium_compat/namespaced/Core/?C=M;O=A" "Mozilla/5.0 AppleWebKit/537.36 (KHTML, like Gecko; compatible; GPTBot/1.3; +https://openai.com/gptbot)"
74.7.227.62 - - [27/Mar/2026:10:03:18 -0400] "GET /wp-includes/sodium_compat/namespaced/Core/Util.php HTTP/2.0" 500 0 "https://wpadmin.srindustries.net.in/wp-includes/sodium_compat/namespaced/Core/?C=M;O=A" "Mozilla/5.0 AppleWebKit/537.36 (KHTML, like Gecko; compatible; GPTBot/1.3; +https://openai.com/gptbot)"
74.7.227.62 - - [27/Mar/2026:10:06:27 -0400] "GET /wp-includes/sodium_compat/namespaced/Core/?C=M;O=D HTTP/2.0" 200 3611 "https://wpadmin.srindustries.net.in/wp-includes/sodium_compat/namespaced/Core/?C=M;O=A" "Mozilla/5.0 AppleWebKit/537.36 (KHTML, like Gecko; compatible; GPTBot/1.3; +https://openai.com/gptbot)"
74.7.244.10 - - [27/Mar/2026:10:06:28 -0400] "GET /robots.txt HTTP/2.0" 404 355 "-" "Mozilla/5.0 (Macintosh; Intel Mac OS X 10_15_7) AppleWebKit/537.36 (KHTML, like Gecko) Chrome/131.0.0.0 Safari/537.36; compatible; OAI-SearchBot/1.3; robots.txt; +https://openai.com/searchbot"
74.7.227.62 - - [27/Mar/2026:10:07:23 -0400] "GET /wp-includes/sodium_compat/namespaced/Core/?C=N;O=A HTTP/2.0" 200 3611 "https://wpadmin.srindustries.net.in/wp-includes/sodium_compat/namespaced/Core/?C=M;O=A" "Mozilla/5.0 AppleWebKit/537.36 (KHTML, like Gecko; compatible; GPTBot/1.3; +https://openai.com/gptbot)"
74.7.227.62 - - [27/Mar/2026:10:08:14 -0400] "GET /wp-includes/sodium_compat/namespaced/Core/?C=N;O=D HTTP/2.0" 200 3611 "https://wpadmin.srindustries.net.in/wp-includes/sodium_compat/namespaced/Core/" "Mozilla/5.0 AppleWebKit/537.36 (KHTML, like Gecko; compatible; GPTBot/1.3; +https://openai.com/gptbot)"
74.7.227.62 - - [27/Mar/2026:10:09:42 -0400] "GET /wp-includes/sodium_compat/namespaced/Core/?C=D;O=A HTTP/2.0" 200 3611 "https://wpadmin.srindustries.net.in/wp-includes/sodium_compat/namespaced/Core/" "Mozilla/5.0 AppleWebKit/537.36 (KHTML, like Gecko; compatible; GPTBot/1.3; +https://openai.com/gptbot)"
74.7.227.62 - - [27/Mar/2026:10:10:19 -0400] "GET /wp-includes/sodium_compat/namespaced/Core/?C=S;O=A HTTP/2.0" 200 3611 "https://wpadmin.srindustries.net.in/wp-includes/sodium_compat/namespaced/Core/" "Mozilla/5.0 AppleWebKit/537.36 (KHTML, like Gecko; compatible; GPTBot/1.3; +https://openai.com/gptbot)"
74.7.227.62 - - [27/Mar/2026:10:13:18 -0400] "GET /wp-includes/sodium_compat/src/Core/Poly1305/?C=N;O=D HTTP/2.0" 200 923 "https://wpadmin.srindustries.net.in/wp-includes/sodium_compat/src/Core/Poly1305/" "Mozilla/5.0 AppleWebKit/537.36 (KHTML, like Gecko; compatible; GPTBot/1.3; +https://openai.com/gptbot)"
74.7.244.10 - - [27/Mar/2026:10:13:19 -0400] "GET /robots.txt HTTP/2.0" 404 355 "-" "Mozilla/5.0 (Macintosh; Intel Mac OS X 10_15_7) AppleWebKit/537.36 (KHTML, like Gecko) Chrome/131.0.0.0 Safari/537.36; compatible; OAI-SearchBot/1.3; robots.txt; +https://openai.com/searchbot"
74.7.227.62 - - [27/Mar/2026:10:14:02 -0400] "GET /wp-includes/sodium_compat/namespaced/Core/?C=D;O=D HTTP/2.0" 200 3611 "https://wpadmin.srindustries.net.in/wp-includes/sodium_compat/namespaced/Core/?C=D;O=A" "Mozilla/5.0 AppleWebKit/537.36 (KHTML, like Gecko; compatible; GPTBot/1.3; +https://openai.com/gptbot)"
74.7.227.62 - - [27/Mar/2026:10:14:13 -0400] "GET /wp-includes/sodium_compat/namespaced/Core/?C=S;O=D HTTP/2.0" 200 3611 "https://wpadmin.srindustries.net.in/wp-includes/sodium_compat/namespaced/Core/?C=S;O=A" "Mozilla/5.0 AppleWebKit/537.36 (KHTML, like Gecko; compatible; GPTBot/1.3; +https://openai.com/gptbot)"
74.7.227.62 - - [27/Mar/2026:10:14:24 -0400] "GET /wp-includes/sodium_compat/src/Core/Poly1305/?C=M;O=A HTTP/2.0" 200 923 "https://wpadmin.srindustries.net.in/wp-includes/sodium_compat/src/Core/Poly1305/" "Mozilla/5.0 AppleWebKit/537.36 (KHTML, like Gecko; compatible; GPTBot/1.3; +https://openai.com/gptbot)"
74.7.227.62 - - [27/Mar/2026:10:15:09 -0400] "GET /wp-includes/sodium_compat/src/Core/Poly1305/State.php HTTP/2.0" 500 0 "https://wpadmin.srindustries.net.in/wp-includes/sodium_compat/src/Core/Poly1305/?C=N;O=D" "Mozilla/5.0 AppleWebKit/537.36 (KHTML, like Gecko; compatible; GPTBot/1.3; +https://openai.com/gptbot)"
74.7.227.62 - - [27/Mar/2026:10:16:53 -0400] "GET /wp-includes/sodium_compat/src/Core/Poly1305/?C=S;O=A HTTP/2.0" 200 923 "https://wpadmin.srindustries.net.in/wp-includes/sodium_compat/src/Core/Poly1305/" "Mozilla/5.0 AppleWebKit/537.36 (KHTML, like Gecko; compatible; GPTBot/1.3; +https://openai.com/gptbot)"
74.7.227.62 - - [27/Mar/2026:10:17:30 -0400] "GET /wp-includes/sodium_compat/src/Core/Poly1305/?C=M;O=D HTTP/2.0" 200 923 "https://wpadmin.srindustries.net.in/wp-includes/sodium_compat/src/Core/Poly1305/?C=M;O=A" "Mozilla/5.0 AppleWebKit/537.36 (KHTML, like Gecko; compatible; GPTBot/1.3; +https://openai.com/gptbot)"
74.7.227.62 - - [27/Mar/2026:10:19:00 -0400] "GET /wp-includes/sodium_compat/src/Core/Poly1305/?C=D;O=A HTTP/2.0" 200 923 "https://wpadmin.srindustries.net.in/wp-includes/sodium_compat/src/Core/Poly1305/" "Mozilla/5.0 AppleWebKit/537.36 (KHTML, like Gecko; compatible; GPTBot/1.3; +https://openai.com/gptbot)"
74.7.244.10 - - [27/Mar/2026:10:19:01 -0400] "GET /robots.txt HTTP/2.0" 404 355 "-" "Mozilla/5.0 (Macintosh; Intel Mac OS X 10_15_7) AppleWebKit/537.36 (KHTML, like Gecko) Chrome/131.0.0.0 Safari/537.36; compatible; OAI-SearchBot/1.3; robots.txt; +https://openai.com/searchbot"
74.7.227.62 - - [27/Mar/2026:10:19:23 -0400] "GET /wp-includes/sodium_compat/src/Core/Poly1305/?C=N;O=A HTTP/2.0" 200 923 "https://wpadmin.srindustries.net.in/wp-includes/sodium_compat/src/Core/Poly1305/?C=N;O=D" "Mozilla/5.0 AppleWebKit/537.36 (KHTML, like Gecko; compatible; GPTBot/1.3; +https://openai.com/gptbot)"
74.7.227.62 - - [27/Mar/2026:10:20:04 -0400] "GET /wp-includes/sodium_compat/src/?C=N;O=D HTTP/2.0" 200 2130 "https://wpadmin.srindustries.net.in/wp-includes/sodium_compat/src/" "Mozilla/5.0 AppleWebKit/537.36 (KHTML, like Gecko; compatible; GPTBot/1.3; +https://openai.com/gptbot)"
74.7.227.62 - - [27/Mar/2026:10:20:37 -0400] "GET /wp-includes/sodium_compat/src/?C=M;O=A HTTP/2.0" 200 2130 "https://wpadmin.srindustries.net.in/wp-includes/sodium_compat/src/" "Mozilla/5.0 AppleWebKit/537.36 (KHTML, like Gecko; compatible; GPTBot/1.3; +https://openai.com/gptbot)"
74.7.227.62 - - [27/Mar/2026:10:21:04 -0400] "GET /wp-includes/sodium_compat/src/Core/Poly1305/?C=S;O=D HTTP/2.0" 200 923 "https://wpadmin.srindustries.net.in/wp-includes/sodium_compat/src/Core/Poly1305/?C=S;O=A" "Mozilla/5.0 AppleWebKit/537.36 (KHTML, like Gecko; compatible; GPTBot/1.3; +https://openai.com/gptbot)"
74.7.227.62 - - [27/Mar/2026:10:21:15 -0400] "GET /wp-includes/js/imgareaselect/?C=S;O=A HTTP/2.0" 200 1085 "https://wpadmin.srindustries.net.in/wp-includes/js/imgareaselect/" "Mozilla/5.0 AppleWebKit/537.36 (KHTML, like Gecko; compatible; GPTBot/1.3; +https://openai.com/gptbot)"
74.7.227.62 - - [27/Mar/2026:10:21:44 -0400] "GET /wp-includes/sodium_compat/src/Core/Poly1305/?C=D;O=D HTTP/2.0" 200 923 "https://wpadmin.srindustries.net.in/wp-includes/sodium_compat/src/Core/Poly1305/?C=D;O=A" "Mozilla/5.0 AppleWebKit/537.36 (KHTML, like Gecko; compatible; GPTBot/1.3; +https://openai.com/gptbot)"
74.7.227.62 - - [27/Mar/2026:10:22:04 -0400] "GET /wp-includes/sodium_compat/src/File.php HTTP/2.0" 500 0 "https://wpadmin.srindustries.net.in/wp-includes/sodium_compat/src/?C=N;O=D" "Mozilla/5.0 AppleWebKit/537.36 (KHTML, like Gecko; compatible; GPTBot/1.3; +https://openai.com/gptbot)"
74.7.227.62 - - [27/Mar/2026:10:23:18 -0400] "GET /wp-includes/sodium_compat/src/Core32/ HTTP/2.0" 200 4129 "https://wpadmin.srindustries.net.in/wp-includes/sodium_compat/src/?C=N;O=D" "Mozilla/5.0 AppleWebKit/537.36 (KHTML, like Gecko; compatible; GPTBot/1.3; +https://openai.com/gptbot)"
74.7.227.62 - - [27/Mar/2026:10:24:18 -0400] "GET /wp-includes/js/imgareaselect/?C=M;O=A HTTP/2.0" 200 1085 "https://wpadmin.srindustries.net.in/wp-includes/js/imgareaselect/" "Mozilla/5.0 AppleWebKit/537.36 (KHTML, like Gecko; compatible; GPTBot/1.3; +https://openai.com/gptbot)"
74.7.227.62 - - [27/Mar/2026:10:26:08 -0400] "GET /wp-includes/js/imgareaselect/?C=N;O=A HTTP/2.0" 200 1085 "https://wpadmin.srindustries.net.in/wp-includes/js/imgareaselect/?C=S;O=A" "Mozilla/5.0 AppleWebKit/537.36 (KHTML, like Gecko; compatible; GPTBot/1.3; +https://openai.com/gptbot)"
74.7.227.62 - - [27/Mar/2026:10:26:55 -0400] "GET /wp-includes/js/imgareaselect/?C=S;O=D HTTP/2.0" 200 0 "https://wpadmin.srindustries.net.in/wp-includes/js/imgareaselect/?C=S;O=A" "Mozilla/5.0 AppleWebKit/537.36 (KHTML, like Gecko; compatible; GPTBot/1.3; +https://openai.com/gptbot)"
74.7.227.62 - - [27/Mar/2026:10:27:37 -0400] "GET /wp-includes/sodium_compat/src/?C=S;O=A HTTP/2.0" 200 0 "https://wpadmin.srindustries.net.in/wp-includes/sodium_compat/src/" "Mozilla/5.0 AppleWebKit/537.36 (KHTML, like Gecko; compatible; GPTBot/1.3; +https://openai.com/gptbot)"
74.7.227.62 - - [27/Mar/2026:10:28:38 -0400] "GET /wp-includes/sodium_compat/lib/?C=M;O=A HTTP/2.0" 200 0 "https://wpadmin.srindustries.net.in/wp-includes/sodium_compat/lib/" "Mozilla/5.0 AppleWebKit/537.36 (KHTML, like Gecko; compatible; GPTBot/1.3; +https://openai.com/gptbot)"
74.7.244.10 - - [27/Mar/2026:10:29:44 -0400] "GET /robots.txt HTTP/2.0" 404 355 "-" "Mozilla/5.0 (Macintosh; Intel Mac OS X 10_15_7) AppleWebKit/537.36 (KHTML, like Gecko) Chrome/131.0.0.0 Safari/537.36; compatible; OAI-SearchBot/1.3; robots.txt; +https://openai.com/searchbot"
74.7.227.62 - - [27/Mar/2026:10:31:46 -0400] "GET /wp-includes/sodium_compat/lib/?C=S;O=A HTTP/2.0" 200 0 "https://wpadmin.srindustries.net.in/wp-includes/sodium_compat/lib/" "Mozilla/5.0 AppleWebKit/537.36 (KHTML, like Gecko; compatible; GPTBot/1.3; +https://openai.com/gptbot)"
74.7.227.62 - - [27/Mar/2026:10:32:50 -0400] "GET /wp-includes/sodium_compat/src/?C=N;O=A HTTP/2.0" 200 0 "https://wpadmin.srindustries.net.in/wp-includes/sodium_compat/src/?C=N;O=D" "Mozilla/5.0 AppleWebKit/537.36 (KHTML, like Gecko; compatible; GPTBot/1.3; +https://openai.com/gptbot)"
74.7.227.62 - - [27/Mar/2026:10:33:50 -0400] "GET /wp-includes/sodium_compat/src/Core32/HChaCha20.php HTTP/2.0" 500 0 "https://wpadmin.srindustries.net.in/wp-includes/sodium_compat/src/Core32/" "Mozilla/5.0 AppleWebKit/537.36 (KHTML, like Gecko; compatible; GPTBot/1.3; +https://openai.com/gptbot)"
74.7.227.62 - - [27/Mar/2026:10:34:54 -0400] "GET /wp-includes/sodium_compat/src/Core32/Ed25519.php HTTP/2.0" 500 0 "https://wpadmin.srindustries.net.in/wp-includes/sodium_compat/src/Core32/" "Mozilla/5.0 AppleWebKit/537.36 (KHTML, like Gecko; compatible; GPTBot/1.3; +https://openai.com/gptbot)"
74.7.244.10 - - [27/Mar/2026:10:35:01 -0400] "GET /robots.txt HTTP/2.0" 404 355 "-" "Mozilla/5.0 (Macintosh; Intel Mac OS X 10_15_7) AppleWebKit/537.36 (KHTML, like Gecko) Chrome/131.0.0.0 Safari/537.36; compatible; OAI-SearchBot/1.3; robots.txt; +https://openai.com/searchbot"
74.7.227.62 - - [27/Mar/2026:10:35:54 -0400] "GET /wp-includes/sodium_compat/src/Core32/X25519.php HTTP/2.0" 500 0 "https://wpadmin.srindustries.net.in/wp-includes/sodium_compat/src/Core32/" "Mozilla/5.0 AppleWebKit/537.36 (KHTML, like Gecko; compatible; GPTBot/1.3; +https://openai.com/gptbot)"
74.7.227.62 - - [27/Mar/2026:10:36:54 -0400] "GET /wp-includes/sodium_compat/src/Core32/Salsa20.php HTTP/2.0" 500 0 "https://wpadmin.srindustries.net.in/wp-includes/sodium_compat/src/Core32/" "Mozilla/5.0 AppleWebKit/537.36 (KHTML, like Gecko; compatible; GPTBot/1.3; +https://openai.com/gptbot)"
74.7.227.62 - - [27/Mar/2026:10:37:58 -0400] "GET /wp-includes/sodium_compat/src/Core32/Curve25519/ HTTP/2.0" 200 1274 "https://wpadmin.srindustries.net.in/wp-includes/sodium_compat/src/Core32/" "Mozilla/5.0 AppleWebKit/537.36 (KHTML, like Gecko; compatible; GPTBot/1.3; +https://openai.com/gptbot)"
74.7.227.62 - - [27/Mar/2026:10:39:02 -0400] "GET /wp-includes/sodium_compat/src/Core32/Curve25519.php HTTP/2.0" 500 0 "https://wpadmin.srindustries.net.in/wp-includes/sodium_compat/src/Core32/" "Mozilla/5.0 AppleWebKit/537.36 (KHTML, like Gecko; compatible; GPTBot/1.3; +https://openai.com/gptbot)"
54.242.36.240 - - [27/Mar/2026:10:39:33 -0400] "GET /wp-json/wp/v2/pages/578 HTTP/1.1" 404 355 "-" "node-fetch/1.0 (+https://github.com/bitinn/node-fetch)"
54.89.172.138 - - [27/Mar/2026:10:39:38 -0400] "GET /wp-json/wp/v2/pages/578 HTTP/1.1" 404 355 "-" "node-fetch/1.0 (+https://github.com/bitinn/node-fetch)"
44.200.29.9 - - [27/Mar/2026:10:39:39 -0400] "GET /wp-json/wp/v2/pages/578 HTTP/1.1" 404 355 "-" "node-fetch/1.0 (+https://github.com/bitinn/node-fetch)"
44.199.229.241 - - [27/Mar/2026:10:39:39 -0400] "GET /wp-json/wp/v2/pages/578 HTTP/1.1" 404 355 "-" "node-fetch/1.0 (+https://github.com/bitinn/node-fetch)"
74.7.227.62 - - [27/Mar/2026:10:39:57 -0400] "GET /wp-includes/sodium_compat/src/Core32/HSalsa20.php HTTP/2.0" 500 0 "https://wpadmin.srindustries.net.in/wp-includes/sodium_compat/src/Core32/" "Mozilla/5.0 AppleWebKit/537.36 (KHTML, like Gecko; compatible; GPTBot/1.3; +https://openai.com/gptbot)"
74.7.227.62 - - [27/Mar/2026:10:40:58 -0400] "GET /wp-includes/sodium_compat/src/Core32/XSalsa20.php HTTP/2.0" 500 0 "https://wpadmin.srindustries.net.in/wp-includes/sodium_compat/src/Core32/" "Mozilla/5.0 AppleWebKit/537.36 (KHTML, like Gecko; compatible; GPTBot/1.3; +https://openai.com/gptbot)"
74.7.244.10 - - [27/Mar/2026:10:41:01 -0400] "GET /robots.txt HTTP/2.0" 404 355 "-" "Mozilla/5.0 (Macintosh; Intel Mac OS X 10_15_7) AppleWebKit/537.36 (KHTML, like Gecko) Chrome/131.0.0.0 Safari/537.36; compatible; OAI-SearchBot/1.3; robots.txt; +https://openai.com/searchbot"
74.7.227.62 - - [27/Mar/2026:10:41:59 -0400] "GET /wp-includes/sodium_compat/src/Core32/ChaCha20.php HTTP/2.0" 500 0 "https://wpadmin.srindustries.net.in/wp-includes/sodium_compat/src/Core32/" "Mozilla/5.0 AppleWebKit/537.36 (KHTML, like Gecko; compatible; GPTBot/1.3; +https://openai.com/gptbot)"
74.7.227.62 - - [27/Mar/2026:10:43:00 -0400] "GET /wp-includes/sodium_compat/src/Core32/Poly1305.php HTTP/2.0" 500 0 "https://wpadmin.srindustries.net.in/wp-includes/sodium_compat/src/Core32/" "Mozilla/5.0 AppleWebKit/537.36 (KHTML, like Gecko; compatible; GPTBot/1.3; +https://openai.com/gptbot)"
74.7.227.62 - - [27/Mar/2026:10:44:07 -0400] "GET /wp-includes/sodium_compat/src/Core32/XChaCha20.php HTTP/2.0" 500 0 "https://wpadmin.srindustries.net.in/wp-includes/sodium_compat/src/Core32/" "Mozilla/5.0 AppleWebKit/537.36 (KHTML, like Gecko; compatible; GPTBot/1.3; +https://openai.com/gptbot)"
74.7.227.62 - - [27/Mar/2026:10:45:10 -0400] "GET /wp-includes/sodium_compat/src/Core32/Int64.php HTTP/2.0" 200 0 "https://wpadmin.srindustries.net.in/wp-includes/sodium_compat/src/Core32/" "Mozilla/5.0 AppleWebKit/537.36 (KHTML, like Gecko; compatible; GPTBot/1.3; +https://openai.com/gptbot)"
74.7.227.62 - - [27/Mar/2026:10:46:16 -0400] "GET /wp-includes/sodium_compat/src/Core32/Int32.php HTTP/2.0" 200 0 "https://wpadmin.srindustries.net.in/wp-includes/sodium_compat/src/Core32/" "Mozilla/5.0 AppleWebKit/537.36 (KHTML, like Gecko; compatible; GPTBot/1.3; +https://openai.com/gptbot)"
74.7.244.10 - - [27/Mar/2026:10:46:17 -0400] "GET /robots.txt HTTP/2.0" 404 355 "-" "Mozilla/5.0 (Macintosh; Intel Mac OS X 10_15_7) AppleWebKit/537.36 (KHTML, like Gecko) Chrome/131.0.0.0 Safari/537.36; compatible; OAI-SearchBot/1.3; robots.txt; +https://openai.com/searchbot"
74.7.227.62 - - [27/Mar/2026:10:47:14 -0400] "GET /wp-includes/sodium_compat/src/Core32/ChaCha20/ HTTP/2.0" 200 1106 "https://wpadmin.srindustries.net.in/wp-includes/sodium_compat/src/Core32/" "Mozilla/5.0 AppleWebKit/537.36 (KHTML, like Gecko; compatible; GPTBot/1.3; +https://openai.com/gptbot)"
74.7.227.62 - - [27/Mar/2026:10:48:03 -0400] "GET /wp-includes/sodium_compat/src/Core32/Poly1305/ HTTP/2.0" 200 929 "https://wpadmin.srindustries.net.in/wp-includes/sodium_compat/src/Core32/" "Mozilla/5.0 AppleWebKit/537.36 (KHTML, like Gecko; compatible; GPTBot/1.3; +https://openai.com/gptbot)"
74.7.227.62 - - [27/Mar/2026:10:48:50 -0400] "GET /wp-includes/sodium_compat/src/Core32/Curve25519/H.php HTTP/2.0" 500 0 "https://wpadmin.srindustries.net.in/wp-includes/sodium_compat/src/Core32/Curve25519/" "Mozilla/5.0 AppleWebKit/537.36 (KHTML, like Gecko; compatible; GPTBot/1.3; +https://openai.com/gptbot)"
74.7.227.62 - - [27/Mar/2026:10:49:31 -0400] "GET /wp-includes/sodium_compat/src/Core32/Curve25519/Fe.php HTTP/2.0" 200 0 "https://wpadmin.srindustries.net.in/wp-includes/sodium_compat/src/Core32/Curve25519/" "Mozilla/5.0 AppleWebKit/537.36 (KHTML, like Gecko; compatible; GPTBot/1.3; +https://openai.com/gptbot)"
74.7.227.62 - - [27/Mar/2026:10:50:35 -0400] "GET /wp-includes/sodium_compat/src/Core32/Curve25519/Ge/ HTTP/2.0" 200 1654 "https://wpadmin.srindustries.net.in/wp-includes/sodium_compat/src/Core32/Curve25519/" "Mozilla/5.0 AppleWebKit/537.36 (KHTML, like Gecko; compatible; GPTBot/1.3; +https://openai.com/gptbot)"
74.7.227.62 - - [27/Mar/2026:10:51:30 -0400] "GET /wp-includes/sodium_compat/src/Core32/BLAKE2b.php HTTP/2.0" 500 0 "https://wpadmin.srindustries.net.in/wp-includes/sodium_compat/src/Core32/" "Mozilla/5.0 AppleWebKit/537.36 (KHTML, like Gecko; compatible; GPTBot/1.3; +https://openai.com/gptbot)"
74.7.244.10 - - [27/Mar/2026:10:51:31 -0400] "GET /robots.txt HTTP/2.0" 404 355 "-" "Mozilla/5.0 (Macintosh; Intel Mac OS X 10_15_7) AppleWebKit/537.36 (KHTML, like Gecko) Chrome/131.0.0.0 Safari/537.36; compatible; OAI-SearchBot/1.3; robots.txt; +https://openai.com/searchbot"
74.7.227.62 - - [27/Mar/2026:10:52:19 -0400] "GET /wp-includes/sodium_compat/src/Core32/Util.php HTTP/2.0" 500 0 "https://wpadmin.srindustries.net.in/wp-includes/sodium_compat/src/Core32/" "Mozilla/5.0 AppleWebKit/537.36 (KHTML, like Gecko; compatible; GPTBot/1.3; +https://openai.com/gptbot)"
74.7.227.62 - - [27/Mar/2026:10:53:22 -0400] "GET /wp-includes/sodium_compat/src/Core32/SipHash.php HTTP/2.0" 500 0 "https://wpadmin.srindustries.net.in/wp-includes/sodium_compat/src/Core32/" "Mozilla/5.0 AppleWebKit/537.36 (KHTML, like Gecko; compatible; GPTBot/1.3; +https://openai.com/gptbot)"
74.7.227.62 - - [27/Mar/2026:10:54:22 -0400] "GET /wp-includes/sodium_compat/src/Core32/SecretStream/ HTTP/2.0" 200 937 "https://wpadmin.srindustries.net.in/wp-includes/sodium_compat/src/Core32/" "Mozilla/5.0 AppleWebKit/537.36 (KHTML, like Gecko; compatible; GPTBot/1.3; +https://openai.com/gptbot)"
74.7.227.62 - - [27/Mar/2026:10:55:28 -0400] "GET /wp-includes/js/imgareaselect/?C=M;O=D HTTP/2.0" 200 1085 "https://wpadmin.srindustries.net.in/wp-includes/js/imgareaselect/?C=M;O=A" "Mozilla/5.0 AppleWebKit/537.36 (KHTML, like Gecko; compatible; GPTBot/1.3; +https://openai.com/gptbot)"
74.7.227.62 - - [27/Mar/2026:10:57:13 -0400] "GET /wp-includes/sodium_compat/src/Core32/ChaCha20/Ctx.php HTTP/2.0" 500 0 "https://wpadmin.srindustries.net.in/wp-includes/sodium_compat/src/Core32/ChaCha20/" "Mozilla/5.0 AppleWebKit/537.36 (KHTML, like Gecko; compatible; GPTBot/1.3; +https://openai.com/gptbot)"
74.7.244.10 - - [27/Mar/2026:10:57:26 -0400] "GET /robots.txt HTTP/2.0" 404 355 "-" "Mozilla/5.0 (Macintosh; Intel Mac OS X 10_15_7) AppleWebKit/537.36 (KHTML, like Gecko) Chrome/131.0.0.0 Safari/537.36; compatible; OAI-SearchBot/1.3; robots.txt; +https://openai.com/searchbot"
74.7.227.62 - - [27/Mar/2026:10:57:59 -0400] "GET /wp-includes/sodium_compat/src/Core32/ChaCha20/IetfCtx.php HTTP/2.0" 500 0 "https://wpadmin.srindustries.net.in/wp-includes/sodium_compat/src/Core32/ChaCha20/" "Mozilla/5.0 AppleWebKit/537.36 (KHTML, like Gecko; compatible; GPTBot/1.3; +https://openai.com/gptbot)"
74.7.227.62 - - [27/Mar/2026:10:59:02 -0400] "GET /wp-includes/sodium_compat/src/Core32/Poly1305/State.php HTTP/2.0" 500 0 "https://wpadmin.srindustries.net.in/wp-includes/sodium_compat/src/Core32/Poly1305/" "Mozilla/5.0 AppleWebKit/537.36 (KHTML, like Gecko; compatible; GPTBot/1.3; +https://openai.com/gptbot)"
74.7.227.62 - - [27/Mar/2026:11:00:09 -0400] "GET /wp-includes/sodium_compat/src/Core32/Poly1305/?C=N;O=D HTTP/2.0" 200 929 "https://wpadmin.srindustries.net.in/wp-includes/sodium_compat/src/Core32/Poly1305/" "Mozilla/5.0 AppleWebKit/537.36 (KHTML, like Gecko; compatible; GPTBot/1.3; +https://openai.com/gptbot)"
74.7.227.62 - - [27/Mar/2026:11:01:07 -0400] "GET /wp-includes/sodium_compat/src/Core32/Curve25519/Ge/P1p1.php HTTP/2.0" 200 0 "https://wpadmin.srindustries.net.in/wp-includes/sodium_compat/src/Core32/Curve25519/Ge/" "Mozilla/5.0 AppleWebKit/537.36 (KHTML, like Gecko; compatible; GPTBot/1.3; +https://openai.com/gptbot)"
74.7.227.62 - - [27/Mar/2026:11:02:04 -0400] "GET /wp-includes/sodium_compat/src/Core32/Curve25519/Ge/P2.php HTTP/2.0" 200 0 "https://wpadmin.srindustries.net.in/wp-includes/sodium_compat/src/Core32/Curve25519/Ge/" "Mozilla/5.0 AppleWebKit/537.36 (KHTML, like Gecko; compatible; GPTBot/1.3; +https://openai.com/gptbot)"
74.7.227.62 - - [27/Mar/2026:11:02:54 -0400] "GET /wp-includes/sodium_compat/src/Core32/Curve25519/Ge/P3.php HTTP/2.0" 200 0 "https://wpadmin.srindustries.net.in/wp-includes/sodium_compat/src/Core32/Curve25519/Ge/" "Mozilla/5.0 AppleWebKit/537.36 (KHTML, like Gecko; compatible; GPTBot/1.3; +https://openai.com/gptbot)"
74.7.244.10 - - [27/Mar/2026:11:02:56 -0400] "GET /robots.txt HTTP/2.0" 404 355 "-" "Mozilla/5.0 (Macintosh; Intel Mac OS X 10_15_7) AppleWebKit/537.36 (KHTML, like Gecko) Chrome/131.0.0.0 Safari/537.36; compatible; OAI-SearchBot/1.3; robots.txt; +https://openai.com/searchbot"
74.7.227.62 - - [27/Mar/2026:11:03:39 -0400] "GET /wp-includes/sodium_compat/src/Core32/Curve25519/Ge/Cached.php HTTP/2.0" 200 0 "https://wpadmin.srindustries.net.in/wp-includes/sodium_compat/src/Core32/Curve25519/Ge/" "Mozilla/5.0 AppleWebKit/537.36 (KHTML, like Gecko; compatible; GPTBot/1.3; +https://openai.com/gptbot)"
74.7.227.62 - - [27/Mar/2026:11:04:21 -0400] "GET /wp-includes/sodium_compat/src/Core32/SecretStream/State.php HTTP/2.0" 200 0 "https://wpadmin.srindustries.net.in/wp-includes/sodium_compat/src/Core32/SecretStream/" "Mozilla/5.0 AppleWebKit/537.36 (KHTML, like Gecko; compatible; GPTBot/1.3; +https://openai.com/gptbot)"
74.7.227.62 - - [27/Mar/2026:11:04:56 -0400] "GET /wp-includes/sodium_compat/src/Core32/Curve25519/Ge/Precomp.php HTTP/2.0" 200 0 "https://wpadmin.srindustries.net.in/wp-includes/sodium_compat/src/Core32/Curve25519/Ge/" "Mozilla/5.0 AppleWebKit/537.36 (KHTML, like Gecko; compatible; GPTBot/1.3; +https://openai.com/gptbot)"
74.7.227.62 - - [27/Mar/2026:11:05:32 -0400] "GET /wp-includes/sodium_compat/src/Core32/Poly1305/?C=S;O=A HTTP/2.0" 200 929 "https://wpadmin.srindustries.net.in/wp-includes/sodium_compat/src/Core32/Poly1305/" "Mozilla/5.0 AppleWebKit/537.36 (KHTML, like Gecko; compatible; GPTBot/1.3; +https://openai.com/gptbot)"
34.204.167.22 - - [27/Mar/2026:11:05:54 -0400] "GET /wp-json/wp/v2/pages/578 HTTP/1.1" 404 355 "-" "node-fetch/1.0 (+https://github.com/bitinn/node-fetch)"
74.7.227.62 - - [27/Mar/2026:11:06:01 -0400] "GET /wp-includes/sodium_compat/src/Core32/Poly1305/?C=M;O=A HTTP/2.0" 200 929 "https://wpadmin.srindustries.net.in/wp-includes/sodium_compat/src/Core32/Poly1305/" "Mozilla/5.0 AppleWebKit/537.36 (KHTML, like Gecko; compatible; GPTBot/1.3; +https://openai.com/gptbot)"
74.7.227.62 - - [27/Mar/2026:11:06:29 -0400] "GET /wp-includes/sodium_compat/src/Core32/Poly1305/?C=D;O=A HTTP/2.0" 200 929 "https://wpadmin.srindustries.net.in/wp-includes/sodium_compat/src/Core32/Poly1305/" "Mozilla/5.0 AppleWebKit/537.36 (KHTML, like Gecko; compatible; GPTBot/1.3; +https://openai.com/gptbot)"
74.7.227.62 - - [27/Mar/2026:11:06:53 -0400] "GET /wp-includes/sodium_compat/src/Core32/ChaCha20/?C=N;O=D HTTP/2.0" 200 1106 "https://wpadmin.srindustries.net.in/wp-includes/sodium_compat/src/Core32/ChaCha20/" "Mozilla/5.0 AppleWebKit/537.36 (KHTML, like Gecko; compatible; GPTBot/1.3; +https://openai.com/gptbot)"
74.7.227.62 - - [27/Mar/2026:11:07:15 -0400] "GET /wp-includes/sodium_compat/src/Core32/Poly1305/?C=N;O=A HTTP/2.0" 200 929 "https://wpadmin.srindustries.net.in/wp-includes/sodium_compat/src/Core32/Poly1305/?C=N;O=D" "Mozilla/5.0 AppleWebKit/537.36 (KHTML, like Gecko; compatible; GPTBot/1.3; +https://openai.com/gptbot)"
74.7.227.62 - - [27/Mar/2026:11:07:34 -0400] "GET /wp-includes/sodium_compat/src/Core32/ChaCha20/?C=M;O=A HTTP/2.0" 200 1106 "https://wpadmin.srindustries.net.in/wp-includes/sodium_compat/src/Core32/ChaCha20/" "Mozilla/5.0 AppleWebKit/537.36 (KHTML, like Gecko; compatible; GPTBot/1.3; +https://openai.com/gptbot)"
74.7.227.62 - - [27/Mar/2026:11:07:51 -0400] "GET /wp-includes/sodium_compat/src/Core32/ChaCha20/?C=D;O=A HTTP/2.0" 200 1106 "https://wpadmin.srindustries.net.in/wp-includes/sodium_compat/src/Core32/ChaCha20/" "Mozilla/5.0 AppleWebKit/537.36 (KHTML, like Gecko; compatible; GPTBot/1.3; +https://openai.com/gptbot)"
74.7.227.62 - - [27/Mar/2026:11:08:07 -0400] "GET /wp-includes/sodium_compat/src/Core32/ChaCha20/?C=S;O=A HTTP/2.0" 200 1106 "https://wpadmin.srindustries.net.in/wp-includes/sodium_compat/src/Core32/ChaCha20/" "Mozilla/5.0 AppleWebKit/537.36 (KHTML, like Gecko; compatible; GPTBot/1.3; +https://openai.com/gptbot)"
74.7.244.10 - - [27/Mar/2026:11:08:08 -0400] "GET /robots.txt HTTP/2.0" 404 355 "-" "Mozilla/5.0 (Macintosh; Intel Mac OS X 10_15_7) AppleWebKit/537.36 (KHTML, like Gecko) Chrome/131.0.0.0 Safari/537.36; compatible; OAI-SearchBot/1.3; robots.txt; +https://openai.com/searchbot"
74.7.227.62 - - [27/Mar/2026:11:08:57 -0400] "GET /wp-includes/sodium_compat/src/Core32/Poly1305/?C=S;O=D HTTP/2.0" 200 929 "https://wpadmin.srindustries.net.in/wp-includes/sodium_compat/src/Core32/Poly1305/?C=S;O=A" "Mozilla/5.0 AppleWebKit/537.36 (KHTML, like Gecko; compatible; GPTBot/1.3; +https://openai.com/gptbot)"
74.7.227.62 - - [27/Mar/2026:11:09:06 -0400] "GET /wp-includes/sodium_compat/src/Core32/Poly1305/?C=M;O=D HTTP/2.0" 200 929 "https://wpadmin.srindustries.net.in/wp-includes/sodium_compat/src/Core32/Poly1305/?C=M;O=A" "Mozilla/5.0 AppleWebKit/537.36 (KHTML, like Gecko; compatible; GPTBot/1.3; +https://openai.com/gptbot)"
74.7.227.62 - - [27/Mar/2026:11:09:15 -0400] "GET /wp-includes/sodium_compat/src/Core32/Poly1305/?C=D;O=D HTTP/2.0" 200 929 "https://wpadmin.srindustries.net.in/wp-includes/sodium_compat/src/Core32/Poly1305/?C=D;O=A" "Mozilla/5.0 AppleWebKit/537.36 (KHTML, like Gecko; compatible; GPTBot/1.3; +https://openai.com/gptbot)"
74.7.227.62 - - [27/Mar/2026:11:09:23 -0400] "GET /wp-includes/sodium_compat/src/Core32/ChaCha20/?C=N;O=A HTTP/2.0" 200 1106 "https://wpadmin.srindustries.net.in/wp-includes/sodium_compat/src/Core32/ChaCha20/?C=N;O=D" "Mozilla/5.0 AppleWebKit/537.36 (KHTML, like Gecko; compatible; GPTBot/1.3; +https://openai.com/gptbot)"
74.7.227.62 - - [27/Mar/2026:11:09:29 -0400] "GET /wp-includes/sodium_compat/lib/?C=D;O=A HTTP/2.0" 200 2373 "https://wpadmin.srindustries.net.in/wp-includes/sodium_compat/lib/" "Mozilla/5.0 AppleWebKit/537.36 (KHTML, like Gecko; compatible; GPTBot/1.3; +https://openai.com/gptbot)"
74.7.227.62 - - [27/Mar/2026:11:09:36 -0400] "GET /wp-includes/sodium_compat/src/Core32/ChaCha20/?C=M;O=D HTTP/2.0" 200 1106 "https://wpadmin.srindustries.net.in/wp-includes/sodium_compat/src/Core32/ChaCha20/?C=M;O=A" "Mozilla/5.0 AppleWebKit/537.36 (KHTML, like Gecko; compatible; GPTBot/1.3; +https://openai.com/gptbot)"
74.7.227.62 - - [27/Mar/2026:11:09:41 -0400] "GET /wp-includes/sodium_compat/src/Core32/ChaCha20/?C=D;O=D HTTP/2.0" 200 1106 "https://wpadmin.srindustries.net.in/wp-includes/sodium_compat/src/Core32/ChaCha20/?C=D;O=A" "Mozilla/5.0 AppleWebKit/537.36 (KHTML, like Gecko; compatible; GPTBot/1.3; +https://openai.com/gptbot)"
74.7.227.62 - - [27/Mar/2026:11:09:46 -0400] "GET /wp-includes/sodium_compat/src/Core32/ChaCha20/?C=S;O=D HTTP/2.0" 200 1106 "https://wpadmin.srindustries.net.in/wp-includes/sodium_compat/src/Core32/ChaCha20/?C=S;O=A" "Mozilla/5.0 AppleWebKit/537.36 (KHTML, like Gecko; compatible; GPTBot/1.3; +https://openai.com/gptbot)"
74.7.227.62 - - [27/Mar/2026:11:09:50 -0400] "GET /wp-includes/js/imgareaselect/?C=N;O=D HTTP/2.0" 200 1085 "https://wpadmin.srindustries.net.in/wp-includes/js/imgareaselect/" "Mozilla/5.0 AppleWebKit/537.36 (KHTML, like Gecko; compatible; GPTBot/1.3; +https://openai.com/gptbot)"
74.7.227.62 - - [27/Mar/2026:11:10:04 -0400] "GET /wp-includes/js/imgareaselect/?C=D;O=A HTTP/2.0" 200 1085 "https://wpadmin.srindustries.net.in/wp-includes/js/imgareaselect/" "Mozilla/5.0 AppleWebKit/537.36 (KHTML, like Gecko; compatible; GPTBot/1.3; +https://openai.com/gptbot)"
74.7.227.62 - - [27/Mar/2026:11:10:11 -0400] "GET /wp-includes/sodium_compat/lib/ristretto255.php HTTP/2.0" 500 0 "https://wpadmin.srindustries.net.in/wp-includes/sodium_compat/lib/?C=D;O=A" "Mozilla/5.0 AppleWebKit/537.36 (KHTML, like Gecko; compatible; GPTBot/1.3; +https://openai.com/gptbot)"
74.7.227.62 - - [27/Mar/2026:11:10:13 -0400] "GET /wp-includes/sodium_compat/lib/?C=D;O=D HTTP/2.0" 200 2373 "https://wpadmin.srindustries.net.in/wp-includes/sodium_compat/lib/?C=D;O=A" "Mozilla/5.0 AppleWebKit/537.36 (KHTML, like Gecko; compatible; GPTBot/1.3; +https://openai.com/gptbot)"
74.7.227.62 - - [27/Mar/2026:11:10:19 -0400] "GET /wp-includes/sodium_compat/lib/?C=N;O=A HTTP/2.0" 200 2373 "https://wpadmin.srindustries.net.in/wp-includes/sodium_compat/lib/?C=D;O=A" "Mozilla/5.0 AppleWebKit/537.36 (KHTML, like Gecko; compatible; GPTBot/1.3; +https://openai.com/gptbot)"
74.7.227.62 - - [27/Mar/2026:11:10:29 -0400] "GET /wp-includes/sodium_compat/src/?C=D;O=A HTTP/2.0" 200 2130 "https://wpadmin.srindustries.net.in/wp-includes/sodium_compat/src/" "Mozilla/5.0 AppleWebKit/537.36 (KHTML, like Gecko; compatible; GPTBot/1.3; +https://openai.com/gptbot)"
74.7.227.62 - - [27/Mar/2026:11:10:44 -0400] "GET /wp-includes/js/imgareaselect/?C=D;O=D HTTP/2.0" 200 1085 "https://wpadmin.srindustries.net.in/wp-includes/js/imgareaselect/?C=D;O=A" "Mozilla/5.0 AppleWebKit/537.36 (KHTML, like Gecko; compatible; GPTBot/1.3; +https://openai.com/gptbot)"
74.7.227.62 - - [27/Mar/2026:11:10:47 -0400] "GET /wp-includes/sodium_compat/src/?C=M;O=D HTTP/2.0" 200 2130 "https://wpadmin.srindustries.net.in/wp-includes/sodium_compat/src/?C=M;O=A" "Mozilla/5.0 AppleWebKit/537.36 (KHTML, like Gecko; compatible; GPTBot/1.3; +https://openai.com/gptbot)"
74.7.227.62 - - [27/Mar/2026:11:10:49 -0400] "GET /wp-includes/sodium_compat/lib/?C=N;O=D HTTP/2.0" 200 2373 "https://wpadmin.srindustries.net.in/wp-includes/sodium_compat/lib/" "Mozilla/5.0 AppleWebKit/537.36 (KHTML, like Gecko; compatible; GPTBot/1.3; +https://openai.com/gptbot)"
74.7.227.62 - - [27/Mar/2026:11:10:52 -0400] "GET /wp-includes/feed-rss2-comments.php HTTP/2.0" 500 0 "https://wpadmin.srindustries.net.in/wp-includes/" "Mozilla/5.0 AppleWebKit/537.36 (KHTML, like Gecko; compatible; GPTBot/1.3; +https://openai.com/gptbot)"
74.7.227.62 - - [27/Mar/2026:11:11:00 -0400] "GET /wp-includes/Requests/library/?C=M;O=A HTTP/2.0" 200 882 "https://wpadmin.srindustries.net.in/wp-includes/Requests/library/" "Mozilla/5.0 AppleWebKit/537.36 (KHTML, like Gecko; compatible; GPTBot/1.3; +https://openai.com/gptbot)"
74.7.227.62 - - [27/Mar/2026:11:11:50 -0400] "GET /wp-includes/sodium_compat/src/?C=D;O=D HTTP/2.0" 200 2130 "https://wpadmin.srindustries.net.in/wp-includes/sodium_compat/src/?C=D;O=A" "Mozilla/5.0 AppleWebKit/537.36 (KHTML, like Gecko; compatible; GPTBot/1.3; +https://openai.com/gptbot)"
74.7.227.62 - - [27/Mar/2026:11:12:15 -0400] "GET /wp-includes/Requests/library/?C=N;O=D HTTP/2.0" 200 882 "https://wpadmin.srindustries.net.in/wp-includes/Requests/library/" "Mozilla/5.0 AppleWebKit/537.36 (KHTML, like Gecko; compatible; GPTBot/1.3; +https://openai.com/gptbot)"
74.7.227.62 - - [27/Mar/2026:11:12:35 -0400] "GET /wp-includes/Requests/library/?C=S;O=A HTTP/2.0" 200 882 "https://wpadmin.srindustries.net.in/wp-includes/Requests/library/" "Mozilla/5.0 AppleWebKit/537.36 (KHTML, like Gecko; compatible; GPTBot/1.3; +https://openai.com/gptbot)"
74.7.227.62 - - [27/Mar/2026:11:12:52 -0400] "GET /wp-includes/Requests/library/?C=D;O=A HTTP/2.0" 200 882 "https://wpadmin.srindustries.net.in/wp-includes/Requests/library/" "Mozilla/5.0 AppleWebKit/537.36 (KHTML, like Gecko; compatible; GPTBot/1.3; +https://openai.com/gptbot)"
74.7.227.62 - - [27/Mar/2026:11:13:06 -0400] "GET /wp-includes/Requests/library/?C=N;O=A HTTP/2.0" 200 882 "https://wpadmin.srindustries.net.in/wp-includes/Requests/library/?C=M;O=A" "Mozilla/5.0 AppleWebKit/537.36 (KHTML, like Gecko; compatible; GPTBot/1.3; +https://openai.com/gptbot)"
74.7.227.62 - - [27/Mar/2026:11:13:11 -0400] "GET /wp-includes/Requests/library/?C=M;O=D HTTP/2.0" 200 882 "https://wpadmin.srindustries.net.in/wp-includes/Requests/library/?C=M;O=A" "Mozilla/5.0 AppleWebKit/537.36 (KHTML, like Gecko; compatible; GPTBot/1.3; +https://openai.com/gptbot)"
74.7.227.62 - - [27/Mar/2026:11:13:17 -0400] "GET /wp-includes/sodium_compat/src/PHP52/?C=D;O=A HTTP/2.0" 200 910 "https://wpadmin.srindustries.net.in/wp-includes/sodium_compat/src/PHP52/" "Mozilla/5.0 AppleWebKit/537.36 (KHTML, like Gecko; compatible; GPTBot/1.3; +https://openai.com/gptbot)"
74.7.227.62 - - [27/Mar/2026:11:13:36 -0400] "GET /wp-includes/Requests/library/?C=S;O=D HTTP/2.0" 200 882 "https://wpadmin.srindustries.net.in/wp-includes/Requests/library/?C=S;O=A" "Mozilla/5.0 AppleWebKit/537.36 (KHTML, like Gecko; compatible; GPTBot/1.3; +https://openai.com/gptbot)"
74.7.227.62 - - [27/Mar/2026:11:13:41 -0400] "GET /wp-includes/Requests/library/?C=D;O=D HTTP/2.0" 200 882 "https://wpadmin.srindustries.net.in/wp-includes/Requests/library/?C=D;O=A" "Mozilla/5.0 AppleWebKit/537.36 (KHTML, like Gecko; compatible; GPTBot/1.3; +https://openai.com/gptbot)"
74.7.227.62 - - [27/Mar/2026:11:13:45 -0400] "GET /wp-includes/sodium_compat/src/PHP52/?C=M;O=A HTTP/2.0" 200 910 "https://wpadmin.srindustries.net.in/wp-includes/sodium_compat/src/PHP52/" "Mozilla/5.0 AppleWebKit/537.36 (KHTML, like Gecko; compatible; GPTBot/1.3; +https://openai.com/gptbot)"
74.7.227.62 - - [27/Mar/2026:11:13:49 -0400] "GET /wp-includes/sodium_compat/src/PHP52/SplFixedArray.php HTTP/2.0" 200 0 "https://wpadmin.srindustries.net.in/wp-includes/sodium_compat/src/PHP52/?C=D;O=A" "Mozilla/5.0 AppleWebKit/537.36 (KHTML, like Gecko; compatible; GPTBot/1.3; +https://openai.com/gptbot)"
74.7.227.62 - - [27/Mar/2026:11:13:50 -0400] "GET /wp-includes/sodium_compat/src/PHP52/?C=N;O=A HTTP/2.0" 200 910 "https://wpadmin.srindustries.net.in/wp-includes/sodium_compat/src/PHP52/?C=D;O=A" "Mozilla/5.0 AppleWebKit/537.36 (KHTML, like Gecko; compatible; GPTBot/1.3; +https://openai.com/gptbot)"
74.7.227.62 - - [27/Mar/2026:11:13:53 -0400] "GET /wp-includes/sodium_compat/src/PHP52/?C=D;O=D HTTP/2.0" 200 910 "https://wpadmin.srindustries.net.in/wp-includes/sodium_compat/src/PHP52/?C=D;O=A" "Mozilla/5.0 AppleWebKit/537.36 (KHTML, like Gecko; compatible; GPTBot/1.3; +https://openai.com/gptbot)"
74.7.227.62 - - [27/Mar/2026:11:13:56 -0400] "GET /wp-includes/sodium_compat/src/PHP52/?C=S;O=A HTTP/2.0" 200 910 "https://wpadmin.srindustries.net.in/wp-includes/sodium_compat/src/PHP52/" "Mozilla/5.0 AppleWebKit/537.36 (KHTML, like Gecko; compatible; GPTBot/1.3; +https://openai.com/gptbot)"
74.7.227.62 - - [27/Mar/2026:11:13:56 -0400] "GET /wp-includes/sodium_compat/src/PHP52/?C=N;O=D HTTP/2.0" 200 910 "https://wpadmin.srindustries.net.in/wp-includes/sodium_compat/src/PHP52/" "Mozilla/5.0 AppleWebKit/537.36 (KHTML, like Gecko; compatible; GPTBot/1.3; +https://openai.com/gptbot)"
74.7.227.62 - - [27/Mar/2026:11:13:57 -0400] "GET /wp-includes/sodium_compat/src/Core32/Curve25519/?C=S;O=A HTTP/2.0" 200 1274 "https://wpadmin.srindustries.net.in/wp-includes/sodium_compat/src/Core32/Curve25519/" "Mozilla/5.0 AppleWebKit/537.36 (KHTML, like Gecko; compatible; GPTBot/1.3; +https://openai.com/gptbot)"
74.7.227.62 - - [27/Mar/2026:11:13:58 -0400] "GET /wp-includes/sodium_compat/src/PHP52/?C=M;O=D HTTP/2.0" 200 910 "https://wpadmin.srindustries.net.in/wp-includes/sodium_compat/src/PHP52/?C=M;O=A" "Mozilla/5.0 AppleWebKit/537.36 (KHTML, like Gecko; compatible; GPTBot/1.3; +https://openai.com/gptbot)"
74.7.227.62 - - [27/Mar/2026:11:13:59 -0400] "GET /wp-includes/sodium_compat/src/Core32/Curve25519/?C=D;O=A HTTP/2.0" 200 1274 "https://wpadmin.srindustries.net.in/wp-includes/sodium_compat/src/Core32/Curve25519/" "Mozilla/5.0 AppleWebKit/537.36 (KHTML, like Gecko; compatible; GPTBot/1.3; +https://openai.com/gptbot)"
74.7.227.62 - - [27/Mar/2026:11:14:00 -0400] "GET /wp-includes/sodium_compat/src/Core32/Curve25519/?C=M;O=A HTTP/2.0" 200 1274 "https://wpadmin.srindustries.net.in/wp-includes/sodium_compat/src/Core32/Curve25519/" "Mozilla/5.0 AppleWebKit/537.36 (KHTML, like Gecko; compatible; GPTBot/1.3; +https://openai.com/gptbot)"
74.7.227.62 - - [27/Mar/2026:11:14:00 -0400] "GET /wp-includes/sodium_compat/src/Core32/Curve25519/?C=N;O=D HTTP/2.0" 200 1274 "https://wpadmin.srindustries.net.in/wp-includes/sodium_compat/src/Core32/Curve25519/" "Mozilla/5.0 AppleWebKit/537.36 (KHTML, like Gecko; compatible; GPTBot/1.3; +https://openai.com/gptbot)"
74.7.227.62 - - [27/Mar/2026:11:14:01 -0400] "GET /wp-includes/js/tinymce/skins/?C=S;O=A HTTP/2.0" 200 1060 "https://wpadmin.srindustries.net.in/wp-includes/js/tinymce/skins/" "Mozilla/5.0 AppleWebKit/537.36 (KHTML, like Gecko; compatible; GPTBot/1.3; +https://openai.com/gptbot)"
