File manager - Edit - /var/log/apache2/domlogs/kamsoftco/wpadmin.srindustries.net.in-ssl_log
Back
74.7.244.10 - - [27/Mar/2026:07:48:29 -0400] "GET /robots.txt HTTP/2.0" 404 355 "-" "Mozilla/5.0 (Macintosh; Intel Mac OS X 10_15_7) AppleWebKit/537.36 (KHTML, like Gecko) Chrome/131.0.0.0 Safari/537.36; compatible; OAI-SearchBot/1.3; robots.txt; +https://openai.com/searchbot"
74.7.227.62 - - [27/Mar/2026:07:49:25 -0400] "GET /wp-includes/js/thickbox/?C=D;O=D HTTP/2.0" 200 1045 "https://wpadmin.srindustries.net.in/wp-includes/js/thickbox/?C=D;O=A" "Mozilla/5.0 AppleWebKit/537.36 (KHTML, like Gecko; compatible; GPTBot/1.3; +https://openai.com/gptbot)"
74.7.227.62 - - [27/Mar/2026:07:50:18 -0400] "GET /wp-includes/class-feed.php HTTP/2.0" 500 0 "https://wpadmin.srindustries.net.in/wp-includes/" "Mozilla/5.0 AppleWebKit/537.36 (KHTML, like Gecko; compatible; GPTBot/1.3; +https://openai.com/gptbot)"
32.192.194.121 - - [27/Mar/2026:07:50:25 -0400] "GET /wp-json/wp/v2/my-works/?per_page=100 HTTP/1.1" 404 355 "-" "node-fetch/1.0 (+https://github.com/bitinn/node-fetch)"
32.192.194.121 - - [27/Mar/2026:07:51:09 -0400] "GET /wp-json/wp/v2/furnitures/?per_page=100 HTTP/1.1" 404 355 "-" "node-fetch/1.0 (+https://github.com/bitinn/node-fetch)"
74.7.227.62 - - [27/Mar/2026:07:52:06 -0400] "GET /wp-includes/js/swfupload/?C=M;O=A HTTP/2.0" 200 688 "https://wpadmin.srindustries.net.in/wp-includes/js/swfupload/" "Mozilla/5.0 AppleWebKit/537.36 (KHTML, like Gecko; compatible; GPTBot/1.3; +https://openai.com/gptbot)"
74.7.227.62 - - [27/Mar/2026:07:54:03 -0400] "GET /wp-includes/js/swfupload/?C=S;O=A HTTP/2.0" 200 688 "https://wpadmin.srindustries.net.in/wp-includes/js/swfupload/" "Mozilla/5.0 AppleWebKit/537.36 (KHTML, like Gecko; compatible; GPTBot/1.3; +https://openai.com/gptbot)"
74.7.244.10 - - [27/Mar/2026:07:54:04 -0400] "GET /robots.txt HTTP/2.0" 404 355 "-" "Mozilla/5.0 (Macintosh; Intel Mac OS X 10_15_7) AppleWebKit/537.36 (KHTML, like Gecko) Chrome/131.0.0.0 Safari/537.36; compatible; OAI-SearchBot/1.3; robots.txt; +https://openai.com/searchbot"
74.7.227.62 - - [27/Mar/2026:07:56:59 -0400] "GET /wp-includes/js/swfupload/?C=N;O=D HTTP/2.0" 200 688 "https://wpadmin.srindustries.net.in/wp-includes/js/swfupload/" "Mozilla/5.0 AppleWebKit/537.36 (KHTML, like Gecko; compatible; GPTBot/1.3; +https://openai.com/gptbot)"
74.7.227.62 - - [27/Mar/2026:07:57:31 -0400] "GET /wp-includes/js/swfupload/?C=D;O=A HTTP/2.0" 200 688 "https://wpadmin.srindustries.net.in/wp-includes/js/swfupload/" "Mozilla/5.0 AppleWebKit/537.36 (KHTML, like Gecko; compatible; GPTBot/1.3; +https://openai.com/gptbot)"
74.7.227.62 - - [27/Mar/2026:07:58:01 -0400] "GET /wp-includes/feed-atom.php HTTP/2.0" 200 2 "https://wpadmin.srindustries.net.in/wp-includes/" "Mozilla/5.0 AppleWebKit/537.36 (KHTML, like Gecko; compatible; GPTBot/1.3; +https://openai.com/gptbot)"
74.7.227.62 - - [27/Mar/2026:07:59:12 -0400] "GET /wp-includes/js/swfupload/?C=M;O=D HTTP/2.0" 200 688 "https://wpadmin.srindustries.net.in/wp-includes/js/swfupload/?C=M;O=A" "Mozilla/5.0 AppleWebKit/537.36 (KHTML, like Gecko; compatible; GPTBot/1.3; +https://openai.com/gptbot)"
74.7.227.62 - - [27/Mar/2026:07:59:48 -0400] "GET /wp-includes/js/swfupload/?C=S;O=D HTTP/2.0" 200 688 "https://wpadmin.srindustries.net.in/wp-includes/js/swfupload/?C=S;O=A" "Mozilla/5.0 AppleWebKit/537.36 (KHTML, like Gecko; compatible; GPTBot/1.3; +https://openai.com/gptbot)"
74.7.227.62 - - [27/Mar/2026:08:00:04 -0400] "GET /wp-includes/js/swfupload/?C=N;O=A HTTP/2.0" 200 688 "https://wpadmin.srindustries.net.in/wp-includes/js/swfupload/?C=M;O=A" "Mozilla/5.0 AppleWebKit/537.36 (KHTML, like Gecko; compatible; GPTBot/1.3; +https://openai.com/gptbot)"
74.7.244.10 - - [27/Mar/2026:08:00:10 -0400] "GET /robots.txt HTTP/2.0" 404 355 "-" "Mozilla/5.0 (Macintosh; Intel Mac OS X 10_15_7) AppleWebKit/537.36 (KHTML, like Gecko) Chrome/131.0.0.0 Safari/537.36; compatible; OAI-SearchBot/1.3; robots.txt; +https://openai.com/searchbot"
74.7.227.62 - - [27/Mar/2026:08:00:42 -0400] "GET /wp-includes/Requests/src/?C=N;O=D HTTP/2.0" 200 1925 "https://wpadmin.srindustries.net.in/wp-includes/Requests/src/" "Mozilla/5.0 AppleWebKit/537.36 (KHTML, like G74.7.227.62 - - [27/Mar/2026:08:26:04 -0400] "GET /wp-includes/interactivity-api/?C=D;O=A HTTP/2.0" 200 0 "https://wpadmin.srindustries.net.in/wp-includes/interactivity-api/" "Mozilla/5.0 AppleWebKit/537.36 (KHTML, like Gecko; compatible; GPTBot/1.3; +https://openai.com/gptbot)"
3.227.251.251 - - [27/Mar/2026:08:27:50 -0400] "GET /wp-json/wp/v2/pages/578 HTTP/1.1" 404 0 "-" "node-fetch/1.0 (+https://github.com/bitinn/node-fetch)"
74.7.227.62 - - [27/Mar/2026:08:28:08 -0400] "GET /wp-includes/interactivity-api/?C=N;O=D HTTP/2.0" 200 0 "https://wpadmin.srindustries.net.in/wp-includes/interactivity-api/" "Mozilla/5.0 AppleWebKit/537.36 (KHTML, like Gecko; compatible; GPTBot/1.3; +https://openai.com/gptbot)"
3.227.251.251 - - [27/Mar/2026:08:28:28 -0400] "GET /wp-json/wp/v2/my-works/?per_page=100 HTTP/1.1" 404 0 "-" "node-fetch/1.0 (+https://github.com/bitinn/node-fetch)"
74.7.227.62 - - [27/Mar/2026:08:30:14 -0400] "GET /wp-includes/block-bindings/?C=N;O=D HTTP/2.0" 200 0 "https://wpadmin.srindustries.net.in/wp-includes/block-bindings/" "Mozilla/5.0 AppleWebKit/537.36 (KHTML, like Gecko; compatible; GPTBot/1.3; +https://openai.com/gptbot)"
74.7.244.10 - - [27/Mar/2026:08:31:18 -0400] "GET /robots.txt HTTP/2.0" 404 355 "-" "Mozilla/5.0 (Macintosh; Intel Mac OS X 10_15_7) AppleWebKit/537.36 (KHTML, like Gecko) Chrome/131.0.0.0 Safari/537.36; compatible; OAI-SearchBot/1.3; robots.txt; +https://openai.com/searchbot"
3.227.251.251 - - [27/Mar/2026:08:31:56 -0400] "GET /wp-json/wp/v2/pages/578 HTTP/1.1" 404 0 "-" "node-fetch/1.0 (+https://github.com/bitinn/node-fetch)"
103.185.242.193 - - [27/Mar/2026:08:31:57 -0400] "GET /wp-json/wp/v2/work_category HTTP/2.0" 404 355 "https://srindustries.net.in/" "Mozilla/5.0 (Windows NT 10.0; Win64; x64) AppleWebKit/537.36 (KHTML, like Gecko) Chrome/146.0.0.0 Safari/537.36"
103.185.242.193 - - [27/Mar/2026:08:31:57 -0400] "OPTIONS /graphql HTTP/2.0" 200 0 "https://srindustries.net.in/" "Mozilla/5.0 (Windows NT 10.0; Win64; x64) AppleWebKit/537.36 (KHTML, like Gecko) Chrome/146.0.0.0 Safari/537.36"
3.227.251.251 - - [27/Mar/2026:08:32:02 -0400] "GET /wp-json/wp/v2/pages/578 HTTP/1.1" 404 355 "-" "node-fetch/1.0 (+https://github.com/bitinn/node-fetch)"
3.227.251.251 - - [27/Mar/2026:08:32:03 -0400] "GET /wp-json/wp/v2/pages/578 HTTP/1.1" 404 355 "-" "node-fetch/1.0 (+https://github.com/bitinn/node-fetch)"
3.227.251.251 - - [27/Mar/2026:08:32:05 -0400] "GET /wp-json/wp/v2/pages/578 HTTP/1.1" 404 355 "-" "node-fetch/1.0 (+https://github.com/bitinn/node-fetch)"
103.185.242.193 - - [27/Mar/2026:08:32:06 -0400] "GET /wp-json/wp/v2/work_category HTTP/2.0" 404 355 "https://srindustries.net.in/" "Mozilla/5.0 (Windows NT 10.0; Win64; x64) AppleWebKit/537.36 (KHTML, like Gecko) Chrome/146.0.0.0 Safari/537.36"
103.185.242.193 - - [27/Mar/2026:08:32:06 -0400] "OPTIONS /graphql HTTP/2.0" 200 0 "https://srindustries.net.in/" "Mozilla/5.0 (Windows NT 10.0; Win64; x64) AppleWebKit/537.36 (KHTML, like Gecko) Chrome/146.0.0.0 Safari/537.36"
44.192.125.111 - - [27/Mar/2026:08:32:10 -0400] "GET /wp-json/wp/v2/pages/578 HTTP/1.1" 404 355 "-" "node-fetch/1.0 (+https://github.com/bitinn/node-fetch)"
13.218.88.64 - - [27/Mar/2026:08:32:16 -0400] "GET /wp-json/wp/v2/furnitures/?per_page=100 HTTP/1.1" 404 355 "-" "node-fetch/1.0 (+https://github.com/bitinn/node-fetch)"
13.218.88.64 - - [27/Mar/2026:08:32:18 -0400] "GET /wp-json/wp/v2/furnitures/?per_page=100 HTTP/1.1" 404 355 "-" "node-fetch/1.0 (+https://github.com/bitinn/node-fetch)"
103.185.242.193 - - [27/Mar/2026:08:32:18 -0400] "GET /wp-json/wp/v2/work_category HTTP/2.0" 404 355 "https://srindustries.net.in/" "Mozilla/5.0 (Windows NT 10.0; Win64; x64) AppleWebKit/537.36 (KHTML, like Gecko) Chrome/146.0.0.0 Safari/537.36"
103.185.242.193 - - [27/Mar/2026:08:32:18 -0400] "OPTIONS /graphql HTTP/2.0" 200 0 "https://srindustries.net.in/" "Mozilla/5.0 (Windows NT 10.0; Win64; x64) AppleWebKit/537.36 (KHTML, like Gecko) Chrome/146.0.0.0 Safari/537.36"
74.7.227.62 - - [27/Mar/2026:08:34:19 -0400] "GET /wp-includes/block-bindings/?C=D;O=A HTTP/2.0" 200 1421 "https://wpadmin.srindustries.net.in/wp-includes/block-bindings/" "Mozilla/5.0 AppleWebKit/537.36 (KHTML, like Gecko; compatible; GPTBot/1.3; +https://openai.com/gptbot)"
74.7.227.62 - - [27/Mar/2026:08:35:11 -0400] "GET /wp-includes/block-bindings/?C=S;O=A HTTP/2.0" 200 1421 "https://wpadmin.srindustries.net.in/wp-includes/block-bindings/" "Mozilla/5.0 AppleWebKit/537.36 (KHTML, like Gecko; compatible; GPTBot/1.3; +https://openai.com/gptbot)"
74.7.227.62 - - [27/Mar/2026:08:35:59 -0400] "GET /wp-includes/block-bindings/?C=M;O=A HTTP/2.0" 200 1421 "https://wpadmin.srindustries.net.in/wp-includes/block-bindings/" "Mozilla/5.0 AppleWebKit/537.36 (KHTML, like Gecko; compatible; GPTBot/1.3; +https://openai.com/gptbot)"
74.7.244.10 - - [27/Mar/2026:08:37:17 -0400] "GET /robots.txt HTTP/2.0" 404 355 "-" "Mozilla/5.0 (Macintosh; Intel Mac OS X 10_15_7) AppleWebKit/537.36 (KHTML, like Gecko) Chrome/131.0.0.0 Safari/537.36; compatible; OAI-SearchBot/1.3; robots.txt; +https://openai.com/searchbot"
74.7.227.62 - - [27/Mar/2026:08:37:51 -0400] "GET /wp-includes/images/crystal/?C=S;O=A HTTP/2.0" 200 872 "https://wpadmin.srindustries.net.in/wp-includes/images/crystal/" "Mozilla/5.0 AppleWebKit/537.36 (KHTML, like Gecko; compatible; GPTBot/1.3; +https://openai.com/gptbot)"
74.7.227.62 - - [27/Mar/2026:08:38:48 -0400] "GET /wp-includes/images/crystal/?C=N;O=D HTTP/2.0" 200 872 "https://wpadmin.srindustries.net.in/wp-includes/images/crystal/" "Mozilla/5.0 AppleWebKit/537.36 (KHTML, like Gecko; compatible; GPTBot/1.3; +https://openai.com/gptbot)"
74.7.227.62 - - [27/Mar/2026:08:40:55 -0400] "GET /wp-includes/block-bindings/post-meta.php HTTP/2.0" 500 0 "https://wpadmin.srindustries.net.in/wp-includes/block-bindings/?C=D;O=A" "Mozilla/5.0 AppleWebKit/537.36 (KHTML, like Gecko; compatible; GPTBot/1.3; +https://openai.com/gptbot)"
74.7.227.62 - - [27/Mar/2026:08:41:58 -0400] "GET /wp-includes/block-bindings/post-data.php HTTP/2.0" 500 0 "https://wpadmin.srindustries.net.in/wp-includes/block-bindings/?C=D;O=A" "Mozilla/5.0 AppleWebKit/537.36 (KHTML, like Gecko; compatible; GPTBot/1.3; +https://openai.com/gptbot)"
74.7.244.10 - - [27/Mar/2026:08:43:04 -0400] "GET /robots.txt HTTP/2.0" 404 355 "-" "Mozilla/5.0 (Macintosh; Intel Mac OS X 10_15_7) AppleWebKit/537.36 (KHTML, like Gecko) Chrome/131.0.0.0 Safari/537.36; compatible; OAI-SearchBot/1.3; robots.txt; +https://openai.com/searchbot"
74.7.227.62 - - [27/Mar/2026:08:44:03 -0400] "GET /wp-includes/block-bindings/pattern-overrides.php HTTP/2.0" 500 0 "https://wpadmin.srindustries.net.in/wp-includes/block-bindings/?C=D;O=A" "Mozilla/5.0 AppleWebKit/537.36 (KHTML, like Gecko; compatible; GPTBot/1.3; +https://openai.com/gptbot)"
98.93.82.234 - - [27/Mar/2026:08:44:15 -0400] "GET /wp-json/wp/v2/pages/578 HTTP/1.1" 404 355 "-" "node-fetch/1.0 (+https://github.com/bitinn/node-fetch)"
74.7.227.62 - - [27/Mar/2026:08:46:09 -0400] "GET /wp-includes/block-bindings/term-data.php HTTP/2.0" 500 0 "https://wpadmin.srindustries.net.in/wp-includes/block-bindings/?C=D;O=A" "Mozilla/5.0 AppleWebKit/537.36 (KHTML, like Gecko; compatible; GPTBot/1.3; +https://openai.com/gptbot)"
74.7.227.62 - - [27/Mar/2026:08:47:10 -0400] "GET /wp-includes/block-bindings/?C=D;O=D HTTP/2.0" 200 1421 "https://wpadmin.srindustries.net.in/wp-includes/block-bindings/?C=D;O=A" "Mozilla/5.0 AppleWebKit/537.36 (KHTML, like Gecko; compatible; GPTBot/1.3; +https://openai.com/gptbot)"
74.7.227.62 - - [27/Mar/2026:08:49:10 -0400] "GET /wp-includes/block-bindings/?C=N;O=A HTTP/2.0" 200 1421 "https://wpadmin.srindustries.net.in/wp-includes/block-bindings/?C=D;O=A" "Mozilla/5.0 AppleWebKit/537.36 (KHTML, like Gecko; compatible; GPTBot/1.3; +https://openai.com/gptbot)"
74.7.244.10 - - [27/Mar/2026:08:49:18 -0400] "GET /robots.txt HTTP/2.0" 404 355 "-" "Mozilla/5.0 (Macintosh; Intel Mac OS X 10_15_7) AppleWebKit/537.36 (KHTML, like Gecko) Chrome/131.0.0.0 Safari/537.36; compatible; OAI-SearchBot/1.3; robots.txt; +https://openai.com/searchbot"
74.7.227.62 - - [27/Mar/2026:08:50:02 -0400] "GET /wp-includes/block-bindings/?C=S;O=D HTTP/2.0" 200 1421 "https://wpadmin.srindustries.net.in/wp-includes/block-bindings/?C=S;O=A" "Mozilla/5.0 AppleWebKit/537.36 (KHTML, like Gecko; compatible; GPTBot/1.3; +https://openai.com/gptbot)"
74.7.227.62 - - [27/Mar/2026:08:52:03 -0400] "GET /wp-includes/block-bindings/?C=M;O=D HTTP/2.0" 200 1421 "https://wpadmin.srindustries.net.in/wp-includes/block-bindings/?C=M;O=A" "Mozilla/5.0 AppleWebKit/537.36 (KHTML, like Gecko; compatible; GPTBot/1.3; +https://openai.com/gptbot)"
74.7.227.62 - - [27/Mar/2026:08:53:35 -0400] "GET /wp-includes/images/crystal/?C=N;O=A HTTP/2.0" 200 872 "https://wpadmin.srindustries.net.in/wp-includes/images/crystal/?C=S;O=A" "Mozilla/5.0 AppleWebKit/537.36 (KHTML, like Gecko; compatible; GPTBot/1.3; +https://openai.com/gptbot)"
74.7.227.62 - - [27/Mar/2026:08:53:58 -0400] "GET /wp-includes/images/crystal/?C=M;O=A HTTP/2.0" 200 872 "https://wpadmin.srindustries.net.in/wp-includes/images/crystal/" "Mozilla/5.0 AppleWebKit/537.36 (KHTML, like Gecko; compatible; GPTBot/1.3; +https://openai.com/gptbot)"
74.7.244.10 - - [27/Mar/2026:08:54:22 -0400] "GET /robots.txt HTTP/2.0" 404 355 "-" "Mozilla/5.0 (Macintosh; Intel Mac OS X 10_15_7) AppleWebKit/537.36 (KHTML, like Gecko) Chrome/131.0.0.0 Safari/537.36; compatible; OAI-SearchBot/1.3; robots.txt; +https://openai.com/searchbot"
74.7.227.62 - - [27/Mar/2026:08:54:57 -0400] "GET /wp-includes/images/crystal/?C=D;O=A HTTP/2.0" 200 872 "https://wpadmin.srindustries.net.in/wp-includes/images/crystal/" "Mozilla/5.0 AppleWebKit/537.36 (KHTML, like Gecko; compatible; GPTBot/1.3; +https://openai.com/gptbot)"
74.7.227.62 - - [27/Mar/2026:08:55:13 -0400] "GET /wp-includes/images/crystal/?C=S;O=D HTTP/2.0" 200 872 "https://wpadmin.srindustries.net.in/wp-includes/images/crystal/?C=S;O=A" "Mozilla/5.0 AppleWebKit/537.36 (KHTML, like Gecko; compatible; GPTBot/1.3; +https://openai.com/gptbot)"
74.7.227.62 - - [27/Mar/2026:08:55:41 -0400] "GET /wp-includes/style-engine/class-wp-style-engine-css-rule.php HTTP/2.0" 404 16 "https://wpadmin.srindustries.net.in/wp-includes/style-engine/" "Mozilla/5.0 AppleWebKit/537.36 (KHTML, like Gecko; compatible; GPTBot/1.3; +https://openai.com/gptbot)"
74.7.227.62 - - [27/Mar/2026:08:55:52 -0400] "GET /wp-includes/block-supports/?C=S;O=A HTTP/2.0" 200 689 "https://wpadmin.srindustries.net.in/wp-includes/block-supports/" "Mozilla/5.0 AppleWebKit/537.36 (KHTML, like Gecko; compatible; GPTBot/1.3; +https://openai.com/gptbot)"
74.7.227.62 - - [27/Mar/2026:08:56:24 -0400] "GET /wp-includes/block-supports/?C=M;O=A HTTP/2.0" 200 689 "https://wpadmin.srindustries.net.in/wp-includes/block-supports/" "Mozilla/5.0 AppleWebKit/537.36 (KHTML, like Gecko; compatible; GPTBot/1.3; +https://openai.com/gptbot)"
74.7.227.62 - - [27/Mar/2026:08:56:32 -0400] "GET /wp-includes/images/crystal/?C=M;O=D HTTP/2.0" 200 872 "https://wpadmin.srindustries.net.in/wp-includes/images/crystal/?C=M;O=A" "Mozilla/5.0 AppleWebKit/537.36 (KHTML, like Gecko; compatible; GPTBot/1.3; +https://openai.com/gptbot)"
74.7.227.62 - - [27/Mar/2026:08:56:40 -0400] "GET /wp-includes/block-supports/?C=D;O=A HTTP/2.0" 200 689 "https://wpadmin.srindustries.net.in/wp-includes/block-supports/" "Mozilla/5.0 AppleWebKit/537.36 (KHTML, like Gecko; compatible; GPTBot/1.3; +https://openai.com/gptbot)"
74.7.227.62 - - [27/Mar/2026:08:56:52 -0400] "GET /wp-includes/images/crystal/?C=D;O=D HTTP/2.0" 200 872 "https://wpadmin.srindustries.net.in/wp-includes/images/crystal/?C=D;O=A" "Mozilla/5.0 AppleWebKit/537.36 (KHTML, like Gecko; compatible; GPTBot/1.3; +https://openai.com/gptbot)"
74.7.227.62 - - [27/Mar/2026:08:56:58 -0400] "GET /wp-includes/block-supports/?C=N;O=D HTTP/2.0" 200 689 "https://wpadmin.srindustries.net.in/wp-includes/block-supports/" "Mozilla/5.0 AppleWebKit/537.36 (KHTML, like Gecko; compatible; GPTBot/1.3; +https://openai.com/gptbot)"
74.7.227.62 - - [27/Mar/2026:08:57:12 -0400] "GET /wp-includes/block-supports/?C=N;O=A HTTP/2.0" 200 689 "https://wpadmin.srindustries.net.in/wp-includes/block-supports/?C=S;O=A" "Mozilla/5.0 AppleWebKit/537.36 (KHTML, like Gecko; compatible; GPTBot/1.3; +https://openai.com/gptbot)"
74.7.227.62 - - [27/Mar/2026:08:57:19 -0400] "GET /wp-includes/block-supports/?C=S;O=D HTTP/2.0" 200 689 "https://wpadmin.srindustries.net.in/wp-includes/block-supports/?C=S;O=A" "Mozilla/5.0 AppleWebKit/537.36 (KHTML, like Gecko; compatible; GPTBot/1.3; +https://openai.com/gptbot)"
74.7.227.62 - - [27/Mar/2026:08:57:22 -0400] "GET /wp-includes/block-supports/?C=M;O=D HTTP/2.0" 200 689 "https://wpadmin.srindustries.net.in/wp-includes/block-supports/?C=M;O=A" "Mozilla/5.0 AppleWebKit/537.36 (KHTML, like Gecko; compatible; GPTBot/1.3; +https://openai.com/gptbot)"
74.7.227.62 - - [27/Mar/2026:08:57:25 -0400] "GET /wp-includes/block-patterns/?C=M;O=A HTTP/2.0" 200 689 "https://wpadmin.srindustries.net.in/wp-includes/block-patterns/" "Mozilla/5.0 AppleWebKit/537.36 (KHTML, like Gecko; compatible; GPTBot/1.3; +https://openai.com/gptbot)"
74.7.227.62 - - [27/Mar/2026:08:57:27 -0400] "GET /wp-includes/block-supports/?C=D;O=D HTTP/2.0" 200 689 "https://wpadmin.srindustries.net.in/wp-includes/block-supports/?C=D;O=A" "Mozilla/5.0 AppleWebKit/537.36 (KHTML, like Gecko; compatible; GPTBot/1.3; +https://openai.com/gptbot)"
74.7.227.62 - - [27/Mar/2026:08:57:35 -0400] "GET /wp-includes/block-patterns/?C=S;O=A HTTP/2.0" 200 689 "https://wpadmin.srindustries.net.in/wp-includes/block-patterns/" "Mozilla/5.0 AppleWebKit/537.36 (KHTML, like Gecko; compatible; GPTBot/1.3; +https://openai.com/gptbot)"
74.7.227.62 - - [27/Mar/2026:08:57:39 -0400] "GET /wp-includes/block-patterns/?C=D;O=A HTTP/2.0" 200 689 "https://wpadmin.srindustries.net.in/wp-includes/block-patterns/" "Mozilla/5.0 AppleWebKit/537.36 (KHTML, like Gecko; compatible; GPTBot/1.3; +https://openai.com/gptbot)"
74.7.227.62 - - [27/Mar/2026:08:57:41 -0400] "GET /wp-includes/block-patterns/?C=N;O=D HTTP/2.0" 200 689 "https://wpadmin.srindustries.net.in/wp-includes/block-patterns/" "Mozilla/5.0 AppleWebKit/537.36 (KHTML, like Gecko; compatible; GPTBot/1.3; +https://openai.com/gptbot)"
74.7.227.62 - - [27/Mar/2026:08:57:41 -0400] "GET /wp-includes/block-patterns/?C=N;O=A HTTP/2.0" 200 689 "https://wpadmin.srindustries.net.in/wp-includes/block-patterns/?C=M;O=A" "Mozilla/5.0 AppleWebKit/537.36 (KHTML, like Gecko; compatible; GPTBot/1.3; +https://openai.com/gptbot)"
74.7.227.62 - - [27/Mar/2026:08:57:42 -0400] "GET /wp-includes/block-patterns/?C=M;O=D HTTP/2.0" 200 689 "https://wpadmin.srindustries.net.in/wp-includes/block-patterns/?C=M;O=A" "Mozilla/5.0 AppleWebKit/537.36 (KHTML, like Gecko; compatible; GPTBot/1.3; +https://openai.com/gptbot)"
74.7.227.62 - - [27/Mar/2026:08:57:43 -0400] "GET /wp-includes/style-engine/class-wp-style-engine-css-rules-store.php HTTP/2.0" 404 16 "https://wpadmin.srindustries.net.in/wp-includes/style-engine/" "Mozilla/5.0 AppleWebKit/537.36 (KHTML, like Gecko; compatible; GPTBot/1.3; +https://openai.com/gptbot)"
74.7.227.62 - - [27/Mar/2026:08:57:45 -0400] "GET /wp-includes/block-patterns/?C=S;O=D HTTP/2.0" 200 689 "https://wpadmin.srindustries.net.in/wp-includes/block-patterns/?C=S;O=A" "Mozilla/5.0 AppleWebKit/537.36 (KHTML, like Gecko; compatible; GPTBot/1.3; +https://openai.com/gptbot)"
74.7.227.62 - - [27/Mar/2026:08:57:46 -0400] "GET /wp-includes/block-patterns/?C=D;O=D HTTP/2.0" 200 689 "https://wpadmin.srindustries.net.in/wp-includes/block-patterns/?C=D;O=A" "Mozilla/5.0 AppleWebKit/537.36 (KHTML, like Gecko; compatible; GPTBot/1.3; +https://openai.com/gptbot)"
74.7.227.62 - - [27/Mar/2026:08:57:47 -0400] "GET /wp-includes/class-wp-feed-cache-transient.php HTTP/2.0" 404 16 "https://wpadmin.srindustries.net.in/wp-includes/" "Mozilla/5.0 AppleWebKit/537.36 (KHTML, like Gecko; compatible; GPTBot/1.3; +https://openai.com/gptbot)"
74.7.227.62 - - [27/Mar/2026:08:57:49 -0400] "GET /wp-includes/images/smilies/?C=M;O=A HTTP/2.0" 200 696 "https://wpadmin.srindustries.net.in/wp-includes/images/smilies/" "Mozilla/5.0 AppleWebKit/537.36 (KHTML, like Gecko; compatible; GPTBot/1.3; +https://openai.com/gptbot)"
74.7.227.62 - - [27/Mar/2026:08:57:50 -0400] "GET /wp-includes/images/smilies/?C=N;O=D HTTP/2.0" 200 696 "https://wpadmin.srindustries.net.in/wp-includes/images/smilies/" "Mozilla/5.0 AppleWebKit/537.36 (KHTML, like Gecko; compatible; GPTBot/1.3; +https://openai.com/gptbot)"
74.7.227.62 - - [27/Mar/2026:08:57:52 -0400] "GET /wp-includes/images/smilies/?C=S;O=A HTTP/2.0" 200 696 "https://wpadmin.srindustries.net.in/wp-includes/images/smilies/" "Mozilla/5.0 AppleWebKit/537.36 (KHTML, like Gecko; compatible; GPTBot/1.3; +https://openai.com/gptbot)"
74.7.227.62 - - [27/Mar/2026:08:57:52 -0400] "GET /wp-includes/images/smilies/?C=D;O=A HTTP/2.0" 200 696 "https://wpadmin.srindustries.net.in/wp-includes/images/smilies/" "Mozilla/5.0 AppleWebKit/537.36 (KHTML, like Gecko; compatible; GPTBot/1.3; +https://openai.com/gptbot)"
74.7.227.62 - - [27/Mar/2026:08:57:53 -0400] "GET /wp-includes/js/tinymce/themes/?C=N;O=D HTTP/2.0" 200 1056 "https://wpadmin.srindustries.net.in/wp-includes/js/tinymce/themes/" "Mozilla/5.0 AppleWebKit/537.36 (KHTML, like Gecko; compatible; GPTBot/1.3; +https://openai.com/gptbot)"
74.7.227.62 - - [27/Mar/2026:08:57:54 -0400] "GET /wp-includes/js/tinymce/themes/?C=S;O=A HTTP/2.0" 200 1056 "https://wpadmin.srindustries.net.in/wp-includes/js/tinymce/themes/" "Mozilla/5.0 AppleWebKit/537.36 (KHTML, like Gecko; compatible; GPTBot/1.3; +https://openai.com/gptbot)"
74.7.227.62 - - [27/Mar/2026:08:57:55 -0400] "GET /wp-includes/images/smilies/?C=M;O=D HTTP/2.0" 200 696 "https://wpadmin.srindustries.net.in/wp-includes/images/smilies/?C=M;O=A" "Mozilla/5.0 AppleWebKit/537.36 (KHTML, like Gecko; compatible; GPTBot/1.3; +https://openai.com/gptbot)"
74.7.227.62 - - [27/Mar/2026:08:57:56 -0400] "GET /wp-includes/images/smilies/?C=N;O=A HTTP/2.0" 200 696 "https://wpadmin.srindustries.net.in/wp-includes/images/smilies/?C=M;O=A" "Mozilla/5.0 AppleWebKit/537.36 (KHTML, like Gecko; compatible; GPTBot/1.3; +https://openai.com/gptbot)"
74.7.227.62 - - [27/Mar/2026:08:57:57 -0400] "GET /wp-includes/images/smilies/?C=S;O=D HTTP/2.0" 200 696 "https://wpadmin.srindustries.net.in/wp-includes/images/smilies/?C=S;O=A" "Mozilla/5.0 AppleWebKit/537.36 (KHTML, like Gecko; compatible; GPTBot/1.3; +https://openai.com/gptbot)"
74.7.227.62 - - [27/Mar/2026:08:57:58 -0400] "GET /wp-includes/images/smilies/?C=D;O=D HTTP/2.0" 200 696 "https://wpadmin.srindustries.net.in/wp-includes/images/smilies/?C=D;O=A" "Mozilla/5.0 AppleWebKit/537.36 (KHTML, like Gecko; compatible; GPTBot/1.3; +https://openai.com/gptbot)"
74.7.227.62 - - [27/Mar/2026:08:57:59 -0400] "GET /wp-includes/js/tinymce/themes/inlite/ HTTP/2.0" 200 1083 "https://wpadmin.srindustries.net.in/wp-includes/js/tinymce/themes/?C=N;O=D" "Mozilla/5.0 AppleWebKit/537.36 (KHTML, like Gecko; compatible; GPTBot/1.3; +https://openai.com/gptbot)"
74.7.227.62 - - [27/Mar/2026:08:58:01 -0400] "GET /wp-includes/js/tinymce/themes/?C=N;O=A HTTP/2.0" 200 1056 "https://wpadmin.srindustries.net.in/wp-includes/js/tinymce/themes/?C=N;O=D" "Mozilla/5.0 AppleWebKit/537.36 (KHTML, like Gecko; compatible; GPTBot/1.3; +https://openai.com/gptbot)"
74.7.227.62 - - [27/Mar/2026:08:58:02 -0400] "GET /wp-includes/js/tinymce/themes/?C=S;O=D HTTP/2.0" 200 1056 "https://wpadmin.srindustries.net.in/wp-includes/js/tinymce/themes/?C=S;O=A" "Mozilla/5.0 AppleWebKit/537.36 (KHTML, like Gecko; compatible; GPTBot/1.3; +https://openai.com/gptbot)"
74.7.227.62 - - [27/Mar/2026:08:58:03 -0400] "GET /wp-includes/js/tinymce/themes/?C=M;O=A HTTP/2.0" 200 1056 "https://wpadmin.srindustries.net.in/wp-includes/js/tinymce/themes/" "Mozilla/5.0 AppleWebKit/537.36 (KHTML, like Gecko; compatible; GPTBot/1.3; +https://openai.com/gptbot)"
74.7.227.62 - - [27/Mar/2026:08:58:03 -0400] "GET /wp-includes/js/tinymce/themes/?C=D;O=A HTTP/2.0" 200 1056 "https://wpadmin.srindustries.net.in/wp-includes/js/tinymce/themes/" "Mozilla/5.0 AppleWebKit/537.36 (KHTML, like Gecko; compatible; GPTBot/1.3; +https://openai.com/gptbot)"
74.7.227.62 - - [27/Mar/2026:08:58:04 -0400] "GET /wp-includes/sitemaps/providers/?C=S;O=A HTTP/2.0" 200 904 "https://wpadmin.srindustries.net.in/wp-includes/sitemaps/providers/" "Mozilla/5.0 AppleWebKit/537.36 (KHTML, like Gecko; compatible; GPTBot/1.3; +https://openai.com/gptbot)"
74.7.227.62 - - [27/Mar/2026:08:58:08 -0400] "GET /wp-includes/js/tinymce/themes/inlite/theme.min.js HTTP/2.0" 200 131875 "https://wpadmin.srindustries.net.in/wp-includes/js/tinymce/themes/inlite/" "Mozilla/5.0 AppleWebKit/537.36 (KHTML, like Gecko; compatible; GPTBot/1.3; +https://openai.com/gptbot)"
74.7.227.62 - - [27/Mar/2026:08:58:11 -0400] "GET /wp-includes/js/tinymce/themes/inlite/theme.js HTTP/2.0" 200 320767 "https://wpadmin.srindustries.net.in/wp-includes/js/tinymce/themes/inlite/" "Mozilla/5.0 AppleWebKit/537.36 (KHTML, like Gecko; compatible; GPTBot/1.3; +https://openai.com/gptbot)"
74.7.227.62 - - [27/Mar/2026:08:58:13 -0400] "GET /wp-includes/sitemaps/providers/?C=M;O=A HTTP/2.0" 200 904 "https://wpadmin.srindustries.net.in/wp-includes/sitemaps/providers/" "Mozilla/5.0 AppleWebKit/537.36 (KHTML, like Gecko; compatible; GPTBot/1.3; +https://openai.com/gptbot)"
74.7.227.62 - - [27/Mar/2026:08:58:14 -0400] "GET /wp-includes/js/tinymce/themes/?C=M;O=D HTTP/2.0" 200 1056 "https://wpadmin.srindustries.net.in/wp-includes/js/tinymce/themes/?C=M;O=A" "Mozilla/5.0 AppleWebKit/537.36 (KHTML, like Gecko; compatible; GPTBot/1.3; +https://openai.com/gptbot)"
74.7.227.62 - - [27/Mar/2026:08:58:15 -0400] "GET /wp-includes/js/tinymce/themes/?C=D;O=D HTTP/2.0" 200 1056 "https://wpadmin.srindustries.net.in/wp-includes/js/tinymce/themes/?C=D;O=A" "Mozilla/5.0 AppleWebKit/537.36 (KHTML, like Gecko; compatible; GPTBot/1.3; +https://openai.com/gptbot)"
74.7.227.62 - - [27/Mar/2026:08:58:16 -0400] "GET /wp-includes/sitemaps/providers/class-wp-sitemaps-users.php HTTP/2.0" 500 0 "https://wpadmin.srindustries.net.in/wp-includes/sitemaps/providers/?C=S;O=A" "Mozilla/5.0 AppleWebKit/537.36 (KHTML, like Gecko; compatible; GPTBot/1.3; +https://openai.com/gptbot)"
74.7.227.62 - - [27/Mar/2026:08:58:18 -0400] "GET /wp-includes/js/tinymce/themes/inlite/'+r.url+' HTTP/2.0" 404 355 "https://wpadmin.srindustries.net.in/wp-includes/js/tinymce/themes/inlite/theme.min.js" "Mozilla/5.0 AppleWebKit/537.36 (KHTML, like Gecko; compatible; GPTBot/1.3; +https://openai.com/gptbot)"
74.7.227.62 - - [27/Mar/2026:08:58:22 -0400] "GET /wp-includes/js/tinymce/themes/inlite/'%20+%20settings.url%20+%20' HTTP/2.0" 404 355 "https://wpadmin.srindustries.net.in/wp-includes/js/tinymce/themes/inlite/theme.js" "Mozilla/5.0 AppleWebKit/537.36 (KHTML, like Gecko; compatible; GPTBot/1.3; +https://openai.com/gptbot)"
74.7.227.62 - - [27/Mar/2026:08:58:27 -0400] "GET /wp-includes/js/tinymce/themes/inlite/'%20+%20(self.settings.url%20||%20'javascript:/'/'')%20+%20' HTTP/2.0" 404 355 "https://wpadmin.srindustries.net.in/wp-includes/js/tinymce/themes/inlite/theme.js" "Mozilla/5.0 AppleWebKit/537.36 (KHTML, like Gecko; compatible; GPTBot/1.3; +https://openai.com/gptbot)"
74.7.227.62 - - [27/Mar/2026:08:58:36 -0400] "GET /wp-includes/sitemaps/providers/?C=N;O=A HTTP/2.0" 200 904 "https://wpadmin.srindustries.net.in/wp-includes/sitemaps/providers/?C=S;O=A" "Mozilla/5.0 AppleWebKit/537.36 (KHTML, like Gecko; compatible; GPTBot/1.3; +https://openai.com/gptbot)"
74.7.227.62 - - [27/Mar/2026:08:58:41 -0400] "GET /wp-includes/sitemaps/providers/?C=S;O=D HTTP/2.0" 200 904 "https://wpadmin.srindustries.net.in/wp-includes/sitemaps/providers/?C=S;O=A" "Mozilla/5.0 AppleWebKit/537.36 (KHTML, like Gecko; compatible; GPTBot/1.3; +https://openai.com/gptbot)"
74.7.227.62 - - [27/Mar/2026:08:58:44 -0400] "GET /wp-includes/sitemaps/providers/?C=M;O=D HTTP/2.0" 200 904 "https://wpadmin.srindustries.net.in/wp-includes/sitemaps/providers/?C=M;O=A" "Mozilla/5.0 AppleWebKit/537.36 (KHTML, like Gecko; compatible; GPTBot/1.3; +https://openai.com/gptbot)"
74.7.227.62 - - [27/Mar/2026:08:58:53 -0400] "GET /wp-includes/sitemaps/providers/?C=D;O=A HTTP/2.0" 200 904 "https://wpadmin.srindustries.net.in/wp-includes/sitemaps/providers/" "Mozilla/5.0 AppleWebKit/537.36 (KHTML, like Gecko; compatible; GPTBot/1.3; +https://openai.com/gptbot)"
74.7.227.62 - - [27/Mar/2026:08:58:56 -0400] "GET /wp-includes/sitemaps/providers/?C=N;O=D HTTP/2.0" 200 904 "https://wpadmin.srindustries.net.in/wp-includes/sitemaps/providers/" "Mozilla/5.0 AppleWebKit/537.36 (KHTML, like Gecko; compatible; GPTBot/1.3; +https://openai.com/gptbot)"
74.7.227.62 - - [27/Mar/2026:08:59:02 -0400] "GET /wp-includes/class-wp-feed-cache.php HTTP/2.0" 500 0 "https://wpadmin.srindustries.net.in/wp-includes/" "Mozilla/5.0 AppleWebKit/537.36 (KHTML, like Gecko; compatible; GPTBot/1.3; +https://openai.com/gptbot)"
74.7.227.62 - - [27/Mar/2026:08:59:23 -0400] "GET /wp-includes/customize/class-wp-customize-custom-css-setting.php HTTP/2.0" 404 16 "https://wpadmin.srindustries.net.in/wp-includes/customize/" "Mozilla/5.0 AppleWebKit/537.36 (KHTML, like Gecko; compatible; GPTBot/1.3; +https://openai.com/gptbot)"
74.7.227.62 - - [27/Mar/2026:09:00:25 -0400] "GET /wp-includes/SimplePie/src/?C=N;O=D HTTP/2.0" 200 1738 "https://wpadmin.srindustries.net.in/wp-includes/SimplePie/src/" "Mozilla/5.0 AppleWebKit/537.36 (KHTML, like Gecko; compatible; GPTBot/1.3; +https://openai.com/gptbot)"
74.7.244.10 - - [27/Mar/2026:09:00:25 -0400] "GET /robots.txt HTTP/2.0" 404 355 "-" "Mozilla/5.0 (Macintosh; Intel Mac OS X 10_15_7) AppleWebKit/537.36 (KHTML, like Gecko) Chrome/131.0.0.0 Safari/537.36; compatible; OAI-SearchBot/1.3; robots.txt; +https://openai.com/searchbot"
74.7.227.62 - - [27/Mar/2026:09:00:37 -0400] "GET /wp-includes/sitemaps/providers/?C=D;O=D HTTP/2.0" 200 904 "https://wpadmin.srindustries.net.in/wp-includes/sitemaps/providers/?C=D;O=A" "Mozilla/5.0 AppleWebKit/537.36 (KHTML, like Gecko; compatible; GPTBot/1.3; +https://openai.com/gptbot)"
74.7.227.62 - - [27/Mar/2026:09:00:48 -0400] "GET /wp-includes/SimplePie/src/?C=D;O=A HTTP/2.0" 200 1738 "https://wpadmin.srindustries.net.in/wp-includes/SimplePie/src/" "Mozilla/5.0 AppleWebKit/537.36 (KHTML, like Gecko; compatible; GPTBot/1.3; +https://openai.com/gptbot)"
74.7.227.62 - - [27/Mar/2026:09:01:06 -0400] "GET /wp-includes/SimplePie/src/?C=M;O=A HTTP/2.0" 200 1738 "https://wpadmin.srindustries.net.in/wp-includes/SimplePie/src/" "Mozilla/5.0 AppleWebKit/537.36 (KHTML, like Gecko; compatible; GPTBot/1.3; +https://openai.com/gptbot)"
34.205.247.164 - - [27/Mar/2026:09:01:14 -0400] "GET /wp-json/wp/v2/my-works/?per_page=100 HTTP/1.1" 404 355 "-" "node-fetch/1.0 (+https://github.com/bitinn/node-fetch)"
74.7.227.62 - - [27/Mar/2026:09:01:43 -0400] "GET /wp-includes/Requests/src/Response/?C=N;O=D HTTP/2.0" 200 895 "https://wpadmin.srindustries.net.in/wp-includes/Requests/src/Response/" "Mozilla/5.0 AppleWebKit/537.36 (KHTML, like Gecko; compatible; GPTBot/1.3; +https://openai.com/gptbot)"
74.7.227.62 - - [27/Mar/2026:09:01:47 -0400] "GET /wp-includes/SimplePie/src/?C=N;O=A HTTP/2.0" 200 1738 "https://wpadmin.srindustries.net.in/wp-includes/SimplePie/src/?C=N;O=D" "Mozilla/5.0 AppleWebKit/537.36 (KHTML, like Gecko; compatible; GPTBot/1.3; +https://openai.com/gptbot)"
74.7.227.62 - - [27/Mar/2026:09:01:51 -0400] "GET /wp-includes/Requests/src/Response/?C=S;O=A HTTP/2.0" 200 895 "https://wpadmin.srindustries.net.in/wp-includes/Requests/src/Response/" "Mozilla/5.0 AppleWebKit/537.36 (KHTML, like Gecko; compatible; GPTBot/1.3; +https://openai.com/gptbot)"
74.7.227.62 - - [27/Mar/2026:09:01:55 -0400] "GET /wp-includes/Requests/src/Response/?C=M;O=A HTTP/2.0" 200 895 "https://wpadmin.srindustries.net.in/wp-includes/Requests/src/Response/" "Mozilla/5.0 AppleWebKit/537.36 (KHTML, like Gecko; compatible; GPTBot/1.3; +https://openai.com/gptbot)"
74.7.227.62 - - [27/Mar/2026:09:01:58 -0400] "GET /wp-includes/Requests/src/Response/?C=D;O=A HTTP/2.0" 200 895 "https://wpadmin.srindustries.net.in/wp-includes/Requests/src/Response/" "Mozilla/5.0 AppleWebKit/537.36 (KHTML, like Gecko; compatible; GPTBot/1.3; +https://openai.com/gptbot)"
74.7.227.62 - - [27/Mar/2026:09:02:00 -0400] "GET /wp-includes/SimplePie/src/?C=M;O=D HTTP/2.0" 200 1738 "https://wpadmin.srindustries.net.in/wp-includes/SimplePie/src/?C=M;O=A" "Mozilla/5.0 AppleWebKit/537.36 (KHTML, like Gecko; compatible; GPTBot/1.3; +https://openai.com/gptbot)"
74.7.227.62 - - [27/Mar/2026:09:02:28 -0400] "GET /wp-includes/Requests/src/Response/?C=N;O=A HTTP/2.0" 200 895 "https://wpadmin.srindustries.net.in/wp-includes/Requests/src/Response/?C=N;O=D" "Mozilla/5.0 AppleWebKit/537.36 (KHTML, like Gecko; compatible; GPTBot/1.3; +https://openai.com/gptbot)"
34.205.247.164 - - [27/Mar/2026:09:02:33 -0400] "GET /wp-json/wp/v2/my-works/?per_page=100 HTTP/1.1" 404 355 "-" "node-fetch/1.0 (+https://github.com/bitinn/node-fetch)"
74.7.227.62 - - [27/Mar/2026:09:02:36 -0400] "GET /wp-includes/Requests/src/Response/?C=S;O=D HTTP/2.0" 200 895 "https://wpadmin.srindustries.net.in/wp-includes/Requests/src/Response/?C=S;O=A" "Mozilla/5.0 AppleWebKit/537.36 (KHTML, like Gecko; compatible; GPTBot/1.3; +https://openai.com/gptbot)"
74.7.227.62 - - [27/Mar/2026:09:02:40 -0400] "GET /wp-includes/Requests/src/Response/?C=M;O=D HTTP/2.0" 200 895 "https://wpadmin.srindustries.net.in/wp-includes/Requests/src/Response/?C=M;O=A" "Mozilla/5.0 AppleWebKit/537.36 (KHTML, like Gecko; compatible; GPTBot/1.3; +https://openai.com/gptbot)"
74.7.227.62 - - [27/Mar/2026:09:02:44 -0400] "GET /wp-includes/Requests/src/Response/?C=D;O=D HTTP/2.0" 200 895 "https://wpadmin.srindustries.net.in/wp-includes/Requests/src/Response/?C=D;O=A" "Mozilla/5.0 AppleWebKit/537.36 (KHTML, like Gecko; compatible; GPTBot/1.3; +https://openai.com/gptbot)"
74.7.227.62 - - [27/Mar/2026:09:02:46 -0400] "GET /wp-includes/style-engine/class-wp-style-engine-css-declarations.php HTTP/2.0" 404 16 "https://wpadmin.srindustries.net.in/wp-includes/style-engine/" "Mozilla/5.0 AppleWebKit/537.36 (KHTML, like Gecko; compatible; GPTBot/1.3; +https://openai.com/gptbot)"
74.7.227.62 - - [27/Mar/2026:09:02:52 -0400] "GET /wp-includes/sodium_compat/namespaced/?C=D;O=A HTTP/2.0" 200 1428 "https://wpadmin.srindustries.net.in/wp-includes/sodium_compat/namespaced/" "Mozilla/5.0 AppleWebKit/537.36 (KHTML, like Gecko; compatible; GPTBot/1.3; +https://openai.com/gptbot)"
74.7.227.62 - - [27/Mar/2026:09:02:54 -0400] "GET /wp-includes/sodium_compat/namespaced/?C=S;O=A HTTP/2.0" 200 1428 "https://wpadmin.srindustries.net.in/wp-includes/sodium_compat/namespaced/" "Mozilla/5.0 AppleWebKit/537.36 (KHTML, like Gecko; compatible; GPTBot/1.3; +https://openai.com/gptbot)"
74.7.227.62 - - [27/Mar/2026:09:03:02 -0400] "GET /wp-includes/sodium_compat/namespaced/?C=N;O=D HTTP/2.0" 200 1428 "https://wpadmin.srindustries.net.in/wp-includes/sodium_compat/namespaced/" "Mozilla/5.0 AppleWebKit/537.36 (KHTML, like Gecko; compatible; GPTBot/1.3; +https://openai.com/gptbot)"
74.7.227.62 - - [27/Mar/2026:09:03:05 -0400] "GET /wp-includes/sodium_compat/namespaced/?C=M;O=A HTTP/2.0" 200 1428 "https://wpadmin.srindustries.net.in/wp-includes/sodium_compat/namespaced/" "Mozilla/5.0 AppleWebKit/537.36 (KHTML, like Gecko; compatible; GPTBot/1.3; +https://openai.com/gptbot)"
74.7.227.62 - - [27/Mar/2026:09:03:07 -0400] "GET /wp-includes/js/codemirror/?C=M;O=A HTTP/2.0" 200 690 "https://wpadmin.srindustries.net.in/wp-includes/js/codemirror/" "Mozilla/5.0 AppleWebKit/537.36 (KHTML, like Gecko; compatible; GPTBot/1.3; +https://openai.com/gptbot)"
74.7.227.62 - - [27/Mar/2026:09:03:08 -0400] "GET /wp-includes/js/codemirror/?C=S;O=A HTTP/2.0" 200 690 "https://wpadmin.srindustries.net.in/wp-includes/js/codemirror/" "Mozilla/5.0 AppleWebKit/537.36 (KHTML, like Gecko; compatible; GPTBot/1.3; +https://openai.com/gptbot)"
74.7.227.62 - - [27/Mar/2026:09:03:09 -0400] "GET /wp-includes/sodium_compat/namespaced/File.php HTTP/2.0" 500 0 "https://wpadmin.srindustries.net.in/wp-includes/sodium_compat/namespaced/?C=D;O=A" "Mozilla/5.0 AppleWebKit/537.36 (KHTML, like Gecko; compatible; GPTBot/1.3; +https://openai.com/gptbot)"
74.7.227.62 - - [27/Mar/2026:09:03:10 -0400] "GET /wp-includes/sodium_compat/namespaced/Crypto.php HTTP/2.0" 500 0 "https://wpadmin.srindustries.net.in/wp-includes/sodium_compat/namespaced/?C=D;O=A" "Mozilla/5.0 AppleWebKit/537.36 (KHTML, like Gecko; compatible; GPTBot/1.3; +https://openai.com/gptbot)"
34.205.247.164 - - [27/Mar/2026:09:03:56 -0400] "GET /wp-json/wp/v2/my-works/?per_page=100 HTTP/1.1" 404 355 "-" "node-fetch/1.0 (+https://github.com/bitinn/node-fetch)"
74.7.227.62 - - [27/Mar/2026:09:04:44 -0400] "GET /wp-includes/sodium_compat/namespaced/Compat.php HTTP/2.0" 500 0 "https://wpadmin.srindustries.net.in/wp-includes/sodium_compat/namespaced/?C=D;O=A" "Mozilla/5.0 AppleWebKit/537.36 (KHTML, like Gecko; compatible; GPTBot/1.3; +https://openai.com/gptbot)"
34.205.247.164 - - [27/Mar/2026:09:05:18 -0400] "GET /wp-json/wp/v2/furnitures/?per_page=100 HTTP/1.1" 404 355 "-" "node-fetch/1.0 (+https://github.com/bitinn/node-fetch)"
74.7.244.10 - - [27/Mar/2026:09:05:53 -0400] "GET /robots.txt HTTP/2.0" 404 355 "-" "Mozilla/5.0 (Macintosh; Intel Mac OS X 10_15_7) AppleWebKit/537.36 (KHTML, like Gecko) Chrome/131.0.0.0 Safari/537.36; compatible; OAI-SearchBot/1.3; robots.txt; +https://openai.com/searchbot"
34.205.247.164 - - [27/Mar/2026:09:06:42 -0400] "GET /wp-json/wp/v2/pages/578 HTTP/1.1" 404 355 "-" "node-fetch/1.0 (+https://github.com/bitinn/node-fetch)"
74.7.227.62 - - [27/Mar/2026:09:06:51 -0400] "GET /wp-includes/sodium_compat/namespaced/?C=D;O=D HTTP/2.0" 200 1428 "https://wpadmin.srindustries.net.in/wp-includes/sodium_compat/namespaced/?C=D;O=A" "Mozilla/5.0 AppleWebKit/537.36 (KHTML, like Gecko; compatible; GPTBot/1.3; +https://openai.com/gptbot)"
74.7.227.62 - - [27/Mar/2026:09:07:49 -0400] "GET /wp-includes/sodium_compat/namespaced/?C=M;O=D HTTP/2.0" 200 1428 "https://wpadmin.srindustries.net.in/wp-includes/sodium_compat/namespaced/?C=M;O=A" "Mozilla/5.0 AppleWebKit/537.36 (KHTML, like Gecko; compatible; GPTBot/1.3; +https://openai.com/gptbot)"
34.205.247.164 - - [27/Mar/2026:09:08:06 -0400] "GET /wp-json/wp/v2/pages/578 HTTP/1.1" 404 355 "-" "node-fetch/1.0 (+https://github.com/bitinn/node-fetch)"
74.7.227.62 - - [27/Mar/2026:09:08:38 -0400] "GET /wp-includes/sodium_compat/namespaced/?C=N;O=A HTTP/2.0" 200 1428 "https://wpadmin.srindustries.net.in/wp-includes/sodium_compat/namespaced/?C=D;O=A" "Mozilla/5.0 AppleWebKit/537.36 (KHTML, like Gecko; compatible; GPTBot/1.3; +https://openai.com/gptbot)"
34.205.247.164 - - [27/Mar/2026:09:09:38 -0400] "GET /wp-json/wp/v2/pages/578 HTTP/1.1" 404 355 "-" "node-fetch/1.0 (+https://github.com/bitinn/node-fetch)"
74.7.227.62 - - [27/Mar/2026:09:10:07 -0400] "GET /wp-includes/sodium_compat/namespaced/?C=S;O=D HTTP/2.0" 200 1428 "https://wpadmin.srindustries.net.in/wp-includes/sodium_compat/namespaced/?C=S;O=A" "Mozilla/5.0 AppleWebKit/537.36 (KHTML, like Gecko; compatible; GPTBot/1.3; +https://openai.com/gptbot)"
74.7.244.10 - - [27/Mar/2026:09:11:22 -0400] "GET /robots.txt HTTP/2.0" 404 355 "-" "Mozilla/5.0 (Macintosh; Intel Mac OS X 10_15_7) AppleWebKit/537.36 (KHTML, like Gecko) Chrome/131.0.0.0 Safari/537.36; compatible; OAI-SearchBot/1.3; robots.txt; +https://openai.com/searchbot"
74.7.227.62 - - [27/Mar/2026:09:11:48 -0400] "GET /wp-includes/js/codemirror/?C=M;O=D HTTP/2.0" 200 690 "https://wpadmin.srindustries.net.in/wp-includes/js/codemirror/?C=M;O=A" "Mozilla/5.0 AppleWebKit/537.36 (KHTML, like Gecko; compatible; GPTBot/1.3; +https://openai.com/gptbot)"
74.7.227.62 - - [27/Mar/2026:09:12:15 -0400] "GET /wp-includes/js/codemirror/?C=D;O=A HTTP/2.0" 200 690 "https://wpadmin.srindustries.net.in/wp-includes/js/codemirror/" "Mozilla/5.0 AppleWebKit/537.36 (KHTML, like Gecko; compatible; GPTBot/1.3; +https://openai.com/gptbot)"
74.7.227.62 - - [27/Mar/2026:09:12:39 -0400] "GET /wp-includes/js/codemirror/?C=N;O=A HTTP/2.0" 200 690 "https://wpadmin.srindustries.net.in/wp-includes/js/codemirror/?C=M;O=A" "Mozilla/5.0 AppleWebKit/537.36 (KHTML, like Gecko; compatible; GPTBot/1.3; +https://openai.com/gptbot)"
74.7.227.62 - - [27/Mar/2026:09:14:08 -0400] "GET /wp-includes/js/codemirror/?C=S;O=D HTTP/2.0" 200 0 "https://wpadmin.srindustries.net.in/wp-includes/js/codemirror/?C=S;O=A" "Mozilla/5.0 AppleWebKit/537.36 (KHTML, like Gecko; compatible; GPTBot/1.3; +https://openai.com/gptbot)"
74.7.227.62 - - [27/Mar/2026:09:14:22 -0400] "GET /wp-includes/js/codemirror/?C=N;O=D HTTP/2.0" 200 0 "https://wpadmin.srindustries.net.in/wp-includes/js/codemirror/" "Mozilla/5.0 AppleWebKit/537.36 (KHTML, like Gecko; compatible; GPTBot/1.3; +https://openai.com/gptbot)"
74.7.227.62 - - [27/Mar/2026:09:15:04 -0400] "GET /wp-includes/rest-api/fields/?C=N;O=D HTTP/2.0" 200 0 "https://wpadmin.srindustries.net.in/wp-includes/rest-api/fields/" "Mozilla/5.0 AppleWebKit/537.36 (KHTML, like Gecko; compatible; GPTBot/1.3; +https://openai.com/gptbot)"
74.7.227.62 - - [27/Mar/2026:09:16:05 -0400] "GET /wp-includes/rest-api/fields/?C=M;O=D HTTP/2.0" 200 0 "https://wpadmin.srindustries.net.in/wp-includes/rest-api/fields/?C=M;O=A" "Mozilla/5.0 AppleWebKit/537.36 (KHTML, like Gecko; compatible; GPTBot/1.3; +https://openai.com/gptbot)"
74.7.227.62 - - [27/Mar/2026:09:17:05 -0400] "GET /wp-includes/rest-api/fields/?C=D;O=A HTTP/2.0" 200 0 "https://wpadmin.srindustries.net.in/wp-includes/rest-api/fields/" "Mozilla/5.0 AppleWebKit/537.36 (KHTML, like Gecko; compatible; GPTBot/1.3; +https://openai.com/gptbot)"
74.7.227.62 - - [27/Mar/2026:09:18:07 -0400] "GET /wp-includes/rest-api/fields/?C=N;O=A HTTP/2.0" 200 0 "https://wpadmin.srindustries.net.in/wp-includes/rest-api/fields/?C=M;O=A" "Mozilla/5.0 AppleWebKit/537.36 (KHTML, like Gecko; compatible; GPTBot/1.3; +https://openai.com/gptbot)"
74.7.227.62 - - [27/Mar/2026:09:23:18 -0400] "GET /wp-includes/rest-api/fields/?C=S;O=A HTTP/2.0" 200 0 "https://wpadmin.srindustries.net.in/wp-includes/rest-api/fields/" "Mozilla/5.0 AppleWebKit/537.36 (KHTML, like Gecko; compatible; GPTBot/1.3; +https://openai.com/gptbot)"
74.7.244.10 - - [27/Mar/2026:09:25:22 -0400] "GET /robots.txt HTTP/2.0" 404 355 "-" "Mozilla/5.0 (Macintosh; Intel Mac OS X 10_15_7) AppleWebKit/537.36 (KHTML, like Gecko) Chrome/131.0.0.0 Safari/537.36; compatible; OAI-SearchBot/1.3; robots.txt; +https://openai.com/searchbot"
74.7.227.62 - - [27/Mar/2026:09:26:23 -0400] "GET /wp-includes/SimplePie/src/?C=S;O=A HTTP/2.0" 200 0 "https://wpadmin.srindustries.net.in/wp-includes/SimplePie/src/" "Mozilla/5.0 AppleWebKit/537.36 (KHTML, like Gecko; compatible; GPTBot/1.3; +https://openai.com/gptbot)"
74.7.227.62 - - [27/Mar/2026:09:29:29 -0400] "GET /wp-includes/SimplePie/src/?C=D;O=D HTTP/2.0" 200 0 "https://wpadmin.srindustries.net.in/wp-includes/SimplePie/src/?C=D;O=A" "Mozilla/5.0 AppleWebKit/537.36 (KHTML, like Gecko; compatible; GPTBot/1.3; +https://openai.com/gptbot)"
74.7.227.62 - - [27/Mar/2026:09:30:35 -0400] "GET /wp-includes/js/codemirror/?C=D;O=D HTTP/2.0" 200 0 "https://wpadmin.srindustries.net.in/wp-includes/js/codemirror/?C=D;O=A" "Mozilla/5.0 AppleWebKit/537.36 (KHTML, like Gecko; compatible; GPTBot/1.3; +https://openai.com/gptbot)"
74.7.244.10 - - [27/Mar/2026:09:30:50 -0400] "GET /robots.txt HTTP/2.0" 404 355 "-" "Mozilla/5.0 (Macintosh; Intel Mac OS X 10_15_7) AppleWebKit/537.36 (KHTML, like Gecko) Chrome/131.0.0.0 Safari/537.36; compatible; OAI-SearchBot/1.3; robots.txt; +https://openai.com/searchbot"
74.7.227.62 - - [27/Mar/2026:09:31:40 -0400] "GET /wp-includes/js/dist/script-modules/?C=M;O=A HTTP/2.0" 200 0 "https://wpadmin.srindustries.net.in/wp-includes/js/dist/script-modules/" "Mozilla/5.0 AppleWebKit/537.36 (KHTML, like Gecko; compatible; GPTBot/1.3; +https://openai.com/gptbot)"
74.7.227.62 - - [27/Mar/2026:09:35:31 -0400] "GET /wp-includes/js/dist/script-modules/?C=D;O=A HTTP/2.0" 200 1620 "https://wpadmin.srindustries.net.in/wp-includes/js/dist/script-modules/" "Mozilla/5.0 AppleWebKit/537.36 (KHTML, like Gecko; compatible; GPTBot/1.3; +https://openai.com/gptbot)"
74.7.227.62 - - [27/Mar/2026:09:36:15 -0400] "GET /wp-includes/js/dist/script-modules/?C=S;O=A HTTP/2.0" 200 1620 "https://wpadmin.srindustries.net.in/wp-includes/js/dist/script-modules/" "Mozilla/5.0 AppleWebKit/537.36 (KHTML, like Gecko; compatible; GPTBot/1.3; +https://openai.com/gptbot)"
74.7.244.10 - - [27/Mar/2026:09:36:24 -0400] "GET /robots.txt HTTP/2.0" 404 355 "-" "Mozilla/5.0 (Macintosh; Intel Mac OS X 10_15_7) AppleWebKit/537.36 (KHTML, like Gecko) Chrome/131.0.0.0 Safari/537.36; compatible; OAI-SearchBot/1.3; robots.txt; +https://openai.com/searchbot"
74.7.227.62 - - [27/Mar/2026:09:37:33 -0400] "GET /wp-includes/js/dist/script-modules/?C=N;O=D HTTP/2.0" 200 1620 "https://wpadmin.srindustries.net.in/wp-includes/js/dist/script-modules/" "Mozilla/5.0 AppleWebKit/537.36 (KHTML, like Gecko; compatible; GPTBot/1.3; +https://openai.com/gptbot)"
74.7.227.62 - - [27/Mar/2026:09:39:05 -0400] "GET /wp-includes/js/mediaelement/?C=S;O=A HTTP/2.0" 200 872 "https://wpadmin.srindustries.net.in/wp-includes/js/mediaelement/" "Mozilla/5.0 AppleWebKit/537.36 (KHTML, like Gecko; compatible; GPTBot/1.3; +https://openai.com/gptbot)"
74.7.227.62 - - [27/Mar/2026:09:39:29 -0400] "GET /wp-includes/js/mediaelement/?C=M;O=A HTTP/2.0" 200 872 "https://wpadmin.srindustries.net.in/wp-includes/js/mediaelement/" "Mozilla/5.0 AppleWebKit/537.36 (KHTML, like Gecko; compatible; GPTBot/1.3; +https://openai.com/gptbot)"
74.7.227.62 - - [27/Mar/2026:09:40:44 -0400] "GET /wp-includes/js/dist/script-modules/?C=D;O=D HTTP/2.0" 200 1620 "https://wpadmin.srindustries.net.in/wp-includes/js/dist/script-modules/?C=D;O=A" "Mozilla/5.0 AppleWebKit/537.36 (KHTML, like Gecko; compatible; GPTBot/1.3; +https://openai.com/gptbot)"
74.7.227.62 - - [27/Mar/2026:09:40:58 -0400] "GET /wp-includes/js/dist/script-modules/?C=N;O=A HTTP/2.0" 200 1620 "https://wpadmin.srindustries.net.in/wp-includes/js/dist/script-modules/?C=D;O=A" "Mozilla/5.0 AppleWebKit/537.36 (KHTML, like Gecko; compatible; GPTBot/1.3; +https://openai.com/gptbot)"
74.7.227.62 - - [27/Mar/2026:09:41:10 -0400] "GET /wp-includes/js/dist/script-modules/?C=S;O=D HTTP/2.0" 200 1620 "https://wpadmin.srindustries.net.in/wp-includes/js/dist/script-modules/?C=S;O=A" "Mozilla/5.0 AppleWebKit/537.36 (KHTML, like Gecko; compatible; GPTBot/1.3; +https://openai.com/gptbot)"
74.7.244.10 - - [27/Mar/2026:09:41:33 -0400] "GET /robots.txt HTTP/2.0" 404 355 "-" "Mozilla/5.0 (Macintosh; Intel Mac OS X 10_15_7) AppleWebKit/537.36 (KHTML, like Gecko) Chrome/131.0.0.0 Safari/537.36; compatible; OAI-SearchBot/1.3; robots.txt; +https://openai.com/searchbot"
74.7.227.62 - - [27/Mar/2026:09:41:51 -0400] "GET /wp-includes/js/mediaelement/?C=N;O=A HTTP/2.0" 200 872 "https://wpadmin.srindustries.net.in/wp-includes/js/mediaelement/?C=S;O=A" "Mozilla/5.0 AppleWebKit/537.36 (KHTML, like Gecko; compatible; GPTBot/1.3; +https://openai.com/gptbot)"
74.7.227.62 - - [27/Mar/2026:09:41:58 -0400] "GET /wp-includes/js/mediaelement/?C=M;O=D HTTP/2.0" 200 872 "https://wpadmin.srindustries.net.in/wp-includes/js/mediaelement/?C=M;O=A" "Mozilla/5.0 AppleWebKit/537.36 (KHTML, like Gecko; compatible; GPTBot/1.3; +https://openai.com/gptbot)"
74.7.227.62 - - [27/Mar/2026:09:42:11 -0400] "GET /wp-includes/js/mediaelement/?C=N;O=D HTTP/2.0" 200 872 "https://wpadmin.srindustries.net.in/wp-includes/js/mediaelement/" "Mozilla/5.0 AppleWebKit/537.36 (KHTML, like Gecko; compatible; GPTBot/1.3; +https://openai.com/gptbot)"
74.7.227.62 - - [27/Mar/2026:09:42:22 -0400] "GET /wp-includes/js/mediaelement/?C=D;O=A HTTP/2.0" 200 872 "https://wpadmin.srindustries.net.in/wp-includes/js/mediaelement/" "Mozilla/5.0 AppleWebKit/537.36 (KHTML, like Gecko; compatible; GPTBot/1.3; +https://openai.com/gptbot)"
74.7.227.62 - - [27/Mar/2026:09:42:31 -0400] "GET /wp-includes/js/mediaelement/?C=S;O=D HTTP/2.0" 200 872 "https://wpadmin.srindustries.net.in/wp-includes/js/mediaelement/?C=S;O=A" "Mozilla/5.0 AppleWebKit/537.36 (KHTML, like Gecko; compatible; GPTBot/1.3; +https://openai.com/gptbot)"
74.7.227.62 - - [27/Mar/2026:09:42:34 -0400] "GET /wp-includes/js/mediaelement/renderers/?C=D;O=A HTTP/2.0" 200 1083 "https://wpadmin.srindustries.net.in/wp-includes/js/mediaelement/renderers/" "Mozilla/5.0 AppleWebKit/537.36 (KHTML, like Gecko; compatible; GPTBot/1.3; +https://openai.com/gptbot)"
74.7.227.62 - - [27/Mar/2026:09:42:37 -0400] "GET /wp-includes/js/mediaelement/renderers/?C=M;O=A HTTP/2.0" 200 1083 "https://wpadmin.srindustries.net.in/wp-includes/js/mediaelement/renderers/" "Mozilla/5.0 AppleWebKit/537.36 (KHTML, like Gecko; compatible; GPTBot/1.3; +https://openai.com/gptbot)"
74.7.227.62 - - [27/Mar/2026:09:42:43 -0400] "GET /wp-includes/js/mediaelement/renderers/?C=N;O=D HTTP/2.0" 200 1083 "https://wpadmin.srindustries.net.in/wp-includes/js/mediaelement/renderers/" "Mozilla/5.0 AppleWebKit/537.36 (KHTML, like Gecko; compatible; GPTBot/1.3; +https://openai.com/gptbot)"
74.7.227.62 - - [27/Mar/2026:09:42:53 -0400] "GET /wp-includes/js/mediaelement/?C=D;O=D HTTP/2.0" 200 872 "https://wpadmin.srindustries.net.in/wp-includes/js/mediaelement/?C=D;O=A" "Mozilla/5.0 AppleWebKit/537.36 (KHTML, like Gecko; compatible; GPTBot/1.3; +https://openai.com/gptbot)"
74.7.227.62 - - [27/Mar/2026:09:42:55 -0400] "GET /wp-includes/js/mediaelement/renderers/?C=S;O=A HTTP/2.0" 200 1083 "https://wpadmin.srindustries.net.in/wp-includes/js/mediaelement/renderers/" "Mozilla/5.0 AppleWebKit/537.36 (KHTML, like Gecko; compatible; GPTBot/1.3; +https://openai.com/gptbot)"
