74.7.230.39 - - [27/Mar/2026:15:42:30 -0400] "GET /robots.txt HTTP/2.0" 404 355 "-" "Mozilla/5.0 (Macintosh; Intel Mac OS X 10_15_7) AppleWebKit/537.36 (KHTML, like Gecko) Chrome/131.0.0.0 Safari/537.36; compatible; OAI-SearchBot/1.3; robots.txt; +https://openai.com/searchbot"
74.7.242.21 - - [27/Mar/2026:15:42:59 -0400] "GET /wp-includes/sodium_compat/src/Core/SipHash.php HTTP/2.0" 500 0 "https://wpadmin.srindustries.net.in/wp-includes/sodium_compat/src/Core/?C=S;O=A" "Mozilla/5.0 AppleWebKit/537.36 (KHTML, like Gecko; compatible; GPTBot/1.3; +https://openai.com/gptbot)"
74.7.242.21 - - [27/Mar/2026:15:43:56 -0400] "GET /wp-includes/sodium_compat/src/Core/Curve25519/Ge/Precomp.php HTTP/2.0" 200 0 "https://wpadmin.srindustries.net.in/wp-includes/sodium_compat/src/Core/Curve25519/Ge/" "Mozilla/5.0 AppleWebKit/537.36 (KHTML, like Gecko; compatible; GPTBot/1.3; +https://openai.com/gptbot)"
74.7.242.21 - - [27/Mar/2026:15:44:58 -0400] "GET /wp-includes/sodium_compat/src/Core/Curve25519/?C=D;O=A HTTP/2.0" 200 1268 "https://wpadmin.srindustries.net.in/wp-includes/sodium_compat/src/Core/Curve25519/" "Mozilla/5.0 AppleWebKit/537.36 (KHTML, like Gecko; compatible; GPTBot/1.3; +https://openai.com/gptbot)"
74.7.230.39 - - [27/Mar/2026:15:44:58 -0400] "GET /robots.txt HTTP/2.0" 404 355 "-" "Mozilla/5.0 (Macintosh; Intel Mac OS X 10_15_7) AppleWebKit/537.36 (KHTML, like Gecko) Chrome/131.0.0.0 Safari/537.36; compatible; OAI-SearchBot/1.3; robots.txt; +https://openai.com/searchbot"
74.7.242.21 - - [27/Mar/2026:15:45:55 -0400] "GET /wp-includes/sodium_compat/src/Core/Curve25519/?C=N;O=D HTTP/2.0" 200 1268 "https://wpadmin.srindustries.net.in/wp-includes/sodium_compat/src/Core/Curve25519/" "Mozilla/5.0 AppleWebKit/537.36 (KHTML, like Gecko; compatible; GPTBot/1.3; +https://openai.com/gptbot)"
74.7.242.21 - - [27/Mar/2026:15:46:46 -0400] "GET /wp-includes/sodium_compat/src/Core/Curve25519/?C=S;O=A HTTP/2.0" 200 1268 "https://wpadmin.srindustries.net.in/wp-includes/sodium_compat/src/Core/Curve25519/" "Mozilla/5.0 AppleWebKit/537.36 (KHTML, like Gecko; compatible; GPTBot/1.3; +https://openai.com/gptbot)"
74.7.242.21 - - [27/Mar/2026:15:47:33 -0400] "GET /wp-includes/sodium_compat/src/Core/SecretStream/State.php HTTP/2.0" 200 0 "https://wpadmin.srindustries.net.in/wp-includes/sodium_compat/src/Core/SecretStream/" "Mozilla/5.0 AppleWebKit/537.36 (KHTML, like Gecko; compatible; GPTBot/1.3; +https://openai.com/gptbot)"
74.7.242.21 - - [27/Mar/2026:15:48:15 -0400] "GET /wp-includes/sodium_compat/src/Core/?C=N;O=A HTTP/2.0" 200 5012 "https://wpadmin.srindustries.net.in/wp-includes/sodium_compat/src/Core/?C=S;O=A" "Mozilla/5.0 AppleWebKit/537.36 (KHTML, like Gecko; compatible; GPTBot/1.3; +https://openai.com/gptbot)"
74.7.242.21 - - [27/Mar/2026:15:48:53 -0400] "GET /wp-includes/sodium_compat/src/Core/?C=S;O=D HTTP/2.0" 200 5012 "https://wpadmin.srindustries.net.in/wp-includes/sodium_compat/src/Core/?C=S;O=A" "Mozilla/5.0 AppleWebKit/537.36 (KHTML, like Gecko; compatible; GPTBot/1.3; +https://openai.com/gptbot)"
74.7.242.21 - - [27/Mar/2026:15:49:56 -0400] "GET /wp-includes/sodium_compat/src/Core/?C=D;O=D HTTP/2.0" 200 5012 "https://wpadmin.srindustries.net.in/wp-includes/sodium_compat/src/Core/?C=D;O=A" "Mozilla/5.0 AppleWebKit/537.36 (KHTML, like Gecko; compatible; GPTBot/1.3; +https://openai.com/gptbot)"
74.7.242.21 - - [27/Mar/2026:15:50:22 -0400] "GET /wp-includes/sodium_compat/src/Core/Curve25519/?C=M;O=A HTTP/2.0" 200 1268 "https://wpadmin.srindustries.net.in/wp-includes/sodium_compat/src/Core/Curve25519/" "Mozilla/5.0 AppleWebKit/537.36 (KHTML, like Gecko; compatible; GPTBot/1.3; +https://openai.com/gptbot)"
74.7.230.39 - - [27/Mar/2026:15:50:23 -0400] "GET /robots.txt HTTP/2.0" 404 355 "-" "Mozilla/5.0 (Macintosh; Intel Mac OS X 10_15_7) AppleWebKit/537.36 (KHTML, like Gecko) Chrome/131.0.0.0 Safari/537.36; compatible; OAI-SearchBot/1.3; robots.txt; +https://openai.com/searchbot"
74.7.242.21 - - [27/Mar/2026:15:50:45 -0400] "GET /wp-includes/sodium_compat/src/Core/Curve25519/?C=D;O=D HTTP/2.0" 200 1268 "https://wpadmin.srindustries.net.in/wp-includes/sodium_compat/src/Core/Curve25519/?C=D;O=A" "Mozilla/5.0 AppleWebKit/537.36 (KHTML, like Gecko; compatible; GPTBot/1.3; +https://openai.com/gptbot)"
74.7.242.21 - - [27/Mar/2026:15:51:26 -0400] "GET /wp-includes/sodium_compat/src/Core/Curve25519/?C=N;O=A HTTP/2.0" 200 1268 "https://wpadmin.srindustries.net.in/wp-includes/sodium_compat/src/Core/Curve25519/?C=D;O=A" "Mozilla/5.0 AppleWebKit/537.36 (KHTML, like Gecko; compatible; GPTBot/1.3; +https://openai.com/gptbot)"
74.7.242.21 - - [27/Mar/2026:15:51:45 -0400] "GET /wp-includes/sodium_compat/src/Core/Curve25519/?C=S;O=D HTTP/2.0" 200 1268 "https://wpadmin.srindustries.net.in/wp-includes/sodium_compat/src/Core/Curve25519/?C=S;O=A" "Mozilla/5.0 AppleWebKit/537.36 (KHTML, like Gecko; compatible; GPTBot/1.3; +https://openai.com/gptbot)"
74.7.242.21 - - [27/Mar/2026:15:52:16 -0400] "GET /wp-includes/sodium_compat/src/Core/?C=M;O=D HTTP/2.0" 200 5012 "https://wpadmin.srindustries.net.in/wp-includes/sodium_compat/src/Core/?C=M;O=A" "Mozilla/5.0 AppleWebKit/537.36 (KHTML, like Gecko; compatible; GPTBot/1.3; +https://openai.com/gptbot)"
74.7.242.21 - - [27/Mar/2026:15:52:29 -0400] "GET /wp-includes/SimplePie/src/Cache/?C=D;O=D HTTP/2.0" 200 2679 "https://wpadmin.srindustries.net.in/wp-includes/SimplePie/src/Cache/?C=D;O=A" "Mozilla/5.0 AppleWebKit/537.36 (KHTML, like Gecko; compatible; GPTBot/1.3; +https://openai.com/gptbot)"
74.7.242.21 - - [27/Mar/2026:15:57:22 -0400] "GET /wp-includes/sodium_compat/src/Core/Curve25519/?C=M;O=D HTTP/2.0" 200 1268 "https://wpadmin.srindustries.net.in/wp-includes/sodium_compat/src/Core/Curve25519/?C=M;O=A" "Mozilla/5.0 AppleWebKit/537.36 (KHTML, like Gecko; compatible; GPTBot/1.3; +https://openai.com/gptbot)"
74.7.242.21 - - [27/Mar/2026:15:57:23 -0400] "GET /wp-includes/SimplePie/src/Cache/?C=N;O=D HTTP/2.0" 200 2679 "https://wpadmin.srindustries.net.in/wp-includes/SimplePie/src/Cache/" "Mozilla/5.0 AppleWebKit/537.36 (KHTML, like Gecko; compatible; GPTBot/1.3; +https://openai.com/gptbot)"
74.7.242.21 - - [27/Mar/2026:15:57:30 -0400] "GET /wp-includes/SimplePie/src/Cache/?C=M;O=A HTTP/2.0" 200 2679 "https://wpadmin.srindustries.net.in/wp-includes/SimplePie/src/Cache/" "Mozilla/5.0 AppleWebKit/537.36 (KHTML, like Gecko; compatible; GPTBot/1.3; +https://openai.com/gptbot)"
74.7.230.39 - - [27/Mar/2026:15:57:31 -0400] "GET /robots.txt HTTP/2.0" 404 355 "-" "Mozilla/5.0 (Macintosh; Intel Mac OS X 10_15_7) AppleWebKit/537.36 (KHTML, like Gecko) Chrome/131.0.0.0 Safari/537.36; compatible; OAI-SearchBot/1.3; robots.txt; +https://openai.com/searchbot"
74.7.242.21 - - [27/Mar/2026:15:58:02 -0400] "GET /wp-includes/js/tinymce/plugins/colorpicker/?C=M;O=A HTTP/2.0" 200 1098 "https://wpadmin.srindustries.net.in/wp-includes/js/tinymce/plugins/colorpicker/" "Mozilla/5.0 AppleWebKit/537.36 (KHTML, like Gecko; compatible; GPTBot/1.3; +https://openai.com/gptbot)"
74.7.242.21 - - [27/Mar/2026:15:58:21 -0400] "GET /wp-includes/js/tinymce/plugins/colorpicker/?C=S;O=A HTTP/2.0" 200 1098 "https://wpadmin.srindustries.net.in/wp-includes/js/tinymce/plugins/colorpicker/" "Mozilla/5.0 AppleWebKit/537.36 (KHTML, like Gecko; compatible; GPTBot/1.3; +https://openai.com/gptbot)"
74.7.242.21 - - [27/Mar/2026:15:58:23 -0400] "GET /wp-includes/SimplePie/src/Cache/?C=M;O=D HTTP/2.0" 200 2679 "https://wpadmin.srindustries.net.in/wp-includes/SimplePie/src/Cache/?C=M;O=A" "Mozilla/5.0 AppleWebKit/537.36 (KHTML, like Gecko; compatible; GPTBot/1.3; +https://openai.com/gptbot)"
74.7.242.21 - - [27/Mar/2026:15:58:26 -0400] "GET /wp-includes/js/tinymce/plugins/colorpicker/?C=D;O=A HTTP/2.0" 200 1098 "https://wpadmin.srindustries.net.in/wp-includes/js/tinymce/plugins/colorpicker/" "Mozilla/5.0 AppleWebKit/537.36 (KHTML, like Gecko; compatible; GPTBot/1.3; +https://openai.com/gptbot)"
74.7.242.21 - - [27/Mar/2026:15:58:28 -0400] "GET /wp-includes/js/tinymce/plugins/colorpicker/?C=N;O=D HTTP/2.0" 200 1098 "https://wpadmin.srindustries.net.in/wp-includes/js/tinymce/plugins/colorpicker/" "Mozilla/5.0 AppleWebKit/537.36 (KHTML, like Gecko; compatible; GPTBot/1.3; +https://openai.com/gptbot)"
74.7.242.21 - - [27/Mar/2026:15:58:33 -0400] "GET /wp-includes/js/tinymce/plugins/colorpicker/?C=M;O=D HTTP/2.0" 200 1098 "https://wpadmin.srindustries.net.in/wp-includes/js/tinymce/plugins/colorpicker/?C=M;O=A" "Mozilla/5.0 AppleWebKit/537.36 (KHTML, like Gecko; compatible; GPTBot/1.3; +https://openai.com/gptbot)"
74.7.242.21 - - [27/Mar/2026:15:58:39 -0400] "GET /wp-includes/js/tinymce/plugins/colorpicker/?C=S;O=D HTTP/2.0" 200 1098 "https://wpadmin.srindustries.net.in/wp-includes/js/tinymce/plugins/colorpicker/?C=S;O=A" "Mozilla/5.0 AppleWebKit/537.36 (KHTML, like Gecko; compatible; GPTBot/1.3; +https://openai.com/gptbot)"
74.7.242.21 - - [27/Mar/2026:15:58:40 -0400] "GET /wp-includes/js/tinymce/plugins/colorpicker/?C=N;O=A HTTP/2.0" 200 1098 "https://wpadmin.srindustries.net.in/wp-includes/js/tinymce/plugins/colorpicker/?C=M;O=A" "Mozilla/5.0 AppleWebKit/537.36 (KHTML, like Gecko; compatible; GPTBot/1.3; +https://openai.com/gptbot)"
74.7.242.21 - - [27/Mar/2026:15:58:41 -0400] "GET /wp-includes/js/tinymce/plugins/colorpicker/?C=D;O=D HTTP/2.0" 200 1098 "https://wpadmin.srindustries.net.in/wp-includes/js/tinymce/plugins/colorpicker/?C=D;O=A" "Mozilla/5.0 AppleWebKit/537.36 (KHTML, like Gecko; compatible; GPTBot/1.3; +https://openai.com/gptbot)"
74.7.242.21 - - [27/Mar/2026:15:58:41 -0400] "GET /wp-includes/sodium_compat/src/Core/SecretStream/?C=N;O=D HTTP/2.0" 200 931 "https://wpadmin.srindustries.net.in/wp-includes/sodium_compat/src/Core/SecretStream/" "Mozilla/5.0 AppleWebKit/537.36 (KHTML, like Gecko; compatible; GPTBot/1.3; +https://openai.com/gptbot)"
74.7.242.21 - - [27/Mar/2026:15:58:43 -0400] "GET /wp-includes/sodium_compat/src/Core/SecretStream/?C=D;O=A HTTP/2.0" 200 931 "https://wpadmin.srindustries.net.in/wp-includes/sodium_compat/src/Core/SecretStream/" "Mozilla/5.0 AppleWebKit/537.36 (KHTML, like Gecko; compatible; GPTBot/1.3; +https://openai.com/gptbot)"
74.7.242.21 - - [27/Mar/2026:15:58:44 -0400] "GET /wp-includes/sodium_compat/src/Core/SecretStream/?C=S;O=A HTTP/2.0" 200 931 "https://wpadmin.srindustries.net.in/wp-includes/sodium_compat/src/Core/SecretStream/" "Mozilla/5.0 AppleWebKit/537.36 (KHTML, like Gecko; compatible; GPTBot/1.3; +https://openai.com/gptbot)"
74.7.242.21 - - [27/Mar/2026:15:58:45 -0400] "GET /wp-includes/sodium_compat/src/Core/SecretStream/?C=M;O=A HTTP/2.0" 200 931 "https://wpadmin.srindustries.net.in/wp-includes/sodium_compat/src/Core/SecretStream/" "Mozilla/5.0 AppleWebKit/537.36 (KHTML, like Gecko; compatible; GPTBot/1.3; +https://openai.com/gptbot)"
74.7.242.21 - - [27/Mar/2026:15:58:46 -0400] "GET /wp-includes/SimplePie/src/XML/Declaration/?C=M;O=A HTTP/2.0" 200 915 "https://wpadmin.srindustries.net.in/wp-includes/SimplePie/src/XML/Declaration/" "Mozilla/5.0 AppleWebKit/537.36 (KHTML, like Gecko; compatible; GPTBot/1.3; +https://openai.com/gptbot)"
74.7.242.21 - - [27/Mar/2026:15:58:46 -0400] "GET /wp-includes/SimplePie/src/XML/Declaration/?C=N;O=D HTTP/2.0" 200 915 "https://wpadmin.srindustries.net.in/wp-includes/SimplePie/src/XML/Declaration/" "Mozilla/5.0 AppleWebKit/537.36 (KHTML, like Gecko; compatible; GPTBot/1.3; +https://openai.com/gptbot)"
74.7.242.21 - - [27/Mar/2026:15:58:47 -0400] "GET /wp-includes/SimplePie/src/XML/Declaration/?C=D;O=A HTTP/2.0" 200 915 "https://wpadmin.srindustries.net.in/wp-includes/SimplePie/src/XML/Declaration/" "Mozilla/5.0 AppleWebKit/537.36 (KHTML, like Gecko; compatible; GPTBot/1.3; +https://openai.com/gptbot)"
74.7.242.21 - - [27/Mar/2026:15:58:47 -0400] "GET /wp-includes/sodium_compat/src/Core/SecretStream/?C=N;O=A HTTP/2.0" 200 931 "https://wpadmin.srindustries.net.in/wp-includes/sodium_compat/src/Core/SecretStream/?C=N;O=D" "Mozilla/5.0 AppleWebKit/537.36 (KHTML, like Gecko; compatible; GPTBot/1.3; +https://openai.com/gptbot)"
74.7.242.21 - - [27/Mar/2026:15:58:49 -0400] "GET /wp-includes/sodium_compat/src/Core/SecretStream/?C=D;O=D HTTP/2.0" 200 931 "https://wpadmin.srindustries.net.in/wp-includes/sodium_compat/src/Core/SecretStream/?C=D;O=A" "Mozilla/5.0 AppleWebKit/537.36 (KHTML, like Gecko; compatible; GPTBot/1.3; +https://openai.com/gptbot)"
74.7.242.21 - - [27/Mar/2026:15:58:49 -0400] "GET /wp-includes/sodium_compat/src/Core/SecretStream/?C=S;O=D HTTP/2.0" 200 931 "https://wpadmin.srindustries.net.in/wp-includes/sodium_compat/src/Core/SecretStream/?C=S;O=A" "Mozilla/5.0 AppleWebKit/537.36 (KHTML, like Gecko; compatible; GPTBot/1.3; +https://openai.com/gptbot)"
74.7.242.21 - - [27/Mar/2026:15:58:51 -0400] "GET /wp-includes/sodium_compat/src/Core/SecretStream/?C=M;O=D HTTP/2.0" 200 931 "https://wpadmin.srindustries.net.in/wp-includes/sodium_compat/src/Core/SecretStream/?C=M;O=A" "Mozilla/5.0 AppleWebKit/537.36 (KHTML, like Gecko; compatible; GPTBot/1.3; +https://openai.com/gptbot)"
74.7.242.21 - - [27/Mar/2026:15:58:51 -0400] "GET /wp-includes/SimplePie/src/XML/Declaration/?C=N;O=A HTTP/2.0" 200 915 "https://wpadmin.srindustries.net.in/wp-includes/SimplePie/src/XML/Declaration/?C=M;O=A" "Mozilla/5.0 AppleWebKit/537.36 (KHTML, like Gecko; compatible; GPTBot/1.3; +https://openai.com/gptbot)"
74.7.242.21 - - [27/Mar/2026:15:58:53 -0400] "GET /wp-includes/SimplePie/src/XML/Declaration/?C=S;O=A HTTP/2.0" 200 915 "https://wpadmin.srindustries.net.in/wp-includes/SimplePie/src/XML/Declaration/" "Mozilla/5.0 AppleWebKit/537.36 (KHTML, like Gecko; compatible; GPTBot/1.3; +https://openai.com/gptbot)"
74.7.242.21 - - [27/Mar/2026:15:58:55 -0400] "GET /wp-json/oembed/1.0/embed?format=xml&url=https%3A%2F%2Fwpadmin.srindustries.net.in%2Fmy-works%2Fivrcl-unity-jv-thane-bmc%2F HTTP/2.0" 404 355 "https://wpadmin.srindustries.net.in/?p=1089" "Mozilla/5.0 AppleWebKit/537.36 (KHTML, like Gecko; compatible; GPTBot/1.3; +https://openai.com/gptbot)"
74.7.242.21 - - [27/Mar/2026:15:58:55 -0400] "GET /wp-includes/SimplePie/src/XML/Declaration/?C=M;O=D HTTP/2.0" 200 915 "https://wpadmin.srindustries.net.in/wp-includes/SimplePie/src/XML/Declaration/?C=M;O=A" "Mozilla/5.0 AppleWebKit/537.36 (KHTML, like Gecko; compatible; GPTBot/1.3; +https://openai.com/gptbot)"
74.7.242.21 - - [27/Mar/2026:15:58:56 -0400] "GET /wp-includes/SimplePie/src/XML/Declaration/?C=D;O=D HTTP/2.0" 200 915 "https://wpadmin.srindustries.net.in/wp-includes/SimplePie/src/XML/Declaration/?C=D;O=A" "Mozilla/5.0 AppleWebKit/537.36 (KHTML, like Gecko; compatible; GPTBot/1.3; +https://openai.com/gptbot)"
74.7.242.21 - - [27/Mar/2026:15:58:59 -0400] "GET /wp-includes/SimplePie/src/XML/Declaration/?C=S;O=D HTTP/2.0" 200 915 "https://wpadmin.srindustries.net.in/wp-includes/SimplePie/src/XML/Declaration/?C=S;O=A" "Mozilla/5.0 AppleWebKit/537.36 (KHTML, like Gecko; compatible; GPTBot/1.3; +https://openai.com/gptbot)"
74.7.242.21 - - [27/Mar/2026:15:59:01 -0400] "GET /wp-includes/Requests/src/Exception/Http/?C=N;O=D HTTP/2.0" 200 6715 "https://wpadmin.srindustries.net.in/wp-includes/Requests/src/Exception/Http/" "Mozilla/5.0 AppleWebKit/537.36 (KHTML, like Gecko; compatible; GPTBot/1.3; +https://openai.com/gptbot)"
74.7.242.21 - - [27/Mar/2026:16:02:10 -0400] "GET /wp-includes/Requests/src/Exception/Http/Status416.php HTTP/2.0" 500 0 "https://wpadmin.srindustries.net.in/wp-includes/Requests/src/Exception/Http/?C=N;O=D" "Mozilla/5.0 AppleWebKit/537.36 (KHTML, like Gecko; compatible; GPTBot/1.3; +https://openai.com/gptbot)"
74.7.242.21 - - [27/Mar/2026:16:03:15 -0400] "GET /wp-includes/Requests/src/Exception/Http/Status505.php HTTP/2.0" 500 0 "https://wpadmin.srindustries.net.in/wp-includes/Requests/src/Exception/Http/?C=N;O=D" "Mozilla/5.0 AppleWebKit/537.36 (KHTML, like Gecko; compatible; GPTBot/1.3; +https://openai.com/gptbot)"
74.7.230.39 - - [27/Mar/2026:16:03:15 -0400] "GET /robots.txt HTTP/2.0" 404 355 "-" "Mozilla/5.0 (Macintosh; Intel Mac OS X 10_15_7) AppleWebKit/537.36 (KHTML, like Gecko) Chrome/131.0.0.0 Safari/537.36; compatible; OAI-SearchBot/1.3; robots.txt; +https://openai.com/searchbot"
74.7.242.21 - - [27/Mar/2026:16:04:21 -0400] "GET /wp-includes/Requests/src/Exception/Http/Status411.php HTTP/2.0" 500 0 "https://wpadmin.srindustries.net.in/wp-includes/Requests/src/Exception/Http/?C=N;O=D" "Mozilla/5.0 AppleWebKit/537.36 (KHTML, like Gecko; compatible; GPTBot/1.3; +https://openai.com/gptbot)"
74.7.242.21 - - [27/Mar/2026:16:05:26 -0400] "GET /wp-includes/Requests/src/Exception/Http/Status414.php HTTP/2.0" 500 0 "https://wpadmin.srindustries.net.in/wp-includes/Requests/src/Exception/Http/?C=N;O=D" "Mozilla/5.0 AppleWebKit/537.36 (KHTML, like Gecko; compatible; GPTBot/1.3; +https://openai.com/gptbot)"
74.7.242.21 - - [27/Mar/2026:16:06:29 -0400] "GET /wp-includes/Requests/src/Exception/Http/Status404.php HTTP/2.0" 500 0 "https://wpadmin.srindustries.net.in/wp-includes/Requests/src/Exception/Http/?C=N;O=D" "Mozilla/5.0 AppleWebKit/537.36 (KHTML, like Gecko; compatible; GPTBot/1.3; +https://openai.com/gptbot)"
74.7.242.21 - - [27/Mar/2026:16:07:32 -0400] "GET /wp-includes/Requests/src/Exception/Http/Status511.php HTTP/2.0" 500 0 "https://wpadmin.srindustries.net.in/wp-includes/Requests/src/Exception/Http/?C=N;O=D" "Mozilla/5.0 AppleWebKit/537.36 (KHTML, like Gecko; compatible; GPTBot/1.3; +https://openai.com/gptbot)"
74.7.242.21 - - [27/Mar/2026:16:08:36 -0400] "GET /wp-includes/Requests/src/Exception/Http/Status400.php HTTP/2.0" 500 0 "https://wpadmin.srindustries.net.in/wp-includes/Requests/src/Exception/Http/?C=N;O=D" "Mozilla/5.0 AppleWebKit/537.36 (KHTML, like Gecko; compatible; GPTBot/1.3; +https://openai.com/gptbot)"
74.7.230.39 - - [27/Mar/2026:16:08:36 -0400] "GET /robots.txt HTTP/2.0" 404 355 "-" "Mozilla/5.0 (Macintosh; Intel Mac OS X 10_15_7) AppleWebKit/537.36 (KHTML, like Gecko) Chrome/131.0.0.0 Safari/537.36; compatible; OAI-SearchBot/1.3; robots.txt; +https://openai.com/searchbot"
74.7.242.21 - - [27/Mar/2026:16:09:37 -0400] "GET /wp-includes/Requests/src/Exception/Http/Status500.php HTTP/2.0" 500 0 "https://wpadmin.srindustries.net.in/wp-includes/Requests/src/Exception/Http/?C=N;O=D" "Mozilla/5.0 AppleWebKit/537.36 (KHTML, like Gecko; compatible; GPTBot/1.3; +https://openai.com/gptbot)"
74.7.242.21 - - [27/Mar/2026:16:13:48 -0400] "GET /wp-includes/Requests/src/Exception/Http/Status406.php HTTP/2.0" 500 0 "https://wpadmin.srindustries.net.in/wp-includes/Requests/src/Exception/Http/?C=N;O=D" "Mozilla/5.0 AppleWebKit/537.36 (KHTML, like Gecko; compatible; GPTBot/1.3; +https://openai.com/gptbot)"
74.7.230.39 - - [27/Mar/2026:16:13:49 -0400] "GET /robots.txt HTTP/2.0" 404 355 "-" "Mozilla/5.0 (Macintosh; Intel Mac OS X 10_15_7) AppleWebKit/537.36 (KHTML, like Gecko) Chrome/131.0.0.0 Safari/537.36; compatible; OAI-SearchBot/1.3; robots.txt; +https://openai.com/searchbot"
74.7.242.21 - - [27/Mar/2026:16:14:48 -0400] "GET /wp-includes/Requests/src/Exception/Http/Status413.php HTTP/2.0" 500 0 "https://wpadmin.srindustries.net.in/wp-includes/Requests/src/Exception/Http/?C=N;O=D" "Mozilla/5.0 AppleWebKit/537.36 (KHTML, like Gecko; compatible; GPTBot/1.3; +https://openai.com/gptbot)"
74.7.242.21 - - [27/Mar/2026:16:15:52 -0400] "GET /wp-includes/Requests/src/Exception/Http/Status417.php HTTP/2.0" 500 0 "https://wpadmin.srindustries.net.in/wp-includes/Requests/src/Exception/Http/?C=N;O=D" "Mozilla/5.0 AppleWebKit/537.36 (KHTML, like Gecko; compatible; GPTBot/1.3; +https://openai.com/gptbot)"
74.7.242.21 - - [27/Mar/2026:16:18:03 -0400] "GET /wp-includes/Requests/src/Exception/Http/Status407.php HTTP/2.0" 500 0 "https://wpadmin.srindustries.net.in/wp-includes/Requests/src/Exception/Http/?C=N;O=D" "Mozilla/5.0 AppleWebKit/537.36 (KHTML, like Gecko; compatible; GPTBot/1.3; +https://openai.com/gptbot)"
74.7.242.21 - - [27/Mar/2026:16:19:03 -0400] "GET /wp-includes/Requests/src/Exception/Http/Status403.php HTTP/2.0" 500 0 "https://wpadmin.srindustries.net.in/wp-includes/Requests/src/Exception/Http/?C=N;O=D" "Mozilla/5.0 AppleWebKit/537.36 (KHTML, like Gecko; compatible; GPTBot/1.3; +https://openai.com/gptbot)"
74.7.230.39 - - [27/Mar/2026:16:19:03 -0400] "GET /robots.txt HTTP/2.0" 404 355 "-" "Mozilla/5.0 (Macintosh; Intel Mac OS X 10_15_7) AppleWebKit/537.36 (KHTML, like Gecko) Chrome/131.0.0.0 Safari/537.36; compatible; OAI-SearchBot/1.3; robots.txt; +https://openai.com/searchbot"
74.7.242.21 - - [27/Mar/2026:16:20:03 -0400] "GET /wp-includes/Requests/src/Exception/Http/Status418.php HTTP/2.0" 500 0 "https://wpadmin.srindustries.net.in/wp-includes/Requests/src/Exception/Http/?C=N;O=D" "Mozilla/5.0 AppleWebKit/537.36 (KHTML, like Gecko; compatible; GPTBot/1.3; +https://openai.com/gptbot)"
74.7.242.21 - - [27/Mar/2026:16:21:08 -0400] "GET /wp-includes/Requests/src/Exception/Http/Status304.php HTTP/2.0" 500 0 "https://wpadmin.srindustries.net.in/wp-includes/Requests/src/Exception/Http/?C=N;O=D" "Mozilla/5.0 AppleWebKit/537.36 (KHTML, like Gecko; compatible; GPTBot/1.3; +https://openai.com/gptbot)"
74.7.242.21 - - [27/Mar/2026:16:24:14 -0400] "GET /wp-includes/Requests/src/Exception/Http/Status502.php HTTP/2.0" 500 0 "https://wpadmin.srindustries.net.in/wp-includes/Requests/src/Exception/Http/?C=N;O=D" "Mozilla/5.0 AppleWebKit/537.36 (KHTML, like Gecko; compatible; GPTBot/1.3; +https://openai.com/gptbot)"
74.7.230.39 - - [27/Mar/2026:16:25:17 -0400] "GET /robots.txt HTTP/2.0" 404 355 "-" "Mozilla/5.0 (Macintosh; Intel Mac OS X 10_15_7) AppleWebKit/537.36 (KHTML, like Gecko) Chrome/131.0.0.0 Safari/537.36; compatible; OAI-SearchBot/1.3; robots.txt; +https://openai.com/searchbot"
74.7.242.21 - - [27/Mar/2026:16:28:21 -0400] "GET /wp-includes/Requests/src/Exception/Http/Status410.php HTTP/2.0" 500 0 "https://wpadmin.srindustries.net.in/wp-includes/Requests/src/Exception/Http/?C=N;O=D" "Mozilla/5.0 AppleWebKit/537.36 (KHTML, like Gecko; compatible; GPTBot/1.3; +https://openai.com/gptbot)"
74.7.242.21 - - [27/Mar/2026:16:29:25 -0400] "GET /wp-includes/Requests/src/Exception/Http/Status305.php HTTP/2.0" 500 0 "https://wpadmin.srindustries.net.in/wp-includes/Requests/src/Exception/Http/?C=N;O=D" "Mozilla/5.0 AppleWebKit/537.36 (KHTML, like Gecko; compatible; GPTBot/1.3; +https://openai.com/gptbot)"
74.7.242.21 - - [27/Mar/2026:16:30:27 -0400] "GET /wp-includes/Requests/src/Exception/Http/Status503.php HTTP/2.0" 500 0 "https://wpadmin.srindustries.net.in/wp-includes/Requests/src/Exception/Http/?C=N;O=D" "Mozilla/5.0 AppleWebKit/537.36 (KHTML, like Gecko; compatible; GPTBot/1.3; +https://openai.com/gptbot)"
74.7.230.39 - - [27/Mar/2026:16:30:30 -0400] "GET /robots.txt HTTP/2.0" 404 355 "-" "Mozilla/5.0 (Macintosh; Intel Mac OS X 10_15_7) AppleWebKit/537.36 (KHTML, like Gecko) Chrome/131.0.0.0 Safari/537.36; compatible; OAI-SearchBot/1.3; robots.txt; +https://openai.com/searchbot"
74.7.242.21 - - [27/Mar/2026:16:32:33 -0400] "GET /wp-includes/Requests/src/Exception/Http/Status402.php HTTP/2.0" 500 0 "https://wpadmin.srindustries.net.in/wp-includes/Requests/src/Exception/Http/?C=N;O=D" "Mozilla/5.0 AppleWebKit/537.36 (KHTML, like Gecko; compatible; GPTBot/1.3; +https://openai.com/gptbot)"
74.7.242.21 - - [27/Mar/2026:16:35:39 -0400] "GET /wp-includes/Requests/src/Exception/Http/Status306.php HTTP/2.0" 500 0 "https://wpadmin.srindustries.net.in/wp-includes/Requests/src/Exception/Http/?C=N;O=D" "Mozilla/5.0 AppleWebKit/537.36 (KHTML, like Gecko; compatible; GPTBot/1.3; +https://openai.com/gptbot)"
74.7.242.21 - - [27/Mar/2026:16:40:57 -0400] "GET /wp-includes/Requests/src/Exception/Http/Status401.php HTTP/2.0" 500 0 "https://wpadmin.srindustries.net.in/wp-includes/Requests/src/Exception/Http/?C=N;O=D" "Mozilla/5.0 AppleWebKit/537.36 (KHTML, like Gecko; compatible; GPTBot/1.3; +https://openai.com/gptbot)"
74.7.242.21 - - [27/Mar/2026:16:41:59 -0400] "GET /wp-includes/Requests/src/Exception/Http/Status412.php HTTP/2.0" 500 0 "https://wpadmin.srindustries.net.in/wp-includes/Requests/src/Exception/Http/?C=N;O=D" "Mozilla/5.0 AppleWebKit/537.36 (KHTML, like Gecko; compatible; GPTBot/1.3; +https://openai.com/gptbot)"
74.7.230.39 - - [27/Mar/2026:16:43:02 -0400] "GET /robots.txt HTTP/2.0" 404 355 "-" "Mozilla/5.0 (Macintosh; Intel Mac OS X 10_15_7) AppleWebKit/537.36 (KHTML, like Gecko) Chrome/131.0.0.0 Safari/537.36; compatible; OAI-SearchBot/1.3; robots.txt; +https://openai.com/searchbot"
74.7.242.21 - - [27/Mar/2026:16:44:03 -0400] "GET /wp-includes/Requests/src/Exception/Http/Status504.php HTTP/2.0" 500 0 "https://wpadmin.srindustries.net.in/wp-includes/Requests/src/Exception/Http/?C=N;O=D" "Mozilla/5.0 AppleWebKit/537.36 (KHTML, like Gecko; compatible; GPTBot/1.3; +https://openai.com/gptbot)"
74.7.242.21 - - [27/Mar/2026:16:47:11 -0400] "GET /wp-includes/Requests/src/Exception/Http/Status429.php HTTP/2.0" 500 0 "https://wpadmin.srindustries.net.in/wp-includes/Requests/src/Exception/Http/?C=N;O=D" "Mozilla/5.0 AppleWebKit/537.36 (KHTML, like Gecko; compatible; GPTBot/1.3; +https://openai.com/gptbot)"
74.7.242.21 - - [27/Mar/2026:16:48:16 -0400] "GET /wp-includes/Requests/src/Exception/Http/Status431.php HTTP/2.0" 500 0 "https://wpadmin.srindustries.net.in/wp-includes/Requests/src/Exception/Http/?C=N;O=D" "Mozilla/5.0 AppleWebKit/537.36 (KHTML, like Gecko; compatible; GPTBot/1.3; +https://openai.com/gptbot)"
74.7.230.39 - - [27/Mar/2026:16:49:17 -0400] "GET /robots.txt HTTP/2.0" 404 355 "-" "Mozilla/5.0 (Macintosh; Intel Mac OS X 10_15_7) AppleWebKit/537.36 (KHTML, like Gecko) Chrome/131.0.0.0 Safari/537.36; compatible; OAI-SearchBot/1.3; robots.txt; +https://openai.com/searchbot"
74.7.242.21 - - [27/Mar/2026:16:51:21 -0400] "GET /wp-includes/Requests/src/Exception/Http/Status501.php HTTP/2.0" 500 0 "https://wpadmin.srindustries.net.in/wp-includes/Requests/src/Exception/Http/?C=N;O=D" "Mozilla/5.0 AppleWebKit/537.36 (KHTML, like Gecko; compatible; GPTBot/1.3; +https://openai.com/gptbot)"
74.7.242.21 - - [27/Mar/2026:16:53:26 -0400] "GET /wp-includes/Requests/src/Exception/Http/Status405.php HTTP/2.0" 500 0 "https://wpadmin.srindustries.net.in/wp-includes/Requests/src/Exception/Http/?C=N;O=D" "Mozilla/5.0 AppleWebKit/537.36 (KHTML, like Gecko; compatible; GPTBot/1.3; +https://openai.com/gptbot)"
74.7.230.39 - - [27/Mar/2026:16:54:28 -0400] "GET /robots.txt HTTP/2.0" 404 355 "-" "Mozilla/5.0 (Macintosh; Intel Mac OS X 10_15_7) AppleWebKit/537.36 (KHTML, like Gecko) Chrome/131.0.0.0 Safari/537.36; compatible; OAI-SearchBot/1.3; robots.txt; +https://openai.com/searchbot"
74.7.242.21 - - [27/Mar/2026:16:55:30 -0400] "GET /wp-includes/Requests/src/Exception/Http/Status415.php HTTP/2.0" 500 0 "https://wpadmin.srindustries.net.in/wp-includes/Requests/src/Exception/Http/?C=N;O=D" "Mozilla/5.0 AppleWebKit/537.36 (KHTML, like Gecko; compatible; GPTBot/1.3; +https://openai.com/gptbot)"
74.7.242.21 - - [27/Mar/2026:16:57:38 -0400] "GET /wp-includes/Requests/src/Exception/Http/Status408.php HTTP/2.0" 500 0 "https://wpadmin.srindustries.net.in/wp-includes/Requests/src/Exception/Http/?C=N;O=D" "Mozilla/5.0 AppleWebKit/537.36 (KHTML, like Gecko; compatible; GPTBot/1.3; +https://openai.com/gptbot)"
44.200.47.252 - - [27/Mar/2026:16:57:57 -0400] "GET /wp-json/wp/v2/pages/578 HTTP/1.1" 404 355 "-" "node-fetch/1.0 (+https://github.com/bitinn/node-fetch)"
74.7.242.21 - - [27/Mar/2026:16:59:39 -0400] "GET /wp-includes/Requests/src/Exception/Http/Status428.php HTTP/2.0" 500 0 "https://wpadmin.srindustries.net.in/wp-includes/Requests/src/Exception/Http/?C=N;O=D" "Mozilla/5.0 AppleWebKit/537.36 (KHTML, like Gecko; compatible; GPTBot/1.3; +https://openai.com/gptbot)"
74.7.242.21 - - [27/Mar/2026:17:00:42 -0400] "GET /wp-includes/Requests/src/Exception/Http/Status409.php HTTP/2.0" 500 0 "https://wpadmin.srindustries.net.in/wp-includes/Requests/src/Exception/Http/?C=N;O=D" "Mozilla/5.0 AppleWebKit/537.36 (KHTML, like Gecko; compatible; GPTBot/1.3; +https://openai.com/gptbot)"
74.7.242.21 - - [27/Mar/2026:17:01:46 -0400] "GET /wp-includes/Requests/src/Exception/Http/StatusUnknown.php HTTP/2.0" 500 0 "https://wpadmin.srindustries.net.in/wp-includes/Requests/src/Exception/Http/?C=N;O=D" "Mozilla/5.0 AppleWebKit/537.36 (KHTML, like Gecko; compatible; GPTBot/1.3; +https://openai.com/gptbot)"
74.7.242.21 - - [27/Mar/2026:17:03:53 -0400] "GET /wp-includes/Requests/src/Exception/Http/?C=N;O=A HTTP/2.0" 200 6715 "https://wpadmin.srindustries.net.in/wp-includes/Requests/src/Exception/Http/?C=N;O=D" "Mozilla/5.0 AppleWebKit/537.36 (KHTML, like Gecko; compatible; GPTBot/1.3; +https://openai.com/gptbot)"
74.7.230.39 - - [27/Mar/2026:17:03:58 -0400] "GET /robots.txt HTTP/2.0" 404 355 "-" "Mozilla/5.0 (Macintosh; Intel Mac OS X 10_15_7) AppleWebKit/537.36 (KHTML, like Gecko) Chrome/131.0.0.0 Safari/537.36; compatible; OAI-SearchBot/1.3; robots.txt; +https://openai.com/searchbot"
74.7.242.21 - - [27/Mar/2026:17:04:59 -0400] "GET /wp-includes/Requests/src/Exception/Http/?C=D;O=A HTTP/2.0" 200 6715 "https://wpadmin.srindustries.net.in/wp-includes/Requests/src/Exception/Http/" "Mozilla/5.0 AppleWebKit/537.36 (KHTML, like Gecko; compatible; GPTBot/1.3; +https://openai.com/gptbot)"
74.7.242.21 - - [27/Mar/2026:17:05:57 -0400] "GET /wp-includes/Requests/src/Exception/Http/?C=M;O=A HTTP/2.0" 200 6715 "https://wpadmin.srindustries.net.in/wp-includes/Requests/src/Exception/Http/" "Mozilla/5.0 AppleWebKit/537.36 (KHTML, like Gecko; compatible; GPTBot/1.3; +https://openai.com/gptbot)"
74.7.242.21 - - [27/Mar/2026:17:08:17 -0400] "GET /wp-includes/Requests/src/Exception/Http/?C=S;O=A HTTP/2.0" 200 6715 "https://wpadmin.srindustries.net.in/wp-includes/Requests/src/Exception/Http/" "Mozilla/5.0 AppleWebKit/537.36 (KHTML, like Gecko; compatible; GPTBot/1.3; +https://openai.com/gptbot)"
74.7.242.21 - - [27/Mar/2026:17:11:12 -0400] "GET /wp-includes/Requests/src/Exception/Http/?C=D;O=D HTTP/2.0" 200 6715 "https://wpadmin.srindustries.net.in/wp-includes/Requests/src/Exception/Http/?C=D;O=A" "Mozilla/5.0 AppleWebKit/537.36 (KHTML, like Gecko; compatible; GPTBot/1.3; +https://openai.com/gptbot)"
74.7.242.21 - - [27/Mar/2026:17:11:34 -0400] "GET /wp-includes/js/crop/cropper.css HTTP/2.0" 404 355 "https://wpadmin.srindustries.net.in/wp-includes/js/crop/" "Mozilla/5.0 AppleWebKit/537.36 (KHTML, like Gecko; compatible; GPTBot/1.3; +https://openai.com/gptbot)"
74.7.230.39 - - [27/Mar/2026:17:11:42 -0400] "GET /robots.txt HTTP/2.0" 404 355 "-" "Mozilla/5.0 (Macintosh; Intel Mac OS X 10_15_7) AppleWebKit/537.36 (KHTML, like Gecko) Chrome/131.0.0.0 Safari/537.36; compatible; OAI-SearchBot/1.3; robots.txt; +https://openai.com/searchbot"
74.7.242.21 - - [27/Mar/2026:17:11:53 -0400] "GET /wp-includes/Requests/src/Exception/Http/?C=M;O=D HTTP/2.0" 200 6715 "https://wpadmin.srindustries.net.in/wp-includes/Requests/src/Exception/Http/?C=M;O=A" "Mozilla/5.0 AppleWebKit/537.36 (KHTML, like Gecko; compatible; GPTBot/1.3; +https://openai.com/gptbot)"
74.7.242.21 - - [27/Mar/2026:17:12:12 -0400] "GET /wp-json/oembed/1.0/embed?format=xml&url=https%3A%2F%2Fwpadmin.srindustries.net.in%2Fmy-works%2Fpai-kane-group-goa%2F HTTP/2.0" 404 355 "https://wpadmin.srindustries.net.in/my-works/pai-kane-group-goa/" "Mozilla/5.0 AppleWebKit/537.36 (KHTML, like Gecko; compatible; GPTBot/1.3; +https://openai.com/gptbot)"
74.7.242.21 - - [27/Mar/2026:17:12:49 -0400] "GET /wp-includes/Requests/src/Exception/Http/?C=S;O=D HTTP/2.0" 200 6715 "https://wpadmin.srindustries.net.in/wp-includes/Requests/src/Exception/Http/?C=S;O=A" "Mozilla/5.0 AppleWebKit/537.36 (KHTML, like Gecko; compatible; GPTBot/1.3; +https://openai.com/gptbot)"
74.7.242.21 - - [27/Mar/2026:17:14:04 -0400] "GET /wp-includes/sodium_compat/src/Core/ChaCha20/?C=S;O=A HTTP/2.0" 200 1100 "https://wpadmin.srindustries.net.in/wp-includes/sodium_compat/src/Core/ChaCha20/" "Mozilla/5.0 AppleWebKit/537.36 (KHTML, like Gecko; compatible; GPTBot/1.3; +https://openai.com/gptbot)"
74.7.242.21 - - [27/Mar/2026:17:14:12 -0400] "GET /wp-includes/sodium_compat/src/Core/ChaCha20/?C=D;O=A HTTP/2.0" 200 1100 "https://wpadmin.srindustries.net.in/wp-includes/sodium_compat/src/Core/ChaCha20/" "Mozilla/5.0 AppleWebKit/537.36 (KHTML, like Gecko; compatible; GPTBot/1.3; +https://openai.com/gptbot)"
74.7.242.21 - - [27/Mar/2026:17:14:27 -0400] "GET /wp-includes/sodium_compat/src/Core/ChaCha20/?C=N;O=D HTTP/2.0" 200 0 "https://wpadmin.srindustries.net.in/wp-includes/sodium_compat/src/Core/ChaCha20/" "Mozilla/5.0 AppleWebKit/537.36 (KHTML, like Gecko; compatible; GPTBot/1.3; +https://openai.com/gptbot)"
74.7.242.21 - - [27/Mar/2026:17:17:50 -0400] "GET /wp-includes/sodium_compat/src/Core/ChaCha20/?C=M;O=A HTTP/2.0" 200 1100 "https://wpadmin.srindustries.net.in/wp-includes/sodium_compat/src/Core/ChaCha20/" "Mozilla/5.0 AppleWebKit/537.36 (KHTML, like Gecko; compatible; GPTBot/1.3; +https://openai.com/gptbot)"
74.7.230.39 - - [27/Mar/2026:17:17:51 -0400] "GET /robots.txt HTTP/2.0" 404 355 "-" "Mozilla/5.0 (Macintosh; Intel Mac OS X 10_15_7) AppleWebKit/537.36 (KHTML, like Gecko) Chrome/131.0.0.0 Safari/537.36; compatible; OAI-SearchBot/1.3; robots.txt; +https://openai.com/searchbot"
74.7.242.21 - - [27/Mar/2026:17:18:42 -0400] "GET /wp-includes/js/dist/script-modules/block-editor/?C=S;O=A HTTP/2.0" 200 928 "https://wpadmin.srindustries.net.in/wp-includes/js/dist/script-modules/block-editor/" "Mozilla/5.0 AppleWebKit/537.36 (KHTML, like Gecko; compatible; GPTBot/1.3; +https://openai.com/gptbot)"
74.7.242.21 - - [27/Mar/2026:17:20:10 -0400] "GET /wp-includes/sodium_compat/src/Core/ChaCha20/Ctx.php HTTP/2.0" 500 0 "https://wpadmin.srindustries.net.in/wp-includes/sodium_compat/src/Core/ChaCha20/?C=S;O=A" "Mozilla/5.0 AppleWebKit/537.36 (KHTML, like Gecko; compatible; GPTBot/1.3; +https://openai.com/gptbot)"
74.7.242.21 - - [27/Mar/2026:17:20:47 -0400] "GET /wp-includes/sodium_compat/src/Core/ChaCha20/IetfCtx.php HTTP/2.0" 500 0 "https://wpadmin.srindustries.net.in/wp-includes/sodium_compat/src/Core/ChaCha20/?C=S;O=A" "Mozilla/5.0 AppleWebKit/537.36 (KHTML, like Gecko; compatible; GPTBot/1.3; +https://openai.com/gptbot)"
74.7.242.21 - - [27/Mar/2026:17:21:50 -0400] "GET /wp-includes/sodium_compat/src/Core/ChaCha20/?C=N;O=A HTTP/2.0" 200 1100 "https://wpadmin.srindustries.net.in/wp-includes/sodium_compat/src/Core/ChaCha20/?C=S;O=A" "Mozilla/5.0 AppleWebKit/537.36 (KHTML, like Gecko; compatible; GPTBot/1.3; +https://openai.com/gptbot)"
74.7.242.21 - - [27/Mar/2026:17:22:54 -0400] "GET /wp-includes/sodium_compat/src/Core/ChaCha20/?C=S;O=D HTTP/2.0" 200 1100 "https://wpadmin.srindustries.net.in/wp-includes/sodium_compat/src/Core/ChaCha20/?C=S;O=A" "Mozilla/5.0 AppleWebKit/537.36 (KHTML, like Gecko; compatible; GPTBot/1.3; +https://openai.com/gptbot)"
74.7.230.39 - - [27/Mar/2026:17:22:55 -0400] "GET /robots.txt HTTP/2.0" 404 355 "-" "Mozilla/5.0 (Macintosh; Intel Mac OS X 10_15_7) AppleWebKit/537.36 (KHTML, like Gecko) Chrome/131.0.0.0 Safari/537.36; compatible; OAI-SearchBot/1.3; robots.txt; +https://openai.com/searchbot"
74.7.242.21 - - [27/Mar/2026:17:23:48 -0400] "GET /wp-includes/sodium_compat/src/Core/ChaCha20/?C=D;O=D HTTP/2.0" 200 1100 "https://wpadmin.srindustries.net.in/wp-includes/sodium_compat/src/Core/ChaCha20/?C=D;O=A" "Mozilla/5.0 AppleWebKit/537.36 (KHTML, like Gecko; compatible; GPTBot/1.3; +https://openai.com/gptbot)"
74.7.242.21 - - [27/Mar/2026:17:24:40 -0400] "GET / HTTP/2.0" 200 1910 "-" "Mozilla/5.0 AppleWebKit/537.36 (KHTML, like Gecko; compatible; GPTBot/1.3; +https://openai.com/gptbot)"
74.7.242.21 - - [27/Mar/2026:17:26:48 -0400] "GET /wp-includes/js/dist/script-modules/block-editor/?C=M;O=A HTTP/2.0" 200 928 "https://wpadmin.srindustries.net.in/wp-includes/js/dist/script-modules/block-editor/" "Mozilla/5.0 AppleWebKit/537.36 (KHTML, like Gecko; compatible; GPTBot/1.3; +https://openai.com/gptbot)"
74.7.242.21 - - [27/Mar/2026:17:27:20 -0400] "GET /wp-includes/sodium_compat/src/Core/ChaCha20/?C=M;O=D HTTP/2.0" 200 1100 "https://wpadmin.srindustries.net.in/wp-includes/sodium_compat/src/Core/ChaCha20/?C=M;O=A" "Mozilla/5.0 AppleWebKit/537.36 (KHTML, like Gecko; compatible; GPTBot/1.3; +https://openai.com/gptbot)"
74.7.242.21 - - [27/Mar/2026:17:27:51 -0400] "GET /wp-includes/js/dist/script-modules/block-editor/?C=S;O=D HTTP/2.0" 200 928 "https://wpadmin.srindustries.net.in/wp-includes/js/dist/script-modules/block-editor/?C=S;O=A" "Mozilla/5.0 AppleWebKit/537.36 (KHTML, like Gecko; compatible; GPTBot/1.3; +https://openai.com/gptbot)"
74.7.242.21 - - [27/Mar/2026:17:28:18 -0400] "GET /wp-includes/js/dist/script-modules/block-editor/?C=N;O=A HTTP/2.0" 200 928 "https://wpadmin.srindustries.net.in/wp-includes/js/dist/script-modules/block-editor/?C=S;O=A" "Mozilla/5.0 AppleWebKit/537.36 (KHTML, like Gecko; compatible; GPTBot/1.3; +https://openai.com/gptbot)"
74.7.230.39 - - [27/Mar/2026:17:28:19 -0400] "GET /robots.txt HTTP/2.0" 404 355 "-" "Mozilla/5.0 (Macintosh; Intel Mac OS X 10_15_7) AppleWebKit/537.36 (KHTML, like Gecko) Chrome/131.0.0.0 Safari/537.36; compatible; OAI-SearchBot/1.3; robots.txt; +https://openai.com/searchbot"
74.7.242.21 - - [27/Mar/2026:17:29:25 -0400] "GET /wp-includes/js/dist/script-modules/block-editor/?C=N;O=D HTTP/2.0" 200 928 "https://wpadmin.srindustries.net.in/wp-includes/js/dist/script-modules/block-editor/" "Mozilla/5.0 AppleWebKit/537.36 (KHTML, like Gecko; compatible; GPTBot/1.3; +https://openai.com/gptbot)"
74.7.242.21 - - [27/Mar/2026:17:29:59 -0400] "GET /wp-content/ HTTP/2.0" 200 0 "https://wpadmin.srindustries.net.in/" "Mozilla/5.0 AppleWebKit/537.36 (KHTML, like Gecko; compatible; GPTBot/1.3; +https://openai.com/gptbot)"
74.7.242.21 - - [27/Mar/2026:17:30:14 -0400] "GET /wp-admin/ HTTP/2.0" 302 0 "https://wpadmin.srindustries.net.in/" "Mozilla/5.0 AppleWebKit/537.36 (KHTML, like Gecko; compatible; GPTBot/1.3; +https://openai.com/gptbot)"
74.7.242.21 - - [27/Mar/2026:17:30:14 -0400] "GET /wp-admin/setup-config.php HTTP/2.0" 404 16 "https://wpadmin.srindustries.net.in/wp-admin/" "Mozilla/5.0 AppleWebKit/537.36 (KHTML, like Gecko; compatible; GPTBot/1.3; +https://openai.com/gptbot)"
74.7.242.21 - - [27/Mar/2026:17:30:26 -0400] "GET /?C=D;O=A HTTP/2.0" 200 1910 "https://wpadmin.srindustries.net.in/" "Mozilla/5.0 AppleWebKit/537.36 (KHTML, like Gecko; compatible; GPTBot/1.3; +https://openai.com/gptbot)"
74.7.242.21 - - [27/Mar/2026:17:30:39 -0400] "GET /?C=M;O=A HTTP/2.0" 200 1910 "https://wpadmin.srindustries.net.in/" "Mozilla/5.0 AppleWebKit/537.36 (KHTML, like Gecko; compatible; GPTBot/1.3; +https://openai.com/gptbot)"
74.7.242.21 - - [27/Mar/2026:17:30:51 -0400] "GET /?C=N;O=D HTTP/2.0" 200 1910 "https://wpadmin.srindustries.net.in/" "Mozilla/5.0 AppleWebKit/537.36 (KHTML, like Gecko; compatible; GPTBot/1.3; +https://openai.com/gptbot)"
74.7.242.21 - - [27/Mar/2026:17:31:01 -0400] "GET /?C=S;O=A HTTP/2.0" 200 1910 "https://wpadmin.srindustries.net.in/" "Mozilla/5.0 AppleWebKit/537.36 (KHTML, like Gecko; compatible; GPTBot/1.3; +https://openai.com/gptbot)"
74.7.242.21 - - [27/Mar/2026:17:31:11 -0400] "GET /wp-load.php HTTP/2.0" 302 0 "https://wpadmin.srindustries.net.in/" "Mozilla/5.0 AppleWebKit/537.36 (KHTML, like Gecko; compatible; GPTBot/1.3; +https://openai.com/gptbot)"
74.7.242.21 - - [27/Mar/2026:17:31:11 -0400] "GET /wp-admin/setup-config.php HTTP/2.0" 404 16 "https://wpadmin.srindustries.net.in/wp-load.php" "Mozilla/5.0 AppleWebKit/537.36 (KHTML, like Gecko; compatible; GPTBot/1.3; +https://openai.com/gptbot)"
74.7.242.21 - - [27/Mar/2026:17:31:19 -0400] "GET /wp-cron.php HTTP/2.0" 200 0 "https://wpadmin.srindustries.net.in/" "Mozilla/5.0 AppleWebKit/537.36 (KHTML, like Gecko; compatible; GPTBot/1.3; +https://openai.com/gptbot)"
74.7.242.21 - - [27/Mar/2026:17:31:28 -0400] "GET /license.txt HTTP/2.0" 403 146 "https://wpadmin.srindustries.net.in/" "Mozilla/5.0 AppleWebKit/537.36 (KHTML, like Gecko; compatible; GPTBot/1.3; +https://openai.com/gptbot)"
74.7.242.21 - - [27/Mar/2026:17:31:35 -0400] "GET /cgi-bin/ HTTP/2.0" 403 358 "https://wpadmin.srindustries.net.in/" "Mozilla/5.0 AppleWebKit/537.36 (KHTML, like Gecko; compatible; GPTBot/1.3; +https://openai.com/gptbot)"
74.7.242.21 - - [27/Mar/2026:17:31:43 -0400] "GET /readme.html HTTP/2.0" 403 146 "https://wpadmin.srindustries.net.in/" "Mozilla/5.0 AppleWebKit/537.36 (KHTML, like Gecko; compatible; GPTBot/1.3; +https://openai.com/gptbot)"
74.7.242.21 - - [27/Mar/2026:17:31:59 -0400] "GET /wp-includes/js/dist/script-modules/block-editor/?C=M;O=D HTTP/2.0" 200 928 "https://wpadmin.srindustries.net.in/wp-includes/js/dist/script-modules/block-editor/?C=M;O=A" "Mozilla/5.0 AppleWebKit/537.36 (KHTML, like Gecko; compatible; GPTBot/1.3; +https://openai.com/gptbot)"
74.7.242.21 - - [27/Mar/2026:17:32:06 -0400] "GET /?C=D;O=D HTTP/2.0" 200 1910 "https://wpadmin.srindustries.net.in/?C=D;O=A" "Mozilla/5.0 AppleWebKit/537.36 (KHTML, like Gecko; compatible; GPTBot/1.3; +https://openai.com/gptbot)"
74.7.242.21 - - [27/Mar/2026:17:32:11 -0400] "GET /?C=M;O=D HTTP/2.0" 200 1910 "https://wpadmin.srindustries.net.in/?C=M;O=A" "Mozilla/5.0 AppleWebKit/537.36 (KHTML, like Gecko; compatible; GPTBot/1.3; +https://openai.com/gptbot)"
74.7.242.21 - - [27/Mar/2026:17:32:17 -0400] "GET /?C=N;O=A HTTP/2.0" 200 1910 "https://wpadmin.srindustries.net.in/?C=D;O=A" "Mozilla/5.0 AppleWebKit/537.36 (KHTML, like Gecko; compatible; GPTBot/1.3; +https://openai.com/gptbot)"
74.7.242.21 - - [27/Mar/2026:17:32:22 -0400] "GET /?C=S;O=D HTTP/2.0" 200 1910 "https://wpadmin.srindustries.net.in/?C=S;O=A" "Mozilla/5.0 AppleWebKit/537.36 (KHTML, like Gecko; compatible; GPTBot/1.3; +https://openai.com/gptbot)"
74.7.242.21 - - [27/Mar/2026:17:32:38 -0400] "GET /wp-includes/js/dist/script-modules/block-editor/?C=D;O=A HTTP/2.0" 200 928 "https://wpadmin.srindustries.net.in/wp-includes/js/dist/script-modules/block-editor/" "Mozilla/5.0 AppleWebKit/537.36 (KHTML, like Gecko; compatible; GPTBot/1.3; +https://openai.com/gptbot)"
74.7.242.21 - - [27/Mar/2026:17:32:41 -0400] "GET /wp-json/oembed/1.0/embed?format=xml&url=https%3A%2F%2Fwpadmin.srindustries.net.in%2Fmy-works%2Fvipul-engineering-tuem-goa%2F HTTP/2.0" 404 355 "https://wpadmin.srindustries.net.in/?p=1080" "Mozilla/5.0 AppleWebKit/537.36 (KHTML, like Gecko; compatible; GPTBot/1.3; +https://openai.com/gptbot)"
74.7.242.21 - - [27/Mar/2026:17:32:44 -0400] "GET /wp-login.php?action=confirm_admin_email&redirect_to=https://wpadmin.srindustries.net.in/wp-admin/&wp_lang=en_US HTTP/2.0" 404 16 "https://www.imaginative-emerald-chameleon.216-10-250-79.cpanel.site" "Mozilla/5.0 AppleWebKit/537.36 (KHTML, like Gecko; compatible; GPTBot/1.3; +https://openai.com/gptbot)"
74.7.242.21 - - [27/Mar/2026:17:32:46 -0400] "GET /wp-includes/js/dist/script-modules/block-library/query/?C=S;O=A HTTP/2.0" 200 1136 "https://wpadmin.srindustries.net.in/wp-includes/js/dist/script-modules/block-library/query/" "Mozilla/5.0 AppleWebKit/537.36 (KHTML, like Gecko; compatible; GPTBot/1.3; +https://openai.com/gptbot)"
74.7.242.21 - - [27/Mar/2026:17:32:54 -0400] "GET /wp-includes/js/dist/script-modules/block-library/image/?C=D;O=A HTTP/2.0" 200 1136 "https://wpadmin.srindustries.net.in/wp-includes/js/dist/script-modules/block-library/image/" "Mozilla/5.0 AppleWebKit/537.36 (KHTML, like Gecko; compatible; GPTBot/1.3; +https://openai.com/gptbot)"
74.7.242.21 - - [27/Mar/2026:17:33:02 -0400] "GET /wp-includes/js/dist/script-modules/block-editor/?C=D;O=D HTTP/2.0" 200 928 "https://wpadmin.srindustries.net.in/wp-includes/js/dist/script-modules/block-editor/?C=D;O=A" "Mozilla/5.0 AppleWebKit/537.36 (KHTML, like Gecko; compatible; GPTBot/1.3; +https://openai.com/gptbot)"
74.7.242.21 - - [27/Mar/2026:17:33:03 -0400] "GET /wp-includes/js/dist/script-modules/block-library/query/?C=M;O=A HTTP/2.0" 200 1136 "https://wpadmin.srindustries.net.in/wp-includes/js/dist/script-modules/block-library/query/" "Mozilla/5.0 AppleWebKit/537.36 (KHTML, like Gecko; compatible; GPTBot/1.3; +https://openai.com/gptbot)"
74.7.242.21 - - [27/Mar/2026:17:33:05 -0400] "GET /wp-includes/js/dist/script-modules/block-library/query/?C=N;O=A HTTP/2.0" 200 1136 "https://wpadmin.srindustries.net.in/wp-includes/js/dist/script-modules/block-library/query/?C=S;O=A" "Mozilla/5.0 AppleWebKit/537.36 (KHTML, like Gecko; compatible; GPTBot/1.3; +https://openai.com/gptbot)"
74.7.242.21 - - [27/Mar/2026:17:33:07 -0400] "GET /wp-includes/js/dist/script-modules/block-library/image/?C=N;O=A HTTP/2.0" 200 1136 "https://wpadmin.srindustries.net.in/wp-includes/js/dist/script-modules/block-library/image/?C=D;O=A" "Mozilla/5.0 AppleWebKit/537.36 (KHTML, like Gecko; compatible; GPTBot/1.3; +https://openai.com/gptbot)"
74.7.242.21 - - [27/Mar/2026:17:33:09 -0400] "GET /wp-includes/js/dist/script-modules/block-library/query/?C=S;O=D HTTP/2.0" 200 1136 "https://wpadmin.srindustries.net.in/wp-includes/js/dist/script-modules/block-library/query/?C=S;O=A" "Mozilla/5.0 AppleWebKit/537.36 (KHTML, like Gecko; compatible; GPTBot/1.3; +https://openai.com/gptbot)"
74.7.242.21 - - [27/Mar/2026:17:33:10 -0400] "GET /wp-includes/js/dist/script-modules/block-library/query/?C=N;O=D HTTP/2.0" 200 1136 "https://wpadmin.srindustries.net.in/wp-includes/js/dist/script-modules/block-library/query/" "Mozilla/5.0 AppleWebKit/537.36 (KHTML, like Gecko; compatible; GPTBot/1.3; +https://openai.com/gptbot)"
74.7.242.21 - - [27/Mar/2026:17:33:10 -0400] "GET /wp-includes/js/dist/script-modules/block-library/image/?C=N;O=D HTTP/2.0" 200 1136 "https://wpadmin.srindustries.net.in/wp-includes/js/dist/script-modules/block-library/image/" "Mozilla/5.0 AppleWebKit/537.36 (KHTML, like Gecko; compatible; GPTBot/1.3; +https://openai.com/gptbot)"
74.7.242.21 - - [27/Mar/2026:17:33:11 -0400] "GET /wp-includes/js/dist/script-modules/block-library/image/?C=S;O=A HTTP/2.0" 200 1136 "https://wpadmin.srindustries.net.in/wp-includes/js/dist/script-modules/block-library/image/" "Mozilla/5.0 AppleWebKit/537.36 (KHTML, like Gecko; compatible; GPTBot/1.3; +https://openai.com/gptbot)"
74.7.242.21 - - [27/Mar/2026:17:33:12 -0400] "GET /wp-includes/js/dist/script-modules/block-library/query/?C=M;O=D HTTP/2.0" 200 1136 "https://wpadmin.srindustries.net.in/wp-includes/js/dist/script-modules/block-library/query/?C=M;O=A" "Mozilla/5.0 AppleWebKit/537.36 (KHTML, like Gecko; compatible; GPTBot/1.3; +https://openai.com/gptbot)"
74.7.242.21 - - [27/Mar/2026:17:33:12 -0400] "GET /wp-includes/js/dist/script-modules/block-library/query/?C=D;O=A HTTP/2.0" 200 1136 "https://wpadmin.srindustries.net.in/wp-includes/js/dist/script-modules/block-library/query/" "Mozilla/5.0 AppleWebKit/537.36 (KHTML, like Gecko; compatible; GPTBot/1.3; +https://openai.com/gptbot)"
74.7.242.21 - - [27/Mar/2026:17:33:13 -0400] "GET /wp-includes/js/dist/script-modules/block-library/image/?C=M;O=A HTTP/2.0" 200 1136 "https://wpadmin.srindustries.net.in/wp-includes/js/dist/script-modules/block-library/image/" "Mozilla/5.0 AppleWebKit/537.36 (KHTML, like Gecko; compatible; GPTBot/1.3; +https://openai.com/gptbot)"
74.7.242.21 - - [27/Mar/2026:17:33:14 -0400] "GET /wp-includes/js/dist/script-modules/block-library/image/?C=D;O=D HTTP/2.0" 200 1136 "https://wpadmin.srindustries.net.in/wp-includes/js/dist/script-modules/block-library/image/?C=D;O=A" "Mozilla/5.0 AppleWebKit/537.36 (KHTML, like Gecko; compatible; GPTBot/1.3; +https://openai.com/gptbot)"
74.7.242.21 - - [27/Mar/2026:17:33:15 -0400] "GET /wp-json/oembed/1.0/embed?format=xml&url=https%3A%2F%2Fwpadmin.srindustries.net.in%2Fmy-works%2Fyashwantaro-bhonsale-pharmacysawantwadi-2%2F HTTP/2.0" 404 355 "https://wpadmin.srindustries.net.in/?p=1091" "Mozilla/5.0 AppleWebKit/537.36 (KHTML, like Gecko; compatible; GPTBot/1.3; +https://openai.com/gptbot)"
74.7.242.21 - - [27/Mar/2026:17:33:16 -0400] "GET /wp-includes/js/tinymce/themes/inlite/?C=N;O=D HTTP/2.0" 200 1083 "https://wpadmin.srindustries.net.in/wp-includes/js/tinymce/themes/inlite/" "Mozilla/5.0 AppleWebKit/537.36 (KHTML, like Gecko; compatible; GPTBot/1.3; +https://openai.com/gptbot)"
74.7.242.21 - - [27/Mar/2026:17:33:17 -0400] "GET /wp-includes/js/dist/script-modules/block-library/image/?C=S;O=D HTTP/2.0" 200 1136 "https://wpadmin.srindustries.net.in/wp-includes/js/dist/script-modules/block-library/image/?C=S;O=A" "Mozilla/5.0 AppleWebKit/537.36 (KHTML, like Gecko; compatible; GPTBot/1.3; +https://openai.com/gptbot)"
74.7.242.21 - - [27/Mar/2026:17:33:18 -0400] "GET /wp-includes/js/dist/script-modules/block-library/query/?C=D;O=D HTTP/2.0" 200 1136 "https://wpadmin.srindustries.net.in/wp-includes/js/dist/script-modules/block-library/query/?C=D;O=A" "Mozilla/5.0 AppleWebKit/537.36 (KHTML, like Gecko; compatible; GPTBot/1.3; +https://openai.com/gptbot)"
74.7.242.21 - - [27/Mar/2026:17:33:19 -0400] "GET /wp-includes/js/tinymce/themes/inlite/?C=S;O=A HTTP/2.0" 200 1083 "https://wpadmin.srindustries.net.in/wp-includes/js/tinymce/themes/inlite/" "Mozilla/5.0 AppleWebKit/537.36 (KHTML, like Gecko; compatible; GPTBot/1.3; +https://openai.com/gptbot)"
74.7.242.21 - - [27/Mar/2026:17:33:19 -0400] "GET /wp-includes/js/dist/script-modules/block-library/image/?C=M;O=D HTTP/2.0" 200 1136 "https://wpadmin.srindustries.net.in/wp-includes/js/dist/script-modules/block-library/image/?C=M;O=A" "Mozilla/5.0 AppleWebKit/537.36 (KHTML, like Gecko; compatible; GPTBot/1.3; +https://openai.com/gptbot)"
74.7.230.39 - - [27/Mar/2026:17:33:19 -0400] "GET /robots.txt HTTP/2.0" 404 355 "-" "Mozilla/5.0 (Macintosh; Intel Mac OS X 10_15_7) AppleWebKit/537.36 (KHTML, like Gecko) Chrome/131.0.0.0 Safari/537.36; compatible; OAI-SearchBot/1.3; robots.txt; +https://openai.com/searchbot"
74.7.242.21 - - [27/Mar/2026:17:33:20 -0400] "GET /wp-includes/js/tinymce/themes/inlite/?C=D;O=A HTTP/2.0" 200 1083 "https://wpadmin.srindustries.net.in/wp-includes/js/tinymce/themes/inlite/" "Mozilla/5.0 AppleWebKit/537.36 (KHTML, like Gecko; compatible; GPTBot/1.3; +https://openai.com/gptbot)"
